{"id":7374,"date":"2025-04-21T15:24:35","date_gmt":"2025-04-21T15:24:35","guid":{"rendered":"https:\/\/feiasofi.net\/?page_id=7374"},"modified":"2025-11-26T16:14:38","modified_gmt":"2025-11-26T16:14:38","slug":"sociedad-cubana-de-fisica","status":"publish","type":"page","link":"https:\/\/feiasofi.net\/?page_id=7374","title":{"rendered":"Sociedad Cubana de F\u00edsica"},"content":{"rendered":"\t\t<div data-elementor-type=\"wp-page\" data-elementor-id=\"7374\" class=\"elementor elementor-7374\">\n\t\t\t\t<div class=\"elementor-element elementor-element-59e8199 e-flex e-con-boxed e-con e-parent\" data-id=\"59e8199\" data-element_type=\"container\" data-e-type=\"container\">\n\t\t\t\t\t<div class=\"e-con-inner\">\n\t\t\t\t<div class=\"elementor-element elementor-element-660e7e7 elementor-widget elementor-widget-heading\" data-id=\"660e7e7\" data-element_type=\"widget\" data-e-type=\"widget\" data-widget_type=\"heading.default\">\n\t\t\t\t<div class=\"elementor-widget-container\">\n\t\t\t\t\t<h2 class=\"elementor-heading-title elementor-size-default\">Sociedad Cubana de F\u00edsica<\/h2>\t\t\t\t<\/div>\n\t\t\t\t<\/div>\n\t\t\t\t\t<\/div>\n\t\t\t\t<\/div>\n\t\t<div class=\"elementor-element elementor-element-edb22ba e-flex e-con-boxed e-con e-parent\" data-id=\"edb22ba\" data-element_type=\"container\" data-e-type=\"container\">\n\t\t\t\t\t<div class=\"e-con-inner\">\n\t\t<div class=\"elementor-element elementor-element-f094b8f e-con-full e-flex e-con e-child\" data-id=\"f094b8f\" data-element_type=\"container\" data-e-type=\"container\">\n\t\t\t\t<div class=\"elementor-element elementor-element-1eec190 elementor-widget elementor-widget-image\" data-id=\"1eec190\" data-element_type=\"widget\" data-e-type=\"widget\" data-widget_type=\"image.default\">\n\t\t\t\t<div class=\"elementor-widget-container\">\n\t\t\t\t\t\t\t\t\t\t\t\t\t\t\t<img decoding=\"async\" width=\"120\" height=\"60\" src=\"https:\/\/feiasofi.net\/wp-content\/uploads\/2025\/04\/l_flag_cuba.gif\" class=\"attachment-large size-large wp-image-7376\" alt=\"\" \/>\t\t\t\t\t\t\t\t\t\t\t\t\t\t\t<\/div>\n\t\t\t\t<\/div>\n\t\t\t\t<\/div>\n\t\t<div class=\"elementor-element elementor-element-68d28ee e-con-full e-flex e-con e-child\" data-id=\"68d28ee\" data-element_type=\"container\" data-e-type=\"container\">\n\t\t\t\t<div class=\"elementor-element elementor-element-7c53132 elementor-widget elementor-widget-text-editor\" data-id=\"7c53132\" data-element_type=\"widget\" data-e-type=\"widget\" data-widget_type=\"text-editor.default\">\n\t\t\t\t<div class=\"elementor-widget-container\">\n\t\t\t\t\t\t\t\t\t<p><strong>Presidente<\/strong>: Dr. Roberto Mullet<br \/><strong>email<\/strong>: roberto dot mulet at gmail dot com<span id=\"cloak278879083bc9829a298efe8a5ece7b3c\"><\/span><br \/><strong>Web<\/strong>:\u00a0<a href=\"http:\/\/scf.fisica.uh.cu\/\">Sociedad Cubana de F\u00edsica<\/a><\/p>\t\t\t\t\t\t\t\t<\/div>\n\t\t\t\t<\/div>\n\t\t\t\t<\/div>\n\t\t\t\t\t<\/div>\n\t\t\t\t<\/div>\n\t\t<div class=\"elementor-element elementor-element-863f052 e-flex e-con-boxed e-con e-parent\" data-id=\"863f052\" data-element_type=\"container\" data-e-type=\"container\">\n\t\t\t\t\t<div class=\"e-con-inner\">\n\t\t\t\t<div class=\"elementor-element elementor-element-1f9e067 elementor-widget elementor-widget-text-editor\" data-id=\"1f9e067\" data-element_type=\"widget\" data-e-type=\"widget\" data-widget_type=\"text-editor.default\">\n\t\t\t\t<div class=\"elementor-widget-container\">\n\t\t\t\t\t\t\t\t\t<p>La SCF es una Organizaci\u00f3n no gubernamental que agrupa a f\u00edsicos y otros profesionales que trabajan en la docencia y\/o la investigaci\u00f3n en el campo de la \u00a0F\u00edsica en Cuba. La Sociedad se fund\u00f3 el 31 de Octubre de 1978. Cada tres a\u00f1os se realiza el Congreso o Asamblea General de la Sociedad en la que se realizan elecciones \u00a0para renovar o ratificar total o parcialmente a la Junta directiva.\u00a0<\/p><p>Junta Directiva para el per\u00edodo 2014-2017 Presidente: Dra. Mar\u00eda S\u00e1nchez Colina (Email:\u00a0<span id=\"cloak7ea043f8651e65bf51aee301f6935b56\"><a href=\"mailto:maruchy@fisica.uh.cu\">maruchy@fisica.uh.cu<\/a><\/span>) Vicepresidente Primero y Editor de la Revista Cubana de F\u00edsica: Dr. Ernesto Altshuler \u00c1lvarez (Email:\u00a0<span id=\"cloak6cf4898aaad0b62f58ddc12558ff32c2\"><a href=\"mailto:ealtshuler@fisica.uh.cu\">ealtshuler@fisica.uh.cu<\/a><\/span>) Vicepresidente de Finanzas: Dra. Aurora P\u00e9rez Mart\u00ednez Vicepresidente Organizador: Prof. Tit. Juan G. Darias Gonz\u00e1lez Vicepresidente: Dr. Alejandro Cabo Montes de Oca Vicepresidente: Dr. Segifredo Gonz\u00e1lez Bello Vicepresidente: Dr. Luis M\u00e9ndez P\u00e9rez Suplente: Dr. Rolando C\u00e1rdenas Ort\u00edz<\/p><p>La sociedad est\u00e1 organizada en 9 secciones:<\/p><ul><li>F\u00edsica Te\u00f3rica.<\/li><li>F\u00edsica M\u00e9dica.<\/li><li>Ense\u00f1anza de la F\u00edsica.<\/li><li>\u00d3ptica y Espectroscopia.<\/li><li>Agrof\u00edsica.<\/li><li>F\u00edsica de la Tierra y el Espacio.<\/li><li>Materia Condensada.<\/li><li>F\u00edsica Nuclear, At\u00f3mica y Molecular.<\/li><li>Instrumentaci\u00f3n y Metrolog\u00eda.\u00a0<\/li><\/ul><p>La SCF y la Facultad de F\u00edsica de la Universidad de la Habana editan la Revista Cubana de F\u00edsica con car\u00e1cter semestral: http:\/\/rcf.fisica.uh.cu\/ y organizan anualmente una Olimpiada Universitaria de F\u00edsica (ONUF) con el objetivo de:<\/p><ul><li>Estimular el inter\u00e9s por la F\u00edsica entre los estudiantes universitarios.<\/li><li>Identificar estudiantes con habilidades especiales para estimularlos y apoyarlos en sus estudios.<\/li><li>Dar continuidad a la formaci\u00f3n de los estudiantes que han participado en Olimpiadas de F\u00edsica de nivel preuniversitario.<\/li><li>Fomentar el intercambio entre estudiantes y profesores de las diferentes universidades del pa\u00eds.<\/li><\/ul><p>La SCF otorga cada a\u00f1o el premio nacional de F\u00edsica Manuel F Gran para reconocer la actividad acad\u00e9mica y de investigaci\u00f3n que haya supuesto avances reconocidos en la ciencia, la docencia, la innovaci\u00f3n tecnol\u00f3gica y las aplicaciones de la F\u00edsica en el pa\u00eds. El Premio consiste en la entrega de un Diploma de Reconocimiento, una gratificaci\u00f3n en met\u00e1lico y el nombramiento como Miembro de M\u00e9rito de la Sociedad.\u00a0<\/p><p>Otros datos de inter\u00e9s:<\/p><p>El 10 de Enero se celebra el d\u00eda de la F\u00edsica en Cuba. La fecha se estableci\u00f3 en el a\u00f1o \u00a02013 en reconocimiento a que ese d\u00eda, de 1962, se cre\u00f3 en la Universidad de La Habana \u00a0la carrera de Licenciatura en F\u00edsica a ra\u00edz de la Reforma Universitaria llevada a cabo en el pa\u00eds ese a\u00f1o.<\/p><p><em><strong><a href=\"https:\/\/www.feiasofi.net\/images\/PDF\/Poster_SCF_FEIASOFI_2018.pdf\">Poster de la Sociedad Cubana de F\u00edsica (Reuni\u00f3n de La Habana, 2018)<\/a><\/strong><\/em><\/p>\t\t\t\t\t\t\t\t<\/div>\n\t\t\t\t<\/div>\n\t\t\t\t\t<\/div>\n\t\t\t\t<\/div>\n\t\t\t\t<\/div>\n\t\t","protected":false},"excerpt":{"rendered":"<p>Sociedad Cubana de F\u00edsica Presidente: Dr. Roberto Mulletemail: roberto dot mulet at gmail dot comWeb:\u00a0Sociedad Cubana de F\u00edsica La SCF es una Organizaci\u00f3n no gubernamental que agrupa a f\u00edsicos y otros profesionales que trabajan en la docencia y\/o la investigaci\u00f3n en el campo de la \u00a0F\u00edsica en Cuba. La Sociedad se fund\u00f3 el 31 de [&hellip;]<\/p>\n","protected":false},"author":1,"featured_media":0,"parent":0,"menu_order":0,"comment_status":"closed","ping_status":"closed","template":"elementor_header_footer","meta":{"footnotes":""},"class_list":["post-7374","page","type-page","status-publish","hentry"],"yoast_head":"<!-- This site is optimized with the Yoast SEO plugin v27.1.1 - https:\/\/yoast.com\/product\/yoast-seo-wordpress\/ -->\n<title>Sociedad Cubana de F\u00edsica - Feiasofi<\/title>\n<meta name=\"robots\" content=\"index, follow, max-snippet:-1, max-image-preview:large, max-video-preview:-1\" \/>\n<link rel=\"canonical\" href=\"https:\/\/feiasofi.net\/?page_id=7374\" \/>\n<meta property=\"og:locale\" content=\"es_ES\" \/>\n<meta property=\"og:type\" content=\"article\" \/>\n<meta property=\"og:title\" content=\"Sociedad Cubana de F\u00edsica - Feiasofi\" \/>\n<meta property=\"og:description\" content=\"Sociedad Cubana de F\u00edsica Presidente: Dr. Roberto Mulletemail: roberto dot mulet at gmail dot comWeb:\u00a0Sociedad Cubana de F\u00edsica La SCF es una Organizaci\u00f3n no gubernamental que agrupa a f\u00edsicos y otros profesionales que trabajan en la docencia y\/o la investigaci\u00f3n en el campo de la \u00a0F\u00edsica en Cuba. La Sociedad se fund\u00f3 el 31 de [&hellip;]\" \/>\n<meta property=\"og:url\" content=\"https:\/\/feiasofi.net\/?page_id=7374\" \/>\n<meta property=\"og:site_name\" content=\"Feiasofi\" \/>\n<meta property=\"article:modified_time\" content=\"2025-11-26T16:14:38+00:00\" \/>\n<meta property=\"og:image\" content=\"https:\/\/feiasofi.net\/wp-content\/uploads\/2025\/04\/l_flag_cuba.gif\" \/>\n\t<meta property=\"og:image:width\" content=\"120\" \/>\n\t<meta property=\"og:image:height\" content=\"60\" \/>\n\t<meta property=\"og:image:type\" content=\"image\/gif\" \/>\n<meta name=\"twitter:card\" content=\"summary_large_image\" \/>\n<meta name=\"twitter:label1\" content=\"Tiempo de lectura\" \/>\n\t<meta name=\"twitter:data1\" content=\"3 minutos\" \/>\n<script type=\"application\/ld+json\" class=\"yoast-schema-graph\">{\"@context\":\"https:\/\/schema.org\",\"@graph\":[{\"@type\":\"WebPage\",\"@id\":\"https:\/\/feiasofi.net\/?page_id=7374\",\"url\":\"https:\/\/feiasofi.net\/?page_id=7374\",\"name\":\"Sociedad Cubana de F\u00edsica - Feiasofi\",\"isPartOf\":{\"@id\":\"https:\/\/feiasofi.net\/#website\"},\"primaryImageOfPage\":{\"@id\":\"https:\/\/feiasofi.net\/?page_id=7374#primaryimage\"},\"image\":{\"@id\":\"https:\/\/feiasofi.net\/?page_id=7374#primaryimage\"},\"thumbnailUrl\":\"https:\/\/feiasofi.net\/wp-content\/uploads\/2025\/04\/l_flag_cuba.gif\",\"datePublished\":\"2025-04-21T15:24:35+00:00\",\"dateModified\":\"2025-11-26T16:14:38+00:00\",\"breadcrumb\":{\"@id\":\"https:\/\/feiasofi.net\/?page_id=7374#breadcrumb\"},\"inLanguage\":\"es\",\"potentialAction\":[{\"@type\":\"ReadAction\",\"target\":[\"https:\/\/feiasofi.net\/?page_id=7374\"]}]},{\"@type\":\"ImageObject\",\"inLanguage\":\"es\",\"@id\":\"https:\/\/feiasofi.net\/?page_id=7374#primaryimage\",\"url\":\"https:\/\/feiasofi.net\/wp-content\/uploads\/2025\/04\/l_flag_cuba.gif\",\"contentUrl\":\"https:\/\/feiasofi.net\/wp-content\/uploads\/2025\/04\/l_flag_cuba.gif\",\"width\":120,\"height\":60},{\"@type\":\"BreadcrumbList\",\"@id\":\"https:\/\/feiasofi.net\/?page_id=7374#breadcrumb\",\"itemListElement\":[{\"@type\":\"ListItem\",\"position\":1,\"name\":\"Portada\",\"item\":\"https:\/\/feiasofi.net\/\"},{\"@type\":\"ListItem\",\"position\":2,\"name\":\"Sociedad Cubana de F\u00edsica\"}]},{\"@type\":\"WebSite\",\"@id\":\"https:\/\/feiasofi.net\/#website\",\"url\":\"https:\/\/feiasofi.net\/\",\"name\":\"Feiasofi\",\"description\":\"\",\"potentialAction\":[{\"@type\":\"SearchAction\",\"target\":{\"@type\":\"EntryPoint\",\"urlTemplate\":\"https:\/\/feiasofi.net\/?s={search_term_string}\"},\"query-input\":{\"@type\":\"PropertyValueSpecification\",\"valueRequired\":true,\"valueName\":\"search_term_string\"}}],\"inLanguage\":\"es\"}]}<\/script>\n<!-- \/ Yoast SEO plugin. -->","yoast_head_json":{"title":"Sociedad Cubana de F\u00edsica - Feiasofi","robots":{"index":"index","follow":"follow","max-snippet":"max-snippet:-1","max-image-preview":"max-image-preview:large","max-video-preview":"max-video-preview:-1"},"canonical":"https:\/\/feiasofi.net\/?page_id=7374","og_locale":"es_ES","og_type":"article","og_title":"Sociedad Cubana de F\u00edsica - Feiasofi","og_description":"Sociedad Cubana de F\u00edsica Presidente: Dr. Roberto Mulletemail: roberto dot mulet at gmail dot comWeb:\u00a0Sociedad Cubana de F\u00edsica La SCF es una Organizaci\u00f3n no gubernamental que agrupa a f\u00edsicos y otros profesionales que trabajan en la docencia y\/o la investigaci\u00f3n en el campo de la \u00a0F\u00edsica en Cuba. La Sociedad se fund\u00f3 el 31 de [&hellip;]","og_url":"https:\/\/feiasofi.net\/?page_id=7374","og_site_name":"Feiasofi","article_modified_time":"2025-11-26T16:14:38+00:00","og_image":[{"width":120,"height":60,"url":"https:\/\/feiasofi.net\/wp-content\/uploads\/2025\/04\/l_flag_cuba.gif","type":"image\/gif"}],"twitter_card":"summary_large_image","twitter_misc":{"Tiempo de lectura":"3 minutos"},"schema":{"@context":"https:\/\/schema.org","@graph":[{"@type":"WebPage","@id":"https:\/\/feiasofi.net\/?page_id=7374","url":"https:\/\/feiasofi.net\/?page_id=7374","name":"Sociedad Cubana de F\u00edsica - Feiasofi","isPartOf":{"@id":"https:\/\/feiasofi.net\/#website"},"primaryImageOfPage":{"@id":"https:\/\/feiasofi.net\/?page_id=7374#primaryimage"},"image":{"@id":"https:\/\/feiasofi.net\/?page_id=7374#primaryimage"},"thumbnailUrl":"https:\/\/feiasofi.net\/wp-content\/uploads\/2025\/04\/l_flag_cuba.gif","datePublished":"2025-04-21T15:24:35+00:00","dateModified":"2025-11-26T16:14:38+00:00","breadcrumb":{"@id":"https:\/\/feiasofi.net\/?page_id=7374#breadcrumb"},"inLanguage":"es","potentialAction":[{"@type":"ReadAction","target":["https:\/\/feiasofi.net\/?page_id=7374"]}]},{"@type":"ImageObject","inLanguage":"es","@id":"https:\/\/feiasofi.net\/?page_id=7374#primaryimage","url":"https:\/\/feiasofi.net\/wp-content\/uploads\/2025\/04\/l_flag_cuba.gif","contentUrl":"https:\/\/feiasofi.net\/wp-content\/uploads\/2025\/04\/l_flag_cuba.gif","width":120,"height":60},{"@type":"BreadcrumbList","@id":"https:\/\/feiasofi.net\/?page_id=7374#breadcrumb","itemListElement":[{"@type":"ListItem","position":1,"name":"Portada","item":"https:\/\/feiasofi.net\/"},{"@type":"ListItem","position":2,"name":"Sociedad Cubana de F\u00edsica"}]},{"@type":"WebSite","@id":"https:\/\/feiasofi.net\/#website","url":"https:\/\/feiasofi.net\/","name":"Feiasofi","description":"","potentialAction":[{"@type":"SearchAction","target":{"@type":"EntryPoint","urlTemplate":"https:\/\/feiasofi.net\/?s={search_term_string}"},"query-input":{"@type":"PropertyValueSpecification","valueRequired":true,"valueName":"search_term_string"}}],"inLanguage":"es"}]}},"_links":{"self":[{"href":"https:\/\/feiasofi.net\/index.php?rest_route=\/wp\/v2\/pages\/7374","targetHints":{"allow":["GET"]}}],"collection":[{"href":"https:\/\/feiasofi.net\/index.php?rest_route=\/wp\/v2\/pages"}],"about":[{"href":"https:\/\/feiasofi.net\/index.php?rest_route=\/wp\/v2\/types\/page"}],"author":[{"embeddable":true,"href":"https:\/\/feiasofi.net\/index.php?rest_route=\/wp\/v2\/users\/1"}],"replies":[{"embeddable":true,"href":"https:\/\/feiasofi.net\/index.php?rest_route=%2Fwp%2Fv2%2Fcomments&post=7374"}],"version-history":[{"count":13,"href":"https:\/\/feiasofi.net\/index.php?rest_route=\/wp\/v2\/pages\/7374\/revisions"}],"predecessor-version":[{"id":9090,"href":"https:\/\/feiasofi.net\/index.php?rest_route=\/wp\/v2\/pages\/7374\/revisions\/9090"}],"wp:attachment":[{"href":"https:\/\/feiasofi.net\/index.php?rest_route=%2Fwp%2Fv2%2Fmedia&parent=7374"}],"curies":[{"name":"wp","href":"https:\/\/api.w.org\/{rel}","templated":true}]}}