{"id":7532,"date":"2025-04-23T07:23:14","date_gmt":"2025-04-23T07:23:14","guid":{"rendered":"https:\/\/feiasofi.net\/?page_id=7532"},"modified":"2025-04-23T07:32:42","modified_gmt":"2025-04-23T07:32:42","slug":"division-de-fisica-no-lineal-y-estadistica","status":"publish","type":"page","link":"https:\/\/feiasofi.net\/?page_id=7532","title":{"rendered":"Divisi\u00f3n de F\u00edsica No-lineal y Estad\u00edstica"},"content":{"rendered":"\t\t<div data-elementor-type=\"wp-page\" data-elementor-id=\"7532\" class=\"elementor elementor-7532\">\n\t\t\t\t<div class=\"elementor-element elementor-element-7090ef7 e-flex e-con-boxed e-con e-parent\" data-id=\"7090ef7\" data-element_type=\"container\" data-e-type=\"container\">\n\t\t\t\t\t<div class=\"e-con-inner\">\n\t\t\t\t<div class=\"elementor-element elementor-element-2499daf elementor-widget elementor-widget-heading\" data-id=\"2499daf\" data-element_type=\"widget\" data-e-type=\"widget\" data-widget_type=\"heading.default\">\n\t\t\t\t<div class=\"elementor-widget-container\">\n\t\t\t\t\t<h2 class=\"elementor-heading-title elementor-size-default\">Divisi\u00f3n de F\u00edsica No-lineal y Estad\u00edstica<\/h2>\t\t\t\t<\/div>\n\t\t\t\t<\/div>\n\t\t\t\t\t<\/div>\n\t\t\t\t<\/div>\n\t\t<div class=\"elementor-element elementor-element-ae6813f e-flex e-con-boxed e-con e-parent\" data-id=\"ae6813f\" data-element_type=\"container\" data-e-type=\"container\">\n\t\t\t\t\t<div class=\"e-con-inner\">\n\t\t\t\t<div class=\"elementor-element elementor-element-0e2b2d0 elementor-widget elementor-widget-text-editor\" data-id=\"0e2b2d0\" data-element_type=\"widget\" data-e-type=\"widget\" data-widget_type=\"text-editor.default\">\n\t\t\t\t<div class=\"elementor-widget-container\">\n\t\t\t\t\t\t\t\t\t<p align=\"\\&quot;left\\&quot;\">En este apartado de la\u00a0<strong>Divisi\u00f3n de F\u00edsica No-Lineal y Estad\u00edstica\u00a0de la Federaci\u00f3n Iberoamericana de Sociedades de F\u00edsica<\/strong>\u00a0ir\u00e1n apareciendo las noticias, actividades y temas de inter\u00e9s para los miembros de dicha divisi\u00f3n.<\/p><p>Si desea registrarse en la Divisi\u00f3n de la Federaci\u00f3n Iberoamericana de\u00a0F\u00edsica No-Lineal y Estad\u00edstica s\u00f3lo tiene que rellenar el siguiente formulario con sus datos (nombre, afiliacion, sociedad, email, tel\u00e9fono y sugerencias)\u00a0y envi\u00e1rnoslo por correo electr\u00f3nico.<\/p>\t\t\t\t\t\t\t\t<\/div>\n\t\t\t\t<\/div>\n\t\t\t\t\t<\/div>\n\t\t\t\t<\/div>\n\t\t<div class=\"elementor-element elementor-element-6061d18 e-flex e-con-boxed e-con e-parent\" data-id=\"6061d18\" data-element_type=\"container\" data-e-type=\"container\">\n\t\t\t\t\t<div class=\"e-con-inner\">\n\t\t\t\t<div class=\"elementor-element elementor-element-3c5502a elementor-widget elementor-widget-text-editor\" data-id=\"3c5502a\" data-element_type=\"widget\" data-e-type=\"widget\" data-widget_type=\"text-editor.default\">\n\t\t\t\t<div class=\"elementor-widget-container\">\n\t\t\t\t\t\t\t\t\t<hr \/><p>Se encuentra operativo el nuevo correo electr\u00f3nico de la Divisi\u00f3n de F\u00edsica No Lineal y Estad\u00edstica:<\/p><p><span id=\"cloak6a49589bdfef6989c121afd7966adb6c\"><a href=\"mailto:nolineal@feiasofi.net\">nolineal@feiasofi.net<\/a><\/span><\/p><p>El mismo est\u00e1 a disposici\u00f3n por cualquier consulta o aporte.<\/p><p><strong><em>Arturo Mart\u00ed<\/em><\/strong><\/p>\t\t\t\t\t\t\t\t<\/div>\n\t\t\t\t<\/div>\n\t\t\t\t\t<\/div>\n\t\t\t\t<\/div>\n\t\t<div class=\"elementor-element elementor-element-eb07e76 e-flex e-con-boxed e-con e-parent\" data-id=\"eb07e76\" data-element_type=\"container\" data-e-type=\"container\">\n\t\t\t\t\t<div class=\"e-con-inner\">\n\t\t\t\t<div class=\"elementor-element elementor-element-1157b78 elementor-widget elementor-widget-text-editor\" data-id=\"1157b78\" data-element_type=\"widget\" data-e-type=\"widget\" data-widget_type=\"text-editor.default\">\n\t\t\t\t<div class=\"elementor-widget-container\">\n\t\t\t\t\t\t\t\t\t<p><strong>Formulario de Registro en la Divisi\u00f3n de F\u00edsica No-Lineal y Estad\u00edstica de la Federaci\u00f3n Iberoamericana de Sociedades de F\u00edsica<\/strong><\/p>\t\t\t\t\t\t\t\t<\/div>\n\t\t\t\t<\/div>\n\t\t\t\t\t<\/div>\n\t\t\t\t<\/div>\n\t\t<div class=\"elementor-element elementor-element-653f8b3 e-flex e-con-boxed e-con e-parent\" data-id=\"653f8b3\" data-element_type=\"container\" data-e-type=\"container\">\n\t\t\t\t\t<div class=\"e-con-inner\">\n\t\t\t\t<div class=\"elementor-element elementor-element-e9e9cf3 elementor-widget elementor-widget-shortcode\" data-id=\"e9e9cf3\" data-element_type=\"widget\" data-e-type=\"widget\" data-widget_type=\"shortcode.default\">\n\t\t\t\t<div class=\"elementor-widget-container\">\n\t\t\t\t\t\t\t<div class=\"elementor-shortcode\">\t<style id=\"wpforms-css-vars-7465\">\n\t\t\t\t#wpforms-7465 {\n\t\t\t\t\n\t\t\t}\n\t\t\t<\/style><div class=\"wpforms-container wpforms-container-full wpforms-render-modern\" id=\"wpforms-7465\"><form id=\"wpforms-form-7465\" class=\"wpforms-validate wpforms-form wpforms-ajax-form\" data-formid=\"7465\" method=\"post\" enctype=\"multipart\/form-data\" action=\"\/index.php?rest_route=%2Fwp%2Fv2%2Fpages%2F7532\" data-token=\"1cc78bbe57a126bb4db8bbbf5b9b83ce\" data-token-time=\"1778075463\"><noscript class=\"wpforms-error-noscript\">Por favor, activa JavaScript en tu navegador para completar este formulario.<\/noscript><div id=\"wpforms-error-noscript\" style=\"display: none;\">Por favor, activa JavaScript en tu navegador para completar este formulario.<\/div><div class=\"wpforms-field-container\"><div id=\"wpforms-7465-field_1-container\" class=\"wpforms-field wpforms-field-text\" data-field-id=\"1\"><label class=\"wpforms-field-label\" for=\"wpforms-7465-field_1\">Fecha (dd\/mm\/aaaa) <span class=\"wpforms-required-label\" aria-hidden=\"true\">*<\/span><\/label><input type=\"text\" id=\"wpforms-7465-field_1\" class=\"wpforms-field-medium wpforms-field-required\" name=\"wpforms[fields][1]\" placeholder=\"dd\/mm\/aaaa\" aria-errormessage=\"wpforms-7465-field_1-error\" aria-describedby=\"wpforms-7465-field_1-description\" required><div id=\"wpforms-7465-field_1-description\" class=\"wpforms-field-description\">\n<\/div><\/div><div id=\"wpforms-7465-field_2-container\" class=\"wpforms-field wpforms-field-name\" data-field-id=\"2\"><fieldset><legend class=\"wpforms-field-label\">Nombre <span class=\"wpforms-required-label\" aria-hidden=\"true\">*<\/span><\/legend><div class=\"wpforms-field-row wpforms-field-medium\"><div class=\"wpforms-field-row-block wpforms-first wpforms-one-half\"><input type=\"text\" id=\"wpforms-7465-field_2\" class=\"wpforms-field-name-first wpforms-field-required\" name=\"wpforms[fields][2][first]\" aria-errormessage=\"wpforms-7465-field_2-error\" required><label for=\"wpforms-7465-field_2\" class=\"wpforms-field-sublabel after\">Nombre<\/label><\/div><div class=\"wpforms-field-row-block wpforms-one-half\"><input type=\"text\" id=\"wpforms-7465-field_2-last\" class=\"wpforms-field-name-last wpforms-field-required\" name=\"wpforms[fields][2][last]\" aria-errormessage=\"wpforms-7465-field_2-last-error\" required><label for=\"wpforms-7465-field_2-last\" class=\"wpforms-field-sublabel after\">Apellidos<\/label><\/div><\/div><\/fieldset><\/div><div id=\"wpforms-7465-field_3-container\" class=\"wpforms-field wpforms-field-text\" data-field-id=\"3\"><label class=\"wpforms-field-label\" for=\"wpforms-7465-field_3\">Sociedad <span class=\"wpforms-required-label\" aria-hidden=\"true\">*<\/span><\/label><input type=\"text\" id=\"wpforms-7465-field_3\" class=\"wpforms-field-medium wpforms-field-required\" name=\"wpforms[fields][3]\" aria-errormessage=\"wpforms-7465-field_3-error\" required><\/div><div id=\"wpforms-7465-field_4-container\" class=\"wpforms-field wpforms-field-text\" data-field-id=\"4\"><label class=\"wpforms-field-label\" for=\"wpforms-7465-field_4\">C\u00f3digo Postal <span class=\"wpforms-required-label\" aria-hidden=\"true\">*<\/span><\/label><input type=\"text\" id=\"wpforms-7465-field_4\" class=\"wpforms-field-medium wpforms-field-required\" name=\"wpforms[fields][4]\" aria-errormessage=\"wpforms-7465-field_4-error\" required><\/div><div id=\"wpforms-7465-field_6-container\" class=\"wpforms-field wpforms-field-email\" data-field-id=\"6\"><label class=\"wpforms-field-label\" for=\"wpforms-7465-field_6\">Correo electr\u00f3nico <span class=\"wpforms-required-label\" aria-hidden=\"true\">*<\/span><\/label><input type=\"email\" id=\"wpforms-7465-field_6\" class=\"wpforms-field-medium wpforms-field-required\" name=\"wpforms[fields][6]\" spellcheck=\"false\" aria-errormessage=\"wpforms-7465-field_6-error\" required><\/div><div id=\"wpforms-7465-field_7-container\" class=\"wpforms-field wpforms-field-text\" data-field-id=\"7\"><label class=\"wpforms-field-label\" for=\"wpforms-7465-field_7\">Tel\u00e9fono Trabajo <span class=\"wpforms-required-label\" aria-hidden=\"true\">*<\/span><\/label><input type=\"text\" id=\"wpforms-7465-field_7\" class=\"wpforms-field-medium wpforms-field-required\" name=\"wpforms[fields][7]\" aria-errormessage=\"wpforms-7465-field_7-error\" required><\/div>\t\t<div id=\"wpforms-7465-field_5-container\"\n\t\t\tclass=\"wpforms-field wpforms-field-text\"\n\t\t\tdata-field-type=\"text\"\n\t\t\tdata-field-id=\"5\"\n\t\t\t>\n\t\t\t<label class=\"wpforms-field-label\" for=\"wpforms-7465-field_5\" >C\u00f3digo Postal Comentarios<\/label>\n\t\t\t<input type=\"text\" id=\"wpforms-7465-field_5\" class=\"wpforms-field-medium\" name=\"wpforms[fields][5]\" >\n\t\t<\/div>\n\t\t<div id=\"wpforms-7465-field_8-container\" class=\"wpforms-field wpforms-field-text\" data-field-id=\"8\"><label class=\"wpforms-field-label\" for=\"wpforms-7465-field_8\">Otro Tel\u00e9fono<\/label><input type=\"text\" id=\"wpforms-7465-field_8\" class=\"wpforms-field-medium\" name=\"wpforms[fields][8]\" aria-errormessage=\"wpforms-7465-field_8-error\" ><\/div><div id=\"wpforms-7465-field_9-container\" class=\"wpforms-field wpforms-field-textarea\" data-field-id=\"9\"><label class=\"wpforms-field-label\" for=\"wpforms-7465-field_9\">Comentarios<\/label><textarea id=\"wpforms-7465-field_9\" class=\"wpforms-field-medium\" name=\"wpforms[fields][9]\" aria-errormessage=\"wpforms-7465-field_9-error\" ><\/textarea><\/div><script>\n\t\t\t\t( function() {\n\t\t\t\t\tconst style = document.createElement( 'style' );\n\t\t\t\t\tstyle.appendChild( document.createTextNode( '#wpforms-7465-field_5-container { position: absolute !important; overflow: hidden !important; display: inline !important; height: 1px !important; width: 1px !important; z-index: -1000 !important; padding: 0 !important; } #wpforms-7465-field_5-container input { visibility: hidden; } #wpforms-conversational-form-page #wpforms-7465-field_5-container label { counter-increment: none; }' ) );\n\t\t\t\t\tdocument.head.appendChild( style );\n\t\t\t\t\tdocument.currentScript?.remove();\n\t\t\t\t} )();\n\t\t\t<\/script><\/div><!-- .wpforms-field-container --><div class=\"wpforms-submit-container\" ><input type=\"hidden\" name=\"wpforms[id]\" value=\"7465\"><input type=\"hidden\" name=\"page_title\" value=\"\"><input type=\"hidden\" name=\"page_url\" value=\"https:\/\/feiasofi.net\/index.php?rest_route=\/wp\/v2\/pages\/7532\"><input type=\"hidden\" name=\"url_referer\" value=\"\"><button type=\"submit\" name=\"wpforms[submit]\" id=\"wpforms-submit-7465\" class=\"wpforms-submit\" data-alt-text=\"Enviando...\" data-submit-text=\"Enviar\" aria-live=\"assertive\" value=\"wpforms-submit\">Enviar<\/button><img decoding=\"async\" src=\"https:\/\/feiasofi.net\/wp-content\/plugins\/wpforms-lite\/assets\/images\/submit-spin.svg\" class=\"wpforms-submit-spinner\" style=\"display: none;\" width=\"26\" height=\"26\" alt=\"Cargando\"><\/div><\/form><\/div>  <!-- .wpforms-container --><\/div>\n\t\t\t\t\t\t<\/div>\n\t\t\t\t<\/div>\n\t\t\t\t\t<\/div>\n\t\t\t\t<\/div>\n\t\t<div class=\"elementor-element elementor-element-6bf001c e-flex e-con-boxed e-con e-parent\" data-id=\"6bf001c\" data-element_type=\"container\" data-e-type=\"container\">\n\t\t\t\t\t<div class=\"e-con-inner\">\n\t\t\t\t<div class=\"elementor-element elementor-element-1ef33d3 elementor-widget elementor-widget-text-editor\" data-id=\"1ef33d3\" data-element_type=\"widget\" data-e-type=\"widget\" data-widget_type=\"text-editor.default\">\n\t\t\t\t<div class=\"elementor-widget-container\">\n\t\t\t\t\t\t\t\t\t<p>Se incluyen en esta lista divisiones de\u00a0 F\u00edsica No-lineal y Estad\u00edstica.<\/p><p><span class=\"\\&quot;contentheading\\&quot;\">GRUPOS y DIVISIONES de FISICA NO-LINEAL y ESTADISTICA<\/span><\/p><ol><li><div align=\"\\&quot;left\\&quot;\"><a href=\"https:\/\/feiasofi.net\/?page_id=7532\">Divisi\u00f3n de F\u00edsica No-lineal y Estad\u00edsitca de FEIASOFI<\/a><\/div><\/li><li><div align=\"\\&quot;left\\&quot;\"><a href=\"http:\/\/gisc.uc3m.es\/eps-snp\" target=\"_blank\" rel=\"noopener\">Statistical and Nonlinear Physics Division of the European Physical Society<\/a><\/div><\/li><li><div align=\"\\&quot;left\\&quot;\"><a href=\"http:\/\/www.aps.org\/units\/gsnp\/\" target=\"_blank\" rel=\"noopener\">Topical Group on Statistical and Nonlinear Physics of the American Physical Society<\/a><\/div><\/li><li><div align=\"\\&quot;left\\&quot;\"><a href=\"http:\/\/www.fisica.org.ar\/?page_id=25\" target=\"_blank\" rel=\"noopener\">Divisi\u00f3n de Mec\u00e1nica Estad\u00edstica, F\u00edsica No Lineal y Sistemas Complejo de la AFA<\/a><\/div><\/li><li><div align=\"\\&quot;left\\&quot;\"><a href=\"http:\/\/www.gefenol.es\/links.php\" target=\"_blank\" rel=\"noopener\">GEFENOL Grupo Especializado de F\u00edsica Estad\u00edstica y No Lineal de la RSEF<\/a><\/div><\/li><\/ol><p><span class=\"\\&quot;contentheading\\&quot;\">Otros enlaces de inter\u00e9s<\/span><\/p><ul><li><div align=\"\\&quot;left\\&quot;\"><a href=\"http:\/\/www.iop.org\/EJ\/journal\/-page=extra.3\/1742-5468\" target=\"_blank\" rel=\"noopener\">Lista del Institute of Physics de conferencias y escuelas en mec\u00e1nica estad\u00edsitica\u00a0<\/a><\/div><\/li><\/ul><p>\u00a0<\/p>\t\t\t\t\t\t\t\t<\/div>\n\t\t\t\t<\/div>\n\t\t\t\t\t<\/div>\n\t\t\t\t<\/div>\n\t\t\t\t<\/div>\n\t\t","protected":false},"excerpt":{"rendered":"<p>Divisi\u00f3n de F\u00edsica No-lineal y Estad\u00edstica En este apartado de la\u00a0Divisi\u00f3n de F\u00edsica No-Lineal y Estad\u00edstica\u00a0de la Federaci\u00f3n Iberoamericana de Sociedades de F\u00edsica\u00a0ir\u00e1n apareciendo las noticias, actividades y temas de inter\u00e9s para los miembros de dicha divisi\u00f3n. Si desea registrarse en la Divisi\u00f3n de la Federaci\u00f3n Iberoamericana de\u00a0F\u00edsica No-Lineal y Estad\u00edstica s\u00f3lo tiene que rellenar [&hellip;]<\/p>\n","protected":false},"author":1,"featured_media":0,"parent":0,"menu_order":0,"comment_status":"closed","ping_status":"closed","template":"elementor_header_footer","meta":{"footnotes":""},"class_list":["post-7532","page","type-page","status-publish","hentry"],"yoast_head":"<!-- This site is optimized with the Yoast SEO plugin v27.1.1 - https:\/\/yoast.com\/product\/yoast-seo-wordpress\/ -->\n<title>Divisi\u00f3n de F\u00edsica No-lineal y Estad\u00edstica - Feiasofi<\/title>\n<meta name=\"robots\" content=\"index, follow, max-snippet:-1, max-image-preview:large, max-video-preview:-1\" \/>\n<link rel=\"canonical\" href=\"https:\/\/feiasofi.net\/?page_id=7532\" \/>\n<meta property=\"og:locale\" content=\"es_ES\" \/>\n<meta property=\"og:type\" content=\"article\" \/>\n<meta property=\"og:title\" content=\"Divisi\u00f3n de F\u00edsica No-lineal y Estad\u00edstica - Feiasofi\" \/>\n<meta property=\"og:description\" content=\"Divisi\u00f3n de F\u00edsica No-lineal y Estad\u00edstica En este apartado de la\u00a0Divisi\u00f3n de F\u00edsica No-Lineal y Estad\u00edstica\u00a0de la Federaci\u00f3n Iberoamericana de Sociedades de F\u00edsica\u00a0ir\u00e1n apareciendo las noticias, actividades y temas de inter\u00e9s para los miembros de dicha divisi\u00f3n. Si desea registrarse en la Divisi\u00f3n de la Federaci\u00f3n Iberoamericana de\u00a0F\u00edsica No-Lineal y Estad\u00edstica s\u00f3lo tiene que rellenar [&hellip;]\" \/>\n<meta property=\"og:url\" content=\"https:\/\/feiasofi.net\/?page_id=7532\" \/>\n<meta property=\"og:site_name\" content=\"Feiasofi\" \/>\n<meta property=\"article:modified_time\" content=\"2025-04-23T07:32:42+00:00\" \/>\n<meta name=\"twitter:card\" content=\"summary_large_image\" \/>\n<meta name=\"twitter:label1\" content=\"Tiempo de lectura\" \/>\n\t<meta name=\"twitter:data1\" content=\"1 minuto\" \/>\n<script type=\"application\/ld+json\" class=\"yoast-schema-graph\">{\"@context\":\"https:\/\/schema.org\",\"@graph\":[{\"@type\":\"WebPage\",\"@id\":\"https:\/\/feiasofi.net\/?page_id=7532\",\"url\":\"https:\/\/feiasofi.net\/?page_id=7532\",\"name\":\"Divisi\u00f3n de F\u00edsica No-lineal y Estad\u00edstica - Feiasofi\",\"isPartOf\":{\"@id\":\"https:\/\/feiasofi.net\/#website\"},\"datePublished\":\"2025-04-23T07:23:14+00:00\",\"dateModified\":\"2025-04-23T07:32:42+00:00\",\"breadcrumb\":{\"@id\":\"https:\/\/feiasofi.net\/?page_id=7532#breadcrumb\"},\"inLanguage\":\"es\",\"potentialAction\":[{\"@type\":\"ReadAction\",\"target\":[\"https:\/\/feiasofi.net\/?page_id=7532\"]}]},{\"@type\":\"BreadcrumbList\",\"@id\":\"https:\/\/feiasofi.net\/?page_id=7532#breadcrumb\",\"itemListElement\":[{\"@type\":\"ListItem\",\"position\":1,\"name\":\"Portada\",\"item\":\"https:\/\/feiasofi.net\/\"},{\"@type\":\"ListItem\",\"position\":2,\"name\":\"Divisi\u00f3n de F\u00edsica No-lineal y Estad\u00edstica\"}]},{\"@type\":\"WebSite\",\"@id\":\"https:\/\/feiasofi.net\/#website\",\"url\":\"https:\/\/feiasofi.net\/\",\"name\":\"Feiasofi\",\"description\":\"\",\"potentialAction\":[{\"@type\":\"SearchAction\",\"target\":{\"@type\":\"EntryPoint\",\"urlTemplate\":\"https:\/\/feiasofi.net\/?s={search_term_string}\"},\"query-input\":{\"@type\":\"PropertyValueSpecification\",\"valueRequired\":true,\"valueName\":\"search_term_string\"}}],\"inLanguage\":\"es\"}]}<\/script>\n<!-- \/ Yoast SEO plugin. -->","yoast_head_json":{"title":"Divisi\u00f3n de F\u00edsica No-lineal y Estad\u00edstica - Feiasofi","robots":{"index":"index","follow":"follow","max-snippet":"max-snippet:-1","max-image-preview":"max-image-preview:large","max-video-preview":"max-video-preview:-1"},"canonical":"https:\/\/feiasofi.net\/?page_id=7532","og_locale":"es_ES","og_type":"article","og_title":"Divisi\u00f3n de F\u00edsica No-lineal y Estad\u00edstica - Feiasofi","og_description":"Divisi\u00f3n de F\u00edsica No-lineal y Estad\u00edstica En este apartado de la\u00a0Divisi\u00f3n de F\u00edsica No-Lineal y Estad\u00edstica\u00a0de la Federaci\u00f3n Iberoamericana de Sociedades de F\u00edsica\u00a0ir\u00e1n apareciendo las noticias, actividades y temas de inter\u00e9s para los miembros de dicha divisi\u00f3n. Si desea registrarse en la Divisi\u00f3n de la Federaci\u00f3n Iberoamericana de\u00a0F\u00edsica No-Lineal y Estad\u00edstica s\u00f3lo tiene que rellenar [&hellip;]","og_url":"https:\/\/feiasofi.net\/?page_id=7532","og_site_name":"Feiasofi","article_modified_time":"2025-04-23T07:32:42+00:00","twitter_card":"summary_large_image","twitter_misc":{"Tiempo de lectura":"1 minuto"},"schema":{"@context":"https:\/\/schema.org","@graph":[{"@type":"WebPage","@id":"https:\/\/feiasofi.net\/?page_id=7532","url":"https:\/\/feiasofi.net\/?page_id=7532","name":"Divisi\u00f3n de F\u00edsica No-lineal y Estad\u00edstica - Feiasofi","isPartOf":{"@id":"https:\/\/feiasofi.net\/#website"},"datePublished":"2025-04-23T07:23:14+00:00","dateModified":"2025-04-23T07:32:42+00:00","breadcrumb":{"@id":"https:\/\/feiasofi.net\/?page_id=7532#breadcrumb"},"inLanguage":"es","potentialAction":[{"@type":"ReadAction","target":["https:\/\/feiasofi.net\/?page_id=7532"]}]},{"@type":"BreadcrumbList","@id":"https:\/\/feiasofi.net\/?page_id=7532#breadcrumb","itemListElement":[{"@type":"ListItem","position":1,"name":"Portada","item":"https:\/\/feiasofi.net\/"},{"@type":"ListItem","position":2,"name":"Divisi\u00f3n de F\u00edsica No-lineal y Estad\u00edstica"}]},{"@type":"WebSite","@id":"https:\/\/feiasofi.net\/#website","url":"https:\/\/feiasofi.net\/","name":"Feiasofi","description":"","potentialAction":[{"@type":"SearchAction","target":{"@type":"EntryPoint","urlTemplate":"https:\/\/feiasofi.net\/?s={search_term_string}"},"query-input":{"@type":"PropertyValueSpecification","valueRequired":true,"valueName":"search_term_string"}}],"inLanguage":"es"}]}},"_links":{"self":[{"href":"https:\/\/feiasofi.net\/index.php?rest_route=\/wp\/v2\/pages\/7532","targetHints":{"allow":["GET"]}}],"collection":[{"href":"https:\/\/feiasofi.net\/index.php?rest_route=\/wp\/v2\/pages"}],"about":[{"href":"https:\/\/feiasofi.net\/index.php?rest_route=\/wp\/v2\/types\/page"}],"author":[{"embeddable":true,"href":"https:\/\/feiasofi.net\/index.php?rest_route=\/wp\/v2\/users\/1"}],"replies":[{"embeddable":true,"href":"https:\/\/feiasofi.net\/index.php?rest_route=%2Fwp%2Fv2%2Fcomments&post=7532"}],"version-history":[{"count":10,"href":"https:\/\/feiasofi.net\/index.php?rest_route=\/wp\/v2\/pages\/7532\/revisions"}],"predecessor-version":[{"id":7551,"href":"https:\/\/feiasofi.net\/index.php?rest_route=\/wp\/v2\/pages\/7532\/revisions\/7551"}],"wp:attachment":[{"href":"https:\/\/feiasofi.net\/index.php?rest_route=%2Fwp%2Fv2%2Fmedia&parent=7532"}],"curies":[{"name":"wp","href":"https:\/\/api.w.org\/{rel}","templated":true}]}}