{"id":7583,"date":"2025-04-23T08:08:07","date_gmt":"2025-04-23T08:08:07","guid":{"rendered":"https:\/\/feiasofi.net\/?page_id=7583"},"modified":"2025-04-23T08:09:29","modified_gmt":"2025-04-23T08:09:29","slug":"acta-de-la-ix-asamblea-general-de-la-federacion-iberoamericana-de-sociedades-de-fisica","status":"publish","type":"page","link":"https:\/\/feiasofi.net\/?page_id=7583","title":{"rendered":"Acta de la IX Asamblea General de la Federaci\u00f3n Iberoamericana de Sociedades de F\u00edsica"},"content":{"rendered":"\t\t<div data-elementor-type=\"wp-page\" data-elementor-id=\"7583\" class=\"elementor elementor-7583\">\n\t\t\t\t<div class=\"elementor-element elementor-element-1a531da e-flex e-con-boxed e-con e-parent\" data-id=\"1a531da\" data-element_type=\"container\" data-e-type=\"container\">\n\t\t\t\t\t<div class=\"e-con-inner\">\n\t\t\t\t<div class=\"elementor-element elementor-element-bd4acf9 elementor-widget elementor-widget-heading\" data-id=\"bd4acf9\" data-element_type=\"widget\" data-e-type=\"widget\" data-widget_type=\"heading.default\">\n\t\t\t\t<div class=\"elementor-widget-container\">\n\t\t\t\t\t<h2 class=\"elementor-heading-title elementor-size-default\">Acta de la IX Asamblea General de la Federaci\u00f3n Iberoamericana de Sociedades de F\u00edsica<\/h2>\t\t\t\t<\/div>\n\t\t\t\t<\/div>\n\t\t\t\t\t<\/div>\n\t\t\t\t<\/div>\n\t\t<div class=\"elementor-element elementor-element-1d43417 e-flex e-con-boxed e-con e-parent\" data-id=\"1d43417\" data-element_type=\"container\" data-e-type=\"container\">\n\t\t\t\t\t<div class=\"e-con-inner\">\n\t\t\t\t<div class=\"elementor-element elementor-element-8f14385 elementor-widget elementor-widget-text-editor\" data-id=\"8f14385\" data-element_type=\"widget\" data-e-type=\"widget\" data-widget_type=\"text-editor.default\">\n\t\t\t\t<div class=\"elementor-widget-container\">\n\t\t\t\t\t\t\t\t\t<p><span lang=\"es-ES-u-co-trad\"><strong>Acta de la IX Asamblea General de la<\/strong><\/span><\/p><p><span lang=\"es-ES-u-co-trad\"><strong>Federaci\u00f3n Iberoamericana de Sociedades de F\u00edsica FEIASOFI<\/strong><\/span><\/p><p><span lang=\"es-ES-u-co-trad\">El d\u00eda 8 de Febrero de 2021, siendo las 13:00 UTC-3 se inicia la Asamblea<\/span><span lang=\"es-ES-u-co-trad\">por videoconferencia con la participaci\u00f3n de:<\/span><\/p><ol><li><p><span lang=\"es-ES-u-co-trad\">Arturo Marti. Presidente<\/span><\/p><\/li><li><p><span lang=\"es-ES-u-co-trad\">Mar\u00eda S\u00e1nchez. Vicepresidenta y presidente Sociedad Cubana de F\u00edsica<\/span><\/p><\/li><li><p><span lang=\"es-ES-u-co-trad\">Antonio J. Ram\u00edrez. Presidente saliente<\/span><\/p><\/li><li><p><span lang=\"es-ES-u-co-trad\">Jos\u00e9 Adolfo de Azc\u00e1rraga. Tesorero y presidente Real Sociedad Espa\u00f1ola de F\u00edsica<\/span><\/p><\/li><li><p><span lang=\"es-ES-u-co-trad\">Am\u00e9rico Bernardes. Presidente Sociedad Brasile\u00f1a de Metrolog\u00eda<\/span><\/p><\/li><li><p><span lang=\"es-ES-u-co-trad\">Cecilia Stari. Presidente Sociedad Uruguaya de F\u00edsica<\/span><\/p><\/li><li><p><span lang=\"es-ES-u-co-trad\">Gerardo Noguera Vega. Presidente Colegio de F\u00edsicos de Costa Rica<\/span><\/p><\/li><li><p><span lang=\"es-ES-u-co-trad\">Gustavo Monti. Presidente Asociaci\u00f3n F\u00edsica Argentina<\/span><\/p><\/li><li><p><span lang=\"es-ES-u-co-trad\">Inna Samson. Presidente Sociedad Dominicana de F\u00edsica<\/span><\/p><\/li><li><p><span lang=\"es-ES-u-co-trad\">Jorge Stephany. Presidente Sociedad Venezolana de F\u00edsica<\/span><\/p><\/li><li><p><span lang=\"es-ES-u-co-trad\">Jos\u00e9 Rodrigo Sacahui Reyes. Presidente Asociaci\u00f3n Guatemalteca de F\u00edsica<\/span><\/p><\/li><li><p><span lang=\"es-ES-u-co-trad\">Leopoldo Soto. Secretario Sociedad Chilena de F\u00edsica<\/span><\/p><\/li><li><p><span lang=\"es-ES-u-co-trad\">Maria Concei\u00e7ao Abreu. Presidente Sociedad Portuguesa de F\u00edsica<\/span><\/p><\/li><li><p><span lang=\"es-ES-u-co-trad\">Nabil Kawas. Presidente Sociedad Hondure\u00f1a de F\u00edsica<\/span><\/p><\/li><li><p><span lang=\"es-ES-u-co-trad\">Rogerio Rosenfeld. Presidente Sociedad Brasilera de F\u00edsica<\/span><\/p><\/li><li><p><span lang=\"es-ES-u-co-trad\">Byron Gonz\u00e1lez. Sociedad Nicaraguense de F\u00edsica<\/span><\/p><\/li><\/ol><p><span lang=\"es-ES-u-co-trad\"><strong>Invitados<\/strong><\/span><\/p><ol><li><p><span lang=\"es-ES-u-co-trad\">Luis Huerta, director Centro Latinoamericano de F\u00edsica CLAF<\/span><\/p><\/li><li><p><span lang=\"es-ES-u-co-trad\">Silvina Ponce Dawson, presidente electa de la Uni\u00f3n Internacional de F\u00edsica Pura y Aplicada (IUPAP)<\/span><\/p><\/li><li><p><span lang=\"es-ES-u-co-trad\">Carlito Lariucci, miembro del secretariado permanente de las Olimpiadas Iberoamericanas de F\u00edsica (OIb)<\/span><\/p><\/li><\/ol><p><span lang=\"es-ES-u-co-trad\"><strong>Orden del d\u00eda.<\/strong><\/span><\/p><ol><li><p><span lang=\"es-ES-u-co-trad\">Apertura y bienvenida a los representantes de las sociedades de F\u00edsica Designaci\u00f3n de un representante para llevar el acta de la reuni\u00f3n.<\/span><\/p><\/li><li><p><span lang=\"es-ES-u-co-trad\">Informe del presidente.<\/span><\/p><\/li><li><p><span lang=\"es-ES-u-co-trad\">Aprobaci\u00f3n del acta de la VIII Asamblea desarrollada en Zaragoza (2019).<\/span><\/p><\/li><li><p><span lang=\"es-ES-u-co-trad\">Breve presentaci\u00f3n de cada uno de los delegados asistentes miembros de FEIAFOFI (3 minutos para cada sociedad).<\/span><\/p><\/li><li><p><span lang=\"es-ES-u-co-trad\">Participaci\u00f3n de la presidenta de IUPAP (Dra. Silvina Ponce-Dawson).<\/span><\/p><\/li><li><p><span lang=\"es-ES-u-co-trad\">Participaci\u00f3n de la Olimpiada Iberoamericana de F\u00edsica (Dr. Carlito Larucci).<\/span><\/p><\/li><li><p><span lang=\"es-ES-u-co-trad\">Participaci\u00f3n del director del CLAF (Dr. Luis Huerta).<\/span><\/p><\/li><li><p><span lang=\"es-ES-u-co-trad\">Informe de finanzas (Jos\u00e9 Adolfo de Azc\u00e1rraga).<\/span><\/p><\/li><li><p><span lang=\"es-ES-u-co-trad\">Cierre de la Asamblea y cambio de autoridades.<\/span><\/p><\/li><li><p><span lang=\"es-ES-u-co-trad\">Asamblea FEIASOFI 2022. Definici\u00f3n de fecha y lugar<\/span><\/p><\/li><\/ol><p><span lang=\"es-ES-u-co-trad\"><strong>Desarrollo de la Asamblea<\/strong><\/span><\/p><ol><li><p><span lang=\"es-ES-u-co-trad\">El presidente Dr. Arturo Mart\u00ed dio la bienvenida a los participantes e hizo un recuento de las actividades desarrolladas por la organizaci\u00f3n desde la Asamblea efectuada en Zaragoza en 2019.<\/span><\/p><\/li><\/ol><ol start=\"5\"><li><p><span lang=\"es-ES-u-co-trad\">Los participantes expusieron la situaci\u00f3n de la pandemia por COVID-19 y las medidas adoptadas para mitigarla en cada pa\u00eds, haciendo \u00e9nfasis en lo relacionado con la educaci\u00f3n. Algunos colegas invitaron a revisar las p\u00e1ginas web de sus sociedades a fin de identificar los logros alcanzados en el tema del uso de la telem\u00e1tica en los laboratorios de fisica, y sus aplicaciones. A propuesta del Dr. Nabil Kawas se acord\u00f3 continuar el intercambio de experiencias que puedan contribuir a enfrentar los problemas causados en la ense\u00f1anza debido a la COVID.<\/span><\/p><\/li><\/ol><ol start=\"5\"><li><p><span lang=\"es-ES-u-co-trad\">La Dra. Silvina Ponce Dawson, presidente electa IUPAP hizo una presentaci\u00f3n del funcionamiento y principales actividades de esta Organizaci\u00f3n. Expuso las actividades que se planean para celebrar 100 a\u00f1os de la IUPAP. Invit\u00f3 a los participantes a explorar las posibilidades de apoyo y manifest\u00f3 su intenci\u00f3n de estrechar v\u00ednculos con FEIASOFI mediante la firma de alg\u00fan memor\u00e1ndum de acuerdo.<\/span><\/p><\/li><\/ol><ol start=\"7\"><li><p><span lang=\"es-ES-u-co-trad\">El Dr. Carlito Lariucci,<\/span><span lang=\"es-ES-u-co-trad\">\u00a0<\/span><span lang=\"es-ES-u-co-trad\">Secretario Olimpiada Iberoamericana de F\u00edsica (OIb), hizo una exposici\u00f3n sobre esta importante actividad. En 2020 se suspendi\u00f3 debido a la pandemia de la COVID pero se espera pueda realizarse en 2021 en Brasil. Despu\u00e9s de varias intervenciones se reconoci\u00f3 la necesidad de establecer v\u00ednculos m\u00e1s estrechos entre la Federaci\u00f3n Iberoamericana de Sociedades de F\u00edsica y las OIb. La Dra. Mar\u00eda S\u00e1nchez habl\u00f3 brevemente de la Olimpiada Latinoamericana de F\u00edsica Universitaria (OLUF) que organiza la Sociedad Cubana de F\u00edsica desde 2017. En 2020 no se pudo organizar pero se espera retomarla este a\u00f1o.<\/span><\/p><\/li><\/ol><ol start=\"7\"><li><p><span lang=\"es-ES-u-co-trad\">El Dr. Luis Huerta, quien recientemente asumi\u00f3 la direcci\u00f3n del Centro Latinoamericano de F\u00edsica (CLAF)<\/span><span lang=\"es-ES-u-co-trad\">\u00a0<\/span><span lang=\"es-ES-u-co-trad\">present\u00f3 un resumen de los planes y propuestas de trabajo de este organismo.<\/span><\/p><\/li><\/ol><ol start=\"7\"><li><p><span lang=\"es-ES-u-co-trad\">El tesorero Dr. Jos\u00e9 Adolfo de Azc\u00e1rraga present\u00f3 un Informe del estado de las finanzas. La cuenta corriente de la FEIASOFI en el BBVA tiene 15,036 euros. Hasta el momento s\u00f3lo 8 asociaciones han pagado la cuota correspondiente a 2021. Explic\u00f3 la necesidad de que las transferencias se hagan de la moneda del pa\u00eds directamente a euros para reducir los descuentos por comisiones bancarias. Se record\u00f3 que, adem\u00e1s de las transferencias bancarias, tambi\u00e9n es posible y sencillo realizar el pago de las cuotas utilizando tarjetas de cr\u00e9dito.<\/span><\/p><\/li><\/ol><p><span lang=\"es-ES-u-co-trad\"><strong>Asuntos generales<\/strong><\/span><\/p><p><span lang=\"es-ES-u-co-trad\">El Dr. Jos\u00e9 Adolfo de Azc\u00e1rraga propuso promover la cooperaci\u00f3n entre las revistas de f\u00edsica de los pa\u00edses miembros y puso a disposici\u00f3n de FEIASOFI algunos art\u00edculos publicados en la Revista de la RSEF ya sea para divulgar en la p\u00e1gina web de FEIASOFI o publicarlos en las revistas de las diferentes sociedades.<\/span><\/p><p><span lang=\"es-ES-u-co-trad\">Se eligi\u00f3 la junta directiva para el periodo 2021-2023 que qued\u00f3 integrada por:<\/span><\/p><p><span lang=\"es-ES-u-co-trad\">Presidente: Dra. Mar\u00eda S\u00e1nchez Colina. Cuba<\/span><\/p><p><span lang=\"es-ES-u-co-trad\">Vicepresidente: Dr. Nabil Kawas. Honduras<\/span><\/p><p><span lang=\"es-ES-u-co-trad\">Tesorero: Dr. Jos\u00e9 Adolfo de Azc\u00e1rraga. Espa\u00f1a<\/span><\/p><p><span lang=\"it-IT\">Vocal: Dra. Cecilia Stari. Uruguay<\/span><\/p><p><span lang=\"es-ES-u-co-trad\">Presidente saliente: Arturo Mart\u00ed. Uruguay<\/span><\/p><p><span lang=\"es-ES-u-co-trad\">Se acord\u00f3 que, al concluir la presidencia de la RSEF del Dr. Azc\u00e1rraga en el pr\u00f3ximo verano, pase a ser Tesorero de la FEIASOFI el nuevo presidente o presidenta de la RSEF.<\/span><\/p><p><span lang=\"es-ES-u-co-trad\"><strong>Asamblea FEIASOFI 2022<\/strong><\/span><span lang=\"es-ES-u-co-trad\">.<\/span><\/p><p><span lang=\"es-ES-u-co-trad\">Definici\u00f3n de fecha y lugar. Dado que no es factible pensar en la realizaci\u00f3n una reuni\u00f3n presencial este a\u00f1o y establecer un compromiso definitivo se deja en manos de la Directiva la realizaci\u00f3n de las gestiones pertinentes para hacer posible la pr\u00f3xima Asamblea. El Dr. Jos\u00e9 Adolfo de Azc\u00e1rraga ofreci\u00f3 ver si era posible encontrar subvenciones para la pr\u00f3xima asamblea en julio de 2022 en Espa\u00f1a coincidiendo con la Bienal de la RSEF.<\/span><\/p><p><span lang=\"es-ES-u-co-trad\">Se propone hacer otra reuni\u00f3n online en octubre de 2021.<\/span><\/p><p><span lang=\"es-ES-u-co-trad\">El Dr. Antonio J. Ram\u00edrez quien hasta ahora fung\u00eda como Presidente saliente de FEIASOFI se despidi\u00f3 de los colegas presentes al cesar sus funciones. Se reconoci\u00f3 el trabajo realizado por la directiva actual.<\/span><\/p><p><span lang=\"es-ES-u-co-trad\">Siendo las 4.40 pm concluye la reuni\u00f3n<\/span><\/p><p><span lang=\"es-ES-u-co-trad\">Relaci\u00f3n de Acuerdos<\/span><\/p><ol><li><p><span lang=\"es-ES-u-co-trad\">Mantener un intercambio de experiencias que puedan contribuir a enfrentar los problemas causados en la educaci\u00f3n por la COVID-19<\/span>.<\/p><\/li><li><p><span lang=\"es-ES-u-co-trad\">Implementar acciones para iniciar una cooperaci\u00f3n entre las revistas de f\u00edsica de los pa\u00edses miembros a partir de la propuesta de compartir algunos de los art\u00edculos publicados en la Revista Espa\u00f1ola de F\u00edsica (publicada por la RSEF) en la p\u00e1gina web de FEIASOFI y en otras revistas de las diferentes sociedades.<\/span><\/p><\/li><li><p><span lang=\"es-ES-u-co-trad\">Se recomienda a los presidentes realizar el pago de las cuotas directamente en euros y mediante tarjetas de cr\u00e9dito y para reducir los descuentos por comisiones bancarias.<\/span><\/p><\/li><li><p><span lang=\"es-ES-u-co-trad\">Se acord\u00f3 que, al concluir la presidencia de la RSEF del Dr. Azc\u00e1rraga en el pr\u00f3ximo verano, pase a ser Tesorero de la FEIASOFI el nuevo presidente o presidenta de la RSEF.<\/span><\/p><\/li><\/ol>\t\t\t\t\t\t\t\t<\/div>\n\t\t\t\t<\/div>\n\t\t\t\t\t<\/div>\n\t\t\t\t<\/div>\n\t\t\t\t<\/div>\n\t\t","protected":false},"excerpt":{"rendered":"<p>Acta de la IX Asamblea General de la Federaci\u00f3n Iberoamericana de Sociedades de F\u00edsica Acta de la IX Asamblea General de la Federaci\u00f3n Iberoamericana de Sociedades de F\u00edsica FEIASOFI El d\u00eda 8 de Febrero de 2021, siendo las 13:00 UTC-3 se inicia la Asambleapor videoconferencia con la participaci\u00f3n de: Arturo Marti. Presidente Mar\u00eda S\u00e1nchez. Vicepresidenta [&hellip;]<\/p>\n","protected":false},"author":1,"featured_media":0,"parent":0,"menu_order":0,"comment_status":"closed","ping_status":"closed","template":"elementor_header_footer","meta":{"footnotes":""},"class_list":["post-7583","page","type-page","status-publish","hentry"],"yoast_head":"<!-- This site is optimized with the Yoast SEO plugin v27.1.1 - https:\/\/yoast.com\/product\/yoast-seo-wordpress\/ -->\n<title>Acta de la IX Asamblea General de la Federaci\u00f3n Iberoamericana de Sociedades de F\u00edsica - Feiasofi<\/title>\n<meta name=\"robots\" content=\"index, follow, max-snippet:-1, max-image-preview:large, max-video-preview:-1\" \/>\n<link rel=\"canonical\" href=\"https:\/\/feiasofi.net\/?page_id=7583\" \/>\n<meta property=\"og:locale\" content=\"es_ES\" \/>\n<meta property=\"og:type\" content=\"article\" \/>\n<meta property=\"og:title\" content=\"Acta de la IX Asamblea General de la Federaci\u00f3n Iberoamericana de Sociedades de F\u00edsica - Feiasofi\" \/>\n<meta property=\"og:description\" content=\"Acta de la IX Asamblea General de la Federaci\u00f3n Iberoamericana de Sociedades de F\u00edsica Acta de la IX Asamblea General de la Federaci\u00f3n Iberoamericana de Sociedades de F\u00edsica FEIASOFI El d\u00eda 8 de Febrero de 2021, siendo las 13:00 UTC-3 se inicia la Asambleapor videoconferencia con la participaci\u00f3n de: Arturo Marti. Presidente Mar\u00eda S\u00e1nchez. Vicepresidenta [&hellip;]\" \/>\n<meta property=\"og:url\" content=\"https:\/\/feiasofi.net\/?page_id=7583\" \/>\n<meta property=\"og:site_name\" content=\"Feiasofi\" \/>\n<meta property=\"article:modified_time\" content=\"2025-04-23T08:09:29+00:00\" \/>\n<meta name=\"twitter:card\" content=\"summary_large_image\" \/>\n<meta name=\"twitter:label1\" content=\"Tiempo de lectura\" \/>\n\t<meta name=\"twitter:data1\" content=\"5 minutos\" \/>\n<script type=\"application\/ld+json\" class=\"yoast-schema-graph\">{\"@context\":\"https:\/\/schema.org\",\"@graph\":[{\"@type\":\"WebPage\",\"@id\":\"https:\/\/feiasofi.net\/?page_id=7583\",\"url\":\"https:\/\/feiasofi.net\/?page_id=7583\",\"name\":\"Acta de la IX Asamblea General de la Federaci\u00f3n Iberoamericana de Sociedades de F\u00edsica - Feiasofi\",\"isPartOf\":{\"@id\":\"https:\/\/feiasofi.net\/#website\"},\"datePublished\":\"2025-04-23T08:08:07+00:00\",\"dateModified\":\"2025-04-23T08:09:29+00:00\",\"breadcrumb\":{\"@id\":\"https:\/\/feiasofi.net\/?page_id=7583#breadcrumb\"},\"inLanguage\":\"es\",\"potentialAction\":[{\"@type\":\"ReadAction\",\"target\":[\"https:\/\/feiasofi.net\/?page_id=7583\"]}]},{\"@type\":\"BreadcrumbList\",\"@id\":\"https:\/\/feiasofi.net\/?page_id=7583#breadcrumb\",\"itemListElement\":[{\"@type\":\"ListItem\",\"position\":1,\"name\":\"Portada\",\"item\":\"https:\/\/feiasofi.net\/\"},{\"@type\":\"ListItem\",\"position\":2,\"name\":\"Acta de la IX Asamblea General de la Federaci\u00f3n Iberoamericana de Sociedades de F\u00edsica\"}]},{\"@type\":\"WebSite\",\"@id\":\"https:\/\/feiasofi.net\/#website\",\"url\":\"https:\/\/feiasofi.net\/\",\"name\":\"Feiasofi\",\"description\":\"\",\"potentialAction\":[{\"@type\":\"SearchAction\",\"target\":{\"@type\":\"EntryPoint\",\"urlTemplate\":\"https:\/\/feiasofi.net\/?s={search_term_string}\"},\"query-input\":{\"@type\":\"PropertyValueSpecification\",\"valueRequired\":true,\"valueName\":\"search_term_string\"}}],\"inLanguage\":\"es\"}]}<\/script>\n<!-- \/ Yoast SEO plugin. -->","yoast_head_json":{"title":"Acta de la IX Asamblea General de la Federaci\u00f3n Iberoamericana de Sociedades de F\u00edsica - Feiasofi","robots":{"index":"index","follow":"follow","max-snippet":"max-snippet:-1","max-image-preview":"max-image-preview:large","max-video-preview":"max-video-preview:-1"},"canonical":"https:\/\/feiasofi.net\/?page_id=7583","og_locale":"es_ES","og_type":"article","og_title":"Acta de la IX Asamblea General de la Federaci\u00f3n Iberoamericana de Sociedades de F\u00edsica - Feiasofi","og_description":"Acta de la IX Asamblea General de la Federaci\u00f3n Iberoamericana de Sociedades de F\u00edsica Acta de la IX Asamblea General de la Federaci\u00f3n Iberoamericana de Sociedades de F\u00edsica FEIASOFI El d\u00eda 8 de Febrero de 2021, siendo las 13:00 UTC-3 se inicia la Asambleapor videoconferencia con la participaci\u00f3n de: Arturo Marti. Presidente Mar\u00eda S\u00e1nchez. Vicepresidenta [&hellip;]","og_url":"https:\/\/feiasofi.net\/?page_id=7583","og_site_name":"Feiasofi","article_modified_time":"2025-04-23T08:09:29+00:00","twitter_card":"summary_large_image","twitter_misc":{"Tiempo de lectura":"5 minutos"},"schema":{"@context":"https:\/\/schema.org","@graph":[{"@type":"WebPage","@id":"https:\/\/feiasofi.net\/?page_id=7583","url":"https:\/\/feiasofi.net\/?page_id=7583","name":"Acta de la IX Asamblea General de la Federaci\u00f3n Iberoamericana de Sociedades de F\u00edsica - Feiasofi","isPartOf":{"@id":"https:\/\/feiasofi.net\/#website"},"datePublished":"2025-04-23T08:08:07+00:00","dateModified":"2025-04-23T08:09:29+00:00","breadcrumb":{"@id":"https:\/\/feiasofi.net\/?page_id=7583#breadcrumb"},"inLanguage":"es","potentialAction":[{"@type":"ReadAction","target":["https:\/\/feiasofi.net\/?page_id=7583"]}]},{"@type":"BreadcrumbList","@id":"https:\/\/feiasofi.net\/?page_id=7583#breadcrumb","itemListElement":[{"@type":"ListItem","position":1,"name":"Portada","item":"https:\/\/feiasofi.net\/"},{"@type":"ListItem","position":2,"name":"Acta de la IX Asamblea General de la Federaci\u00f3n Iberoamericana de Sociedades de F\u00edsica"}]},{"@type":"WebSite","@id":"https:\/\/feiasofi.net\/#website","url":"https:\/\/feiasofi.net\/","name":"Feiasofi","description":"","potentialAction":[{"@type":"SearchAction","target":{"@type":"EntryPoint","urlTemplate":"https:\/\/feiasofi.net\/?s={search_term_string}"},"query-input":{"@type":"PropertyValueSpecification","valueRequired":true,"valueName":"search_term_string"}}],"inLanguage":"es"}]}},"_links":{"self":[{"href":"https:\/\/feiasofi.net\/index.php?rest_route=\/wp\/v2\/pages\/7583","targetHints":{"allow":["GET"]}}],"collection":[{"href":"https:\/\/feiasofi.net\/index.php?rest_route=\/wp\/v2\/pages"}],"about":[{"href":"https:\/\/feiasofi.net\/index.php?rest_route=\/wp\/v2\/types\/page"}],"author":[{"embeddable":true,"href":"https:\/\/feiasofi.net\/index.php?rest_route=\/wp\/v2\/users\/1"}],"replies":[{"embeddable":true,"href":"https:\/\/feiasofi.net\/index.php?rest_route=%2Fwp%2Fv2%2Fcomments&post=7583"}],"version-history":[{"count":7,"href":"https:\/\/feiasofi.net\/index.php?rest_route=\/wp\/v2\/pages\/7583\/revisions"}],"predecessor-version":[{"id":7591,"href":"https:\/\/feiasofi.net\/index.php?rest_route=\/wp\/v2\/pages\/7583\/revisions\/7591"}],"wp:attachment":[{"href":"https:\/\/feiasofi.net\/index.php?rest_route=%2Fwp%2Fv2%2Fmedia&parent=7583"}],"curies":[{"name":"wp","href":"https:\/\/api.w.org\/{rel}","templated":true}]}}