{"id":7619,"date":"2025-04-23T08:19:27","date_gmt":"2025-04-23T08:19:27","guid":{"rendered":"https:\/\/feiasofi.net\/?page_id=7619"},"modified":"2025-04-23T08:20:41","modified_gmt":"2025-04-23T08:20:41","slug":"acta-de-la-viii-asamblea-de-feiasofi-2019","status":"publish","type":"page","link":"https:\/\/feiasofi.net\/?page_id=7619","title":{"rendered":"Acta de la VIII Asamblea de FEIASOFI (2019)"},"content":{"rendered":"\t\t<div data-elementor-type=\"wp-page\" data-elementor-id=\"7619\" class=\"elementor elementor-7619\">\n\t\t\t\t<div class=\"elementor-element elementor-element-0d243b0 e-flex e-con-boxed e-con e-parent\" data-id=\"0d243b0\" data-element_type=\"container\" data-e-type=\"container\">\n\t\t\t\t\t<div class=\"e-con-inner\">\n\t\t\t\t<div class=\"elementor-element elementor-element-f4f72ba elementor-widget elementor-widget-heading\" data-id=\"f4f72ba\" data-element_type=\"widget\" data-e-type=\"widget\" data-widget_type=\"heading.default\">\n\t\t\t\t<div class=\"elementor-widget-container\">\n\t\t\t\t\t<h2 class=\"elementor-heading-title elementor-size-default\">Acta de la VIII Asamblea de FEIASOFI (2019)<\/h2>\t\t\t\t<\/div>\n\t\t\t\t<\/div>\n\t\t\t\t\t<\/div>\n\t\t\t\t<\/div>\n\t\t<div class=\"elementor-element elementor-element-b7e9929 e-flex e-con-boxed e-con e-parent\" data-id=\"b7e9929\" data-element_type=\"container\" data-e-type=\"container\">\n\t\t\t\t\t<div class=\"e-con-inner\">\n\t\t\t\t<div class=\"elementor-element elementor-element-4b61101 elementor-widget elementor-widget-text-editor\" data-id=\"4b61101\" data-element_type=\"widget\" data-e-type=\"widget\" data-widget_type=\"text-editor.default\">\n\t\t\t\t<div class=\"elementor-widget-container\">\n\t\t\t\t\t\t\t\t\t<p><strong>Acta de la VIII Asamblea de FEIASOFI<\/strong><\/p><p>En el d\u00eda 18 de julio de 2019, siendo la hora 15:00\u00a0en la Facultad de Educaci\u00f3n de la Universidad de Zaragoza\u00a0comienza la sesi\u00f3n con la presencia de Gustavo Monti (Asociaci\u00f3n F\u00edsica Argentina), Antonio Gomes (Sociedad Brasilera de F\u00edsica), Luis Huerta (Sociedad Chilena de F\u00edsica) Hernando Ariza Calder\u00f3n (Sociedad Colombiana de F\u00edsica), Gerardo Noguera Vega (Colegio de F\u00edsicos de Costa Rica), Mar\u00eda S\u00e1nchez (vicepresidenta y Sociedad Cubana de F\u00edsica), Denia Marlenis Cid (Sociedad Dominicana de F\u00edsica),\u00a0Jos\u00e9 Adolfo de Azc\u00e1rraga\u00a0(Real Sociedad Espa\u00f1ola de F\u00edsica), Juan Adolfo Ponciano (Sociedad de F\u00edsica de Guatemala), Nabil Kawas (Sociedad Hondure\u00f1a de F\u00edsica), L<span lang=\"es-UY\">uis Arturo Ure\u00f1a-Lopez (Sociedad Mexicana de F\u00edscia),\u00a0<\/span>Cecilia Stari (Sociedad Uruguaya de F\u00edsica), Jorge Stephany (Sociedad Venezolana de F\u00edsica),\u00a0Leopoldo Esquivel (Sociedad Centroamericana y del Caribe de F\u00edsica ),\u00a0Antonio J. Ram\u00edrez (presidente saliente),\u00a0Arturo C. Marti (presidente).<\/p><ol><li><p>El Dr. Arturo Mart\u00ed abre la reuni\u00f3n y a continuaci\u00f3n el Dr. Jos\u00e9 Adolfo de Azc\u00e1rraga da la bienvenida a los representantes de las sociedades Iberoamericanas de F\u00edsica.<\/p><\/li><li><p>Se propone a la Dra. Denia Cid para colaborar con el presidente en la elaboraci\u00f3n del acta.<\/p><\/li><li><p>Se aprueba por unanimidad el acta de la VII Asamblea desarrollada en La Habana en 2018.<\/p><\/li><li><p>Se realiza una breve presentaci\u00f3n de cada uno de los delegados asistentes miembros de FEIASOFI (historia, cantidad de miembros activos, actividades actuales). Se propone publicar en la p\u00e1gina web las presentaciones disponibles electr\u00f3nicamente.<\/p><\/li><li><p>Informe del presidente\u00a0y revisi\u00f3n de los acuerdos de la Asamblea 2018.\u00a0El presidente informa los contactos realizados con las\u00a0sociedades\u00a0de los pa\u00edses que no se encuentran presentes: Bolivia, Ecuador, El Salvador, Nicaragua, Panam\u00e1 Paraguay, Per\u00fa. Se exhorta a continuar los contactos y promover la participaci\u00f3n en las futuras reuniones. Se informa sobre la presencia de FEIASOFI en las redes sociales (<a href=\"https:\/\/twitter.com\/feiasofisica\">https:\/\/twitter.com\/feiasofisica<\/a>) y la entrada actualizada en Wikipedia. Tambi\u00e9n se informa sobre el mantenimiento y actualizaci\u00f3n de la p\u00e1gina web\u00a0<a href=\"http:\/\/www.feiasofi.net\/\">http:\/\/www.feiasofi.net<\/a>\u00a0donde se difunde la informaci\u00f3n de inter\u00e9s para la comunidad.<\/p><\/li><li><p>Participaci\u00f3n en reuni\u00f3n del CLAF. Se informa sobre la participaci\u00f3n de la Federaci\u00f3n en las reuniones del Consejo Directo y Asamblea General del Centro Latino-Americano de F\u00edsica (CLAF) como observadores y de las pr\u00f3ximas elecciones para director del CLAF. Se exhorta a los representantes a participar y difundir la informaci\u00f3n. Se valora positivamente el rol mediador de FEIASOFI entre el CLAF y las comunidades de F\u00edsica nacionales.<\/p><\/li><li><p>Olimpiada Latinoamericana y del Caribe de F\u00edsica Universitaria (OLUF), organizada por la Sociedad Cubana de F\u00edsica por primera vez en el 2017 dirigida a estudiantes de pregrados matriculados en cualquier carrera de cualquier universidad de Latinoam\u00e9rica. Consta de una prueba te\u00f3rica con problemas de f\u00edsica general que se realiza de manera simult\u00e1nea en todas las universidades. La representante de la Sociedad Cubana Dra. Mar\u00eda S\u00e1nchez Colina nos invita a participar.<\/p><\/li><li><p>Informe de finanzas por parte de Jos\u00e9 Adolfo de Azc\u00e1rraga. La FEIASOFI posee 11,720. 68 euros y est\u00e1n pendientes las cuotas de las distintas sociedades. En el acta aprobada en Cuba las distribuciones de pago estaban relacionadas de acuerdo a la cantidad de socios distribuy\u00e9ndose de la siguiente manera: Si el numero de orden era cercano a 100 socios correspond\u00eda un pago de 300 d\u00f3lares anuales, de 1000 socios 1000 d\u00f3lares. Se acord\u00f3 que se realizaran pagos de cuotas con montos de 100, 250 o 500 d\u00f3lares seg\u00fan la posibilidad de cada pa\u00eds y aquellos pa\u00edses que pagaron durante el 2018 se les acredita para el 2019.<\/p><\/li><li><p>Plan de trabajo para los pr\u00f3ximos a\u00f1os. Divisiones de la FEIASOFI. En el plan de trabajo de FEIASOFI para los pr\u00f3ximos a\u00f1os se ratifica el acuerdo tomado en la Habana y se distribuir\u00e1 un documento basados en los acuerdos de reciprocidad reciente entre sociedades miembros (de Rep\u00fablica Dominicana y Brasil) para su firma en las divisiones regionales, donde se agregar\u00e1 al Caribe y a M\u00e9xico. Convenio de reciprocidad. Puesta el d\u00eda del convenio entre las asociaciones. Se resuelve ratificar el acuerdo firmado en el a\u00f1o 2018 en La Habana y distribuir un documento basado en los acuerdos de reciprocidad recientemente celebrado entre las sociedades miembros para su firma.<\/p><\/li><li><p>Temas propuestos por los participantes. a) El Dr. Galileo Violini, f\u00edsico de dilatada trayectoria en la regi\u00f3n se comunic\u00f3 con la Junta Directiva de FEIASOFI a los efectos de hacer llegar dos iniciativas. La primera es la creaci\u00f3n de una revista latinoamericana de F\u00edsica de alto impacto, utilizando como n\u00facleo las revistas nacionales existentes tomando como modelo el Europhysics Journal. Se estima que en esta coyuntura de cambios motivados por el acceso digital a las revistas y a la presencia de grandes editoriales a nivel mundial la propuesta no es adecuada. La segunda vertiente es la solicitud de apoyo al Sexto Congreso Latinoamericano de F\u00edsica propuesto por la Pontificia Universidad Cat\u00f3lica Madre y Maestra (PUCMM) para realizarse en el 2020. FEIASOFI se compromete a auspiciar este evento y promover su realizaci\u00f3n frente al CLAF u otros organismos que se considere oportuno.<\/p><p>b) En otro planteo la Dra. Denia Cid se refiri\u00f3 a apoyar la creaci\u00f3n y fortalecimiento de la Revista Dominicana de F\u00edsica que recientemente realiz\u00f3 una convocatoria a trabajos y la creaci\u00f3n y fortalecimiento del Congreso Internacional de la Sociedad Dominicana en F\u00edsica, ya lanzado el llamado para enero del 2020. Los representantes de las sociedades mostraron su profundo inter\u00e9s en apoyar ambas iniciativas.<\/p><p>c) Asimismo, J. Adolfo de Azc\u00e1rraga sugiere que se podr\u00eda hacer intercambio de art\u00edculos de inter\u00e9s general entre la Revista Espa\u00f1ola de F\u00edsica y las an\u00e1logas de otras Sociedades de la FEIASOFI.<\/p><\/li><li><p>Pr\u00f3xima asamblea de FEIASOFI a realizarse a fines de 2020 o comienzo de 2021. Se discuten varias alternativas (Costa Rica, Argentina, Brasil, Uruguay y Cuba). Se encomienda a la Junta Directiva a realizar gestiones para hacer posible la pr\u00f3xima Asamblea.<\/p><\/li><\/ol><p>Siendo la hora 19:00 se levanta la sesi\u00f3n.<\/p>\t\t\t\t\t\t\t\t<\/div>\n\t\t\t\t<\/div>\n\t\t\t\t\t<\/div>\n\t\t\t\t<\/div>\n\t\t\t\t<\/div>\n\t\t","protected":false},"excerpt":{"rendered":"<p>Acta de la VIII Asamblea de FEIASOFI (2019) Acta de la VIII Asamblea de FEIASOFI En el d\u00eda 18 de julio de 2019, siendo la hora 15:00\u00a0en la Facultad de Educaci\u00f3n de la Universidad de Zaragoza\u00a0comienza la sesi\u00f3n con la presencia de Gustavo Monti (Asociaci\u00f3n F\u00edsica Argentina), Antonio Gomes (Sociedad Brasilera de F\u00edsica), Luis Huerta [&hellip;]<\/p>\n","protected":false},"author":1,"featured_media":0,"parent":0,"menu_order":0,"comment_status":"closed","ping_status":"closed","template":"elementor_header_footer","meta":{"footnotes":""},"class_list":["post-7619","page","type-page","status-publish","hentry"],"yoast_head":"<!-- This site is optimized with the Yoast SEO plugin v27.1.1 - https:\/\/yoast.com\/product\/yoast-seo-wordpress\/ -->\n<title>Acta de la VIII Asamblea de FEIASOFI (2019) - Feiasofi<\/title>\n<meta name=\"robots\" content=\"index, follow, max-snippet:-1, max-image-preview:large, max-video-preview:-1\" \/>\n<link rel=\"canonical\" href=\"https:\/\/feiasofi.net\/?page_id=7619\" \/>\n<meta property=\"og:locale\" content=\"es_ES\" \/>\n<meta property=\"og:type\" content=\"article\" \/>\n<meta property=\"og:title\" content=\"Acta de la VIII Asamblea de FEIASOFI (2019) - Feiasofi\" \/>\n<meta property=\"og:description\" content=\"Acta de la VIII Asamblea de FEIASOFI (2019) Acta de la VIII Asamblea de FEIASOFI En el d\u00eda 18 de julio de 2019, siendo la hora 15:00\u00a0en la Facultad de Educaci\u00f3n de la Universidad de Zaragoza\u00a0comienza la sesi\u00f3n con la presencia de Gustavo Monti (Asociaci\u00f3n F\u00edsica Argentina), Antonio Gomes (Sociedad Brasilera de F\u00edsica), Luis Huerta [&hellip;]\" \/>\n<meta property=\"og:url\" content=\"https:\/\/feiasofi.net\/?page_id=7619\" \/>\n<meta property=\"og:site_name\" content=\"Feiasofi\" \/>\n<meta property=\"article:modified_time\" content=\"2025-04-23T08:20:41+00:00\" \/>\n<meta name=\"twitter:card\" content=\"summary_large_image\" \/>\n<meta name=\"twitter:label1\" content=\"Tiempo de lectura\" \/>\n\t<meta name=\"twitter:data1\" content=\"5 minutos\" \/>\n<script type=\"application\/ld+json\" class=\"yoast-schema-graph\">{\"@context\":\"https:\/\/schema.org\",\"@graph\":[{\"@type\":\"WebPage\",\"@id\":\"https:\/\/feiasofi.net\/?page_id=7619\",\"url\":\"https:\/\/feiasofi.net\/?page_id=7619\",\"name\":\"Acta de la VIII Asamblea de FEIASOFI (2019) - Feiasofi\",\"isPartOf\":{\"@id\":\"https:\/\/feiasofi.net\/#website\"},\"datePublished\":\"2025-04-23T08:19:27+00:00\",\"dateModified\":\"2025-04-23T08:20:41+00:00\",\"breadcrumb\":{\"@id\":\"https:\/\/feiasofi.net\/?page_id=7619#breadcrumb\"},\"inLanguage\":\"es\",\"potentialAction\":[{\"@type\":\"ReadAction\",\"target\":[\"https:\/\/feiasofi.net\/?page_id=7619\"]}]},{\"@type\":\"BreadcrumbList\",\"@id\":\"https:\/\/feiasofi.net\/?page_id=7619#breadcrumb\",\"itemListElement\":[{\"@type\":\"ListItem\",\"position\":1,\"name\":\"Portada\",\"item\":\"https:\/\/feiasofi.net\/\"},{\"@type\":\"ListItem\",\"position\":2,\"name\":\"Acta de la VIII Asamblea de FEIASOFI (2019)\"}]},{\"@type\":\"WebSite\",\"@id\":\"https:\/\/feiasofi.net\/#website\",\"url\":\"https:\/\/feiasofi.net\/\",\"name\":\"Feiasofi\",\"description\":\"\",\"potentialAction\":[{\"@type\":\"SearchAction\",\"target\":{\"@type\":\"EntryPoint\",\"urlTemplate\":\"https:\/\/feiasofi.net\/?s={search_term_string}\"},\"query-input\":{\"@type\":\"PropertyValueSpecification\",\"valueRequired\":true,\"valueName\":\"search_term_string\"}}],\"inLanguage\":\"es\"}]}<\/script>\n<!-- \/ Yoast SEO plugin. -->","yoast_head_json":{"title":"Acta de la VIII Asamblea de FEIASOFI (2019) - Feiasofi","robots":{"index":"index","follow":"follow","max-snippet":"max-snippet:-1","max-image-preview":"max-image-preview:large","max-video-preview":"max-video-preview:-1"},"canonical":"https:\/\/feiasofi.net\/?page_id=7619","og_locale":"es_ES","og_type":"article","og_title":"Acta de la VIII Asamblea de FEIASOFI (2019) - Feiasofi","og_description":"Acta de la VIII Asamblea de FEIASOFI (2019) Acta de la VIII Asamblea de FEIASOFI En el d\u00eda 18 de julio de 2019, siendo la hora 15:00\u00a0en la Facultad de Educaci\u00f3n de la Universidad de Zaragoza\u00a0comienza la sesi\u00f3n con la presencia de Gustavo Monti (Asociaci\u00f3n F\u00edsica Argentina), Antonio Gomes (Sociedad Brasilera de F\u00edsica), Luis Huerta [&hellip;]","og_url":"https:\/\/feiasofi.net\/?page_id=7619","og_site_name":"Feiasofi","article_modified_time":"2025-04-23T08:20:41+00:00","twitter_card":"summary_large_image","twitter_misc":{"Tiempo de lectura":"5 minutos"},"schema":{"@context":"https:\/\/schema.org","@graph":[{"@type":"WebPage","@id":"https:\/\/feiasofi.net\/?page_id=7619","url":"https:\/\/feiasofi.net\/?page_id=7619","name":"Acta de la VIII Asamblea de FEIASOFI (2019) - Feiasofi","isPartOf":{"@id":"https:\/\/feiasofi.net\/#website"},"datePublished":"2025-04-23T08:19:27+00:00","dateModified":"2025-04-23T08:20:41+00:00","breadcrumb":{"@id":"https:\/\/feiasofi.net\/?page_id=7619#breadcrumb"},"inLanguage":"es","potentialAction":[{"@type":"ReadAction","target":["https:\/\/feiasofi.net\/?page_id=7619"]}]},{"@type":"BreadcrumbList","@id":"https:\/\/feiasofi.net\/?page_id=7619#breadcrumb","itemListElement":[{"@type":"ListItem","position":1,"name":"Portada","item":"https:\/\/feiasofi.net\/"},{"@type":"ListItem","position":2,"name":"Acta de la VIII Asamblea de FEIASOFI (2019)"}]},{"@type":"WebSite","@id":"https:\/\/feiasofi.net\/#website","url":"https:\/\/feiasofi.net\/","name":"Feiasofi","description":"","potentialAction":[{"@type":"SearchAction","target":{"@type":"EntryPoint","urlTemplate":"https:\/\/feiasofi.net\/?s={search_term_string}"},"query-input":{"@type":"PropertyValueSpecification","valueRequired":true,"valueName":"search_term_string"}}],"inLanguage":"es"}]}},"_links":{"self":[{"href":"https:\/\/feiasofi.net\/index.php?rest_route=\/wp\/v2\/pages\/7619","targetHints":{"allow":["GET"]}}],"collection":[{"href":"https:\/\/feiasofi.net\/index.php?rest_route=\/wp\/v2\/pages"}],"about":[{"href":"https:\/\/feiasofi.net\/index.php?rest_route=\/wp\/v2\/types\/page"}],"author":[{"embeddable":true,"href":"https:\/\/feiasofi.net\/index.php?rest_route=\/wp\/v2\/users\/1"}],"replies":[{"embeddable":true,"href":"https:\/\/feiasofi.net\/index.php?rest_route=%2Fwp%2Fv2%2Fcomments&post=7619"}],"version-history":[{"count":7,"href":"https:\/\/feiasofi.net\/index.php?rest_route=\/wp\/v2\/pages\/7619\/revisions"}],"predecessor-version":[{"id":7627,"href":"https:\/\/feiasofi.net\/index.php?rest_route=\/wp\/v2\/pages\/7619\/revisions\/7627"}],"wp:attachment":[{"href":"https:\/\/feiasofi.net\/index.php?rest_route=%2Fwp%2Fv2%2Fmedia&parent=7619"}],"curies":[{"name":"wp","href":"https:\/\/api.w.org\/{rel}","templated":true}]}}