{"id":7713,"date":"2025-04-23T10:06:30","date_gmt":"2025-04-23T10:06:30","guid":{"rendered":"https:\/\/feiasofi.net\/?page_id=7713"},"modified":"2025-04-23T10:35:55","modified_gmt":"2025-04-23T10:35:55","slug":"revista-de-la-uisf-numero-5-1-mayo-2009","status":"publish","type":"page","link":"https:\/\/feiasofi.net\/?page_id=7713","title":{"rendered":"Revista de la UISF. N\u00famero 5\/1 Mayo 2009"},"content":{"rendered":"\t\t<div data-elementor-type=\"wp-page\" data-elementor-id=\"7713\" class=\"elementor elementor-7713\">\n\t\t\t\t<div class=\"elementor-element elementor-element-ceb3a68 e-flex e-con-boxed e-con e-parent\" data-id=\"ceb3a68\" data-element_type=\"container\" data-e-type=\"container\">\n\t\t\t\t\t<div class=\"e-con-inner\">\n\t\t\t\t<div class=\"elementor-element elementor-element-8dfd709 elementor-widget elementor-widget-heading\" data-id=\"8dfd709\" data-element_type=\"widget\" data-e-type=\"widget\" data-widget_type=\"heading.default\">\n\t\t\t\t<div class=\"elementor-widget-container\">\n\t\t\t\t\t<h2 class=\"elementor-heading-title elementor-size-default\">Revista de la UISF. N\u00famero 5\/1 Mayo 2009<\/h2>\t\t\t\t<\/div>\n\t\t\t\t<\/div>\n\t\t\t\t\t<\/div>\n\t\t\t\t<\/div>\n\t\t<div class=\"elementor-element elementor-element-b0ef31e e-flex e-con-boxed e-con e-parent\" data-id=\"b0ef31e\" data-element_type=\"container\" data-e-type=\"container\">\n\t\t\t\t\t<div class=\"e-con-inner\">\n\t\t\t\t<div class=\"elementor-element elementor-element-9c8f8f4 elementor-widget elementor-widget-image\" data-id=\"9c8f8f4\" data-element_type=\"widget\" data-e-type=\"widget\" data-widget_type=\"image.default\">\n\t\t\t\t<div class=\"elementor-widget-container\">\n\t\t\t\t\t\t\t\t\t\t\t\t\t\t\t<img fetchpriority=\"high\" decoding=\"async\" width=\"706\" height=\"128\" src=\"https:\/\/feiasofi.net\/wp-content\/uploads\/2025\/04\/cabecera09.gif\" class=\"attachment-large size-large wp-image-7718\" alt=\"\" \/>\t\t\t\t\t\t\t\t\t\t\t\t\t\t\t<\/div>\n\t\t\t\t<\/div>\n\t\t\t\t\t<\/div>\n\t\t\t\t<\/div>\n\t\t<div class=\"elementor-element elementor-element-2d706d4 e-flex e-con-boxed e-con e-parent\" data-id=\"2d706d4\" data-element_type=\"container\" data-e-type=\"container\">\n\t\t\t\t\t<div class=\"e-con-inner\">\n\t\t<div class=\"elementor-element elementor-element-ba471e4 e-con-full e-flex e-con e-child\" data-id=\"ba471e4\" data-element_type=\"container\" data-e-type=\"container\">\n\t\t\t\t<div class=\"elementor-element elementor-element-8b1874b elementor-widget elementor-widget-image\" data-id=\"8b1874b\" data-element_type=\"widget\" data-e-type=\"widget\" data-widget_type=\"image.default\">\n\t\t\t\t<div class=\"elementor-widget-container\">\n\t\t\t\t\t\t\t\t\t\t\t\t\t\t\t<img decoding=\"async\" width=\"199\" height=\"650\" src=\"https:\/\/feiasofi.net\/wp-content\/uploads\/2025\/04\/barra_lateral.jpg\" class=\"attachment-large size-large wp-image-7701\" alt=\"\" \/>\t\t\t\t\t\t\t\t\t\t\t\t\t\t\t<\/div>\n\t\t\t\t<\/div>\n\t\t\t\t<\/div>\n\t\t<div class=\"elementor-element elementor-element-6befe7f e-con-full e-flex e-con e-child\" data-id=\"6befe7f\" data-element_type=\"container\" data-e-type=\"container\">\n\t\t\t\t<div class=\"elementor-element elementor-element-60b5e0d elementor-widget elementor-widget-text-editor\" data-id=\"60b5e0d\" data-element_type=\"widget\" data-e-type=\"widget\" data-widget_type=\"text-editor.default\">\n\t\t\t\t<div class=\"elementor-widget-container\">\n\t\t\t\t\t\t\t\t\t<table border=\"0\" cellspacing=\"0\" cellpadding=\"0\" align=\"center\"><tbody><tr><td><p><span class=\"\\&quot;Estilo2\\&quot;\"><a href=\"https:\/\/feiasofi.net\/wp-content\/uploads\/2025\/04\/carta-b09.pdf\" target=\"_blank\" rel=\"noopener\">Carta del Presidente de la FEIASOFI \/ Letra do Presidente de FEISASOFI<\/a><\/span><\/p><p><strong><span class=\"\\&quot;capitulo\\&quot;\">Foro\/Foro<\/span><\/strong><\/p><ul><li><span class=\"\\&quot;subcapitulo\\&quot;\"><a href=\"https:\/\/feiasofi.net\/wp-content\/uploads\/2025\/04\/foro-b09.pdf\" target=\"_blank\" rel=\"noopener\">La ciencia cabeza abajo.<\/a><\/span>.<\/li><\/ul><strong><span class=\"\\&quot;capitulo\\&quot;\">F\u00edsica para todos\/F\u00edsica no mundo<\/span><\/strong><ul><li><span class=\"\\&quot;subcapitulo\\&quot;\"><a href=\"https:\/\/feiasofi.net\/wp-content\/uploads\/2025\/04\/fisica-b09.pdf\" target=\"_blank\" rel=\"noopener\">F\u00edsica M\u00e9dica en la RIF.<\/a><\/span><\/li><li><span class=\"\\&quot;subcapitulo\\&quot;\"><a href=\"https:\/\/feiasofi.net\/wp-content\/uploads\/2025\/04\/tecnologias-b09.pdf\" target=\"_blank\" rel=\"noopener\">Tecnolog\u00edas emergentes avanzadas contra el c\u00e1ncer: Hadronterapia y Ultrasonidos Focalizados de Alta Frecuencia.<\/a><\/span><\/li><li><span class=\"\\&quot;subcapitulo\\&quot;\"><a href=\"https:\/\/feiasofi.net\/wp-content\/uploads\/2025\/04\/es-posible-b09.pdf\" target=\"_blank\" rel=\"noopener\">\u00bfEs posible modificar la actividad cerebral a trav\u00e9s de la aplicaci\u00f3n de campos magn\u00e9ticos?.<\/a><\/span><\/li><li><span class=\"\\&quot;subcapitulo\\&quot;\"><a href=\"https:\/\/feiasofi.net\/wp-content\/uploads\/2025\/04\/arte-b09.pdf\" target=\"_blank\" rel=\"noopener\">La F\u00edsica a trav\u00e9s del Arte: Una nueva forma de ense\u00f1ar f\u00edsica.<\/a><\/span><\/li><li><span class=\"\\&quot;subcapitulo\\&quot;\"><a href=\"https:\/\/feiasofi.net\/wp-content\/uploads\/2025\/04\/simulacion-b09.pdf\" target=\"_blank\" rel=\"noopener\">Simulaci\u00f3n de lentes gravitatorias en el laboratorio.<\/a><\/span><\/li><\/ul><strong><span class=\"\\&quot;capitulo\\&quot;\">Aprendiendo F\u00edsica\/Ensino da F\u00edsica<\/span><\/strong><ul><li><span class=\"\\&quot;subcapitulo\\&quot;\"><a href=\"https:\/\/feiasofi.net\/wp-content\/uploads\/2025\/04\/conocimiento-b09.pdf\" target=\"_blank\" rel=\"noopener\">Conocimiento conceptual de F\u00edsica B\u00e1sica en ingresantes a carreras de ciencias e ingenier\u00eda en cinco Universidades de Espa\u00f1a, Argentina y Chile.<\/a><\/span><\/li><li><span class=\"\\&quot;subcapitulo\\&quot;\"><a href=\"https:\/\/feiasofi.net\/wp-content\/uploads\/2025\/04\/diagramas-b09.pdf\" target=\"_blank\" rel=\"noopener\">Diagramas de Minkowski: construcci\u00f3n y aplicaciones.<\/a><\/span><\/li><li><span class=\"\\&quot;subcapitulo\\&quot;\"><a href=\"https:\/\/feiasofi.net\/wp-content\/uploads\/2025\/04\/determinacion-b09.pdf\" target=\"_blank\" rel=\"noopener\">Determinaci\u00f3n del coeficiente de restituci\u00f3n mediante la utilizaci\u00f3n de una rueda de Maxell.<\/a><\/span><\/li><\/ul><strong><span class=\"\\&quot;capitulo\\&quot;\">La Vida de la Ciencia \/ A vida da ci\u00eancia<\/span><\/strong><ul><li><a href=\"https:\/\/feiasofi.net\/wp-content\/uploads\/2025\/04\/vida-b09.pdf\" target=\"_blank\" rel=\"noopener\"><span class=\"\\&quot;subcapitulo\\&quot;\">El LHC, el instrumento cient\u00edfico m\u00e1s grande del mundo.<\/span><\/a><\/li><\/ul><strong><span class=\"\\&quot;capitulo\\&quot;\">Notas hist\u00f3ricas\/Apontamentos historicos<\/span><\/strong><ul><li><a href=\"https:\/\/feiasofi.net\/wp-content\/uploads\/2025\/04\/astronomia-b09.pdf\" target=\"_blank\" rel=\"noopener\"><span class=\"\\&quot;subcapitulo\\&quot;\">Astronom\u00eda Nova: 4\u00ba Centenario.<\/span><\/a><\/li><li><a href=\"https:\/\/feiasofi.net\/wp-content\/uploads\/2025\/04\/darwin-b09.pdf\" target=\"_blank\" rel=\"noopener\"><span class=\"\\&quot;subcapitulo\\&quot;\">Darwin y Botzmann: F\u00edsica Te\u00f3rica y Evoluci\u00f3n.<\/span><\/a><\/li><\/ul><strong><span class=\"\\&quot;capitulo\"><a href=\"https:\/\/feiasofi.net\/wp-content\/uploads\/2025\/04\/de-todo-b09.pdf\" target=\"_blank\" rel=\"noopener\">De todo un poco\/De tudo un pouco<\/a><\/span><\/strong><br \/><ul><li><span class=\"\\&quot;subcapitulo\\&quot;\">Understanding Non-equilibrium Thermodinamics.<\/span><\/li><li><span class=\"\\&quot;subcapitulo\\&quot;\">El quark top \u00absoltero\u00bb (single-top) es descubierto en el Tevatron de Chicago.<\/span><\/li><li><span class=\"\\&quot;subcapitulo\\&quot;\">XX Reuni\u00f3n Nacional de la Sociedad Boliviana de F\u00edsica (SOBOFI).<\/span><\/li><li><span class=\"\\&quot;subcapitulo\\&quot;\">Giulio Racah (1909-1965).<\/span><\/li><li><span class=\"\\&quot;subcapitulo\\&quot;\">El \u00faltimo latido de una estrella.<\/span><\/li><li><span class=\"\\&quot;subcapitulo\\&quot;\">Algunas actividades de la Real Sociedad Espa\u00f1ola de F\u00edsica.<\/span><\/li><li><span class=\"\\&quot;subcapitulo\\&quot;\">Obituario: Marcos Moshinsky.<\/span><\/li><\/ul><\/td><\/tr><\/tbody><\/table>\t\t\t\t\t\t\t\t<\/div>\n\t\t\t\t<\/div>\n\t\t\t\t<\/div>\n\t\t\t\t\t<\/div>\n\t\t\t\t<\/div>\n\t\t\t\t<\/div>\n\t\t","protected":false},"excerpt":{"rendered":"<p>Revista de la UISF. N\u00famero 5\/1 Mayo 2009 Carta del Presidente de la FEIASOFI \/ Letra do Presidente de FEISASOFI Foro\/Foro La ciencia cabeza abajo.. F\u00edsica para todos\/F\u00edsica no mundo F\u00edsica M\u00e9dica en la RIF. Tecnolog\u00edas emergentes avanzadas contra el c\u00e1ncer: Hadronterapia y Ultrasonidos Focalizados de Alta Frecuencia. \u00bfEs posible modificar la actividad cerebral a [&hellip;]<\/p>\n","protected":false},"author":1,"featured_media":0,"parent":0,"menu_order":0,"comment_status":"closed","ping_status":"closed","template":"elementor_header_footer","meta":{"footnotes":""},"class_list":["post-7713","page","type-page","status-publish","hentry"],"yoast_head":"<!-- This site is optimized with the Yoast SEO plugin v27.1.1 - https:\/\/yoast.com\/product\/yoast-seo-wordpress\/ -->\n<title>Revista de la UISF. N\u00famero 5\/1 Mayo 2009 - Feiasofi<\/title>\n<meta name=\"robots\" content=\"index, follow, max-snippet:-1, max-image-preview:large, max-video-preview:-1\" \/>\n<link rel=\"canonical\" href=\"https:\/\/feiasofi.net\/?page_id=7713\" \/>\n<meta property=\"og:locale\" content=\"es_ES\" \/>\n<meta property=\"og:type\" content=\"article\" \/>\n<meta property=\"og:title\" content=\"Revista de la UISF. N\u00famero 5\/1 Mayo 2009 - Feiasofi\" \/>\n<meta property=\"og:description\" content=\"Revista de la UISF. N\u00famero 5\/1 Mayo 2009 Carta del Presidente de la FEIASOFI \/ Letra do Presidente de FEISASOFI Foro\/Foro La ciencia cabeza abajo.. F\u00edsica para todos\/F\u00edsica no mundo F\u00edsica M\u00e9dica en la RIF. Tecnolog\u00edas emergentes avanzadas contra el c\u00e1ncer: Hadronterapia y Ultrasonidos Focalizados de Alta Frecuencia. \u00bfEs posible modificar la actividad cerebral a [&hellip;]\" \/>\n<meta property=\"og:url\" content=\"https:\/\/feiasofi.net\/?page_id=7713\" \/>\n<meta property=\"og:site_name\" content=\"Feiasofi\" \/>\n<meta property=\"article:modified_time\" content=\"2025-04-23T10:35:55+00:00\" \/>\n<meta property=\"og:image\" content=\"https:\/\/feiasofi.net\/wp-content\/uploads\/2025\/04\/cabecera09.gif\" \/>\n\t<meta property=\"og:image:width\" content=\"706\" \/>\n\t<meta property=\"og:image:height\" content=\"128\" \/>\n\t<meta property=\"og:image:type\" content=\"image\/gif\" \/>\n<meta name=\"twitter:card\" content=\"summary_large_image\" \/>\n<meta name=\"twitter:label1\" content=\"Tiempo de lectura\" \/>\n\t<meta name=\"twitter:data1\" content=\"2 minutos\" \/>\n<script type=\"application\/ld+json\" class=\"yoast-schema-graph\">{\"@context\":\"https:\/\/schema.org\",\"@graph\":[{\"@type\":\"WebPage\",\"@id\":\"https:\/\/feiasofi.net\/?page_id=7713\",\"url\":\"https:\/\/feiasofi.net\/?page_id=7713\",\"name\":\"Revista de la UISF. N\u00famero 5\/1 Mayo 2009 - Feiasofi\",\"isPartOf\":{\"@id\":\"https:\/\/feiasofi.net\/#website\"},\"primaryImageOfPage\":{\"@id\":\"https:\/\/feiasofi.net\/?page_id=7713#primaryimage\"},\"image\":{\"@id\":\"https:\/\/feiasofi.net\/?page_id=7713#primaryimage\"},\"thumbnailUrl\":\"https:\/\/feiasofi.net\/wp-content\/uploads\/2025\/04\/cabecera09.gif\",\"datePublished\":\"2025-04-23T10:06:30+00:00\",\"dateModified\":\"2025-04-23T10:35:55+00:00\",\"breadcrumb\":{\"@id\":\"https:\/\/feiasofi.net\/?page_id=7713#breadcrumb\"},\"inLanguage\":\"es\",\"potentialAction\":[{\"@type\":\"ReadAction\",\"target\":[\"https:\/\/feiasofi.net\/?page_id=7713\"]}]},{\"@type\":\"ImageObject\",\"inLanguage\":\"es\",\"@id\":\"https:\/\/feiasofi.net\/?page_id=7713#primaryimage\",\"url\":\"https:\/\/feiasofi.net\/wp-content\/uploads\/2025\/04\/cabecera09.gif\",\"contentUrl\":\"https:\/\/feiasofi.net\/wp-content\/uploads\/2025\/04\/cabecera09.gif\",\"width\":706,\"height\":128},{\"@type\":\"BreadcrumbList\",\"@id\":\"https:\/\/feiasofi.net\/?page_id=7713#breadcrumb\",\"itemListElement\":[{\"@type\":\"ListItem\",\"position\":1,\"name\":\"Portada\",\"item\":\"https:\/\/feiasofi.net\/\"},{\"@type\":\"ListItem\",\"position\":2,\"name\":\"Revista de la UISF. N\u00famero 5\/1 Mayo 2009\"}]},{\"@type\":\"WebSite\",\"@id\":\"https:\/\/feiasofi.net\/#website\",\"url\":\"https:\/\/feiasofi.net\/\",\"name\":\"Feiasofi\",\"description\":\"\",\"potentialAction\":[{\"@type\":\"SearchAction\",\"target\":{\"@type\":\"EntryPoint\",\"urlTemplate\":\"https:\/\/feiasofi.net\/?s={search_term_string}\"},\"query-input\":{\"@type\":\"PropertyValueSpecification\",\"valueRequired\":true,\"valueName\":\"search_term_string\"}}],\"inLanguage\":\"es\"}]}<\/script>\n<!-- \/ Yoast SEO plugin. -->","yoast_head_json":{"title":"Revista de la UISF. N\u00famero 5\/1 Mayo 2009 - Feiasofi","robots":{"index":"index","follow":"follow","max-snippet":"max-snippet:-1","max-image-preview":"max-image-preview:large","max-video-preview":"max-video-preview:-1"},"canonical":"https:\/\/feiasofi.net\/?page_id=7713","og_locale":"es_ES","og_type":"article","og_title":"Revista de la UISF. N\u00famero 5\/1 Mayo 2009 - Feiasofi","og_description":"Revista de la UISF. N\u00famero 5\/1 Mayo 2009 Carta del Presidente de la FEIASOFI \/ Letra do Presidente de FEISASOFI Foro\/Foro La ciencia cabeza abajo.. F\u00edsica para todos\/F\u00edsica no mundo F\u00edsica M\u00e9dica en la RIF. Tecnolog\u00edas emergentes avanzadas contra el c\u00e1ncer: Hadronterapia y Ultrasonidos Focalizados de Alta Frecuencia. \u00bfEs posible modificar la actividad cerebral a [&hellip;]","og_url":"https:\/\/feiasofi.net\/?page_id=7713","og_site_name":"Feiasofi","article_modified_time":"2025-04-23T10:35:55+00:00","og_image":[{"width":706,"height":128,"url":"https:\/\/feiasofi.net\/wp-content\/uploads\/2025\/04\/cabecera09.gif","type":"image\/gif"}],"twitter_card":"summary_large_image","twitter_misc":{"Tiempo de lectura":"2 minutos"},"schema":{"@context":"https:\/\/schema.org","@graph":[{"@type":"WebPage","@id":"https:\/\/feiasofi.net\/?page_id=7713","url":"https:\/\/feiasofi.net\/?page_id=7713","name":"Revista de la UISF. N\u00famero 5\/1 Mayo 2009 - Feiasofi","isPartOf":{"@id":"https:\/\/feiasofi.net\/#website"},"primaryImageOfPage":{"@id":"https:\/\/feiasofi.net\/?page_id=7713#primaryimage"},"image":{"@id":"https:\/\/feiasofi.net\/?page_id=7713#primaryimage"},"thumbnailUrl":"https:\/\/feiasofi.net\/wp-content\/uploads\/2025\/04\/cabecera09.gif","datePublished":"2025-04-23T10:06:30+00:00","dateModified":"2025-04-23T10:35:55+00:00","breadcrumb":{"@id":"https:\/\/feiasofi.net\/?page_id=7713#breadcrumb"},"inLanguage":"es","potentialAction":[{"@type":"ReadAction","target":["https:\/\/feiasofi.net\/?page_id=7713"]}]},{"@type":"ImageObject","inLanguage":"es","@id":"https:\/\/feiasofi.net\/?page_id=7713#primaryimage","url":"https:\/\/feiasofi.net\/wp-content\/uploads\/2025\/04\/cabecera09.gif","contentUrl":"https:\/\/feiasofi.net\/wp-content\/uploads\/2025\/04\/cabecera09.gif","width":706,"height":128},{"@type":"BreadcrumbList","@id":"https:\/\/feiasofi.net\/?page_id=7713#breadcrumb","itemListElement":[{"@type":"ListItem","position":1,"name":"Portada","item":"https:\/\/feiasofi.net\/"},{"@type":"ListItem","position":2,"name":"Revista de la UISF. N\u00famero 5\/1 Mayo 2009"}]},{"@type":"WebSite","@id":"https:\/\/feiasofi.net\/#website","url":"https:\/\/feiasofi.net\/","name":"Feiasofi","description":"","potentialAction":[{"@type":"SearchAction","target":{"@type":"EntryPoint","urlTemplate":"https:\/\/feiasofi.net\/?s={search_term_string}"},"query-input":{"@type":"PropertyValueSpecification","valueRequired":true,"valueName":"search_term_string"}}],"inLanguage":"es"}]}},"_links":{"self":[{"href":"https:\/\/feiasofi.net\/index.php?rest_route=\/wp\/v2\/pages\/7713","targetHints":{"allow":["GET"]}}],"collection":[{"href":"https:\/\/feiasofi.net\/index.php?rest_route=\/wp\/v2\/pages"}],"about":[{"href":"https:\/\/feiasofi.net\/index.php?rest_route=\/wp\/v2\/types\/page"}],"author":[{"embeddable":true,"href":"https:\/\/feiasofi.net\/index.php?rest_route=\/wp\/v2\/users\/1"}],"replies":[{"embeddable":true,"href":"https:\/\/feiasofi.net\/index.php?rest_route=%2Fwp%2Fv2%2Fcomments&post=7713"}],"version-history":[{"count":7,"href":"https:\/\/feiasofi.net\/index.php?rest_route=\/wp\/v2\/pages\/7713\/revisions"}],"predecessor-version":[{"id":7759,"href":"https:\/\/feiasofi.net\/index.php?rest_route=\/wp\/v2\/pages\/7713\/revisions\/7759"}],"wp:attachment":[{"href":"https:\/\/feiasofi.net\/index.php?rest_route=%2Fwp%2Fv2%2Fmedia&parent=7713"}],"curies":[{"name":"wp","href":"https:\/\/api.w.org\/{rel}","templated":true}]}}