{"id":7776,"date":"2025-04-23T11:03:51","date_gmt":"2025-04-23T11:03:51","guid":{"rendered":"https:\/\/feiasofi.net\/?page_id=7776"},"modified":"2025-04-23T11:07:11","modified_gmt":"2025-04-23T11:07:11","slug":"libro-de-resumenes-de-la-92a-reunion-de-la-asociacion-de-fisica-argentina","status":"publish","type":"page","link":"https:\/\/feiasofi.net\/?page_id=7776","title":{"rendered":"Libro de Res\u00famenes de la 92\u00aa Reuni\u00f3n de la Asociaci\u00f3n de F\u00edsica Argentina"},"content":{"rendered":"\t\t<div data-elementor-type=\"wp-page\" data-elementor-id=\"7776\" class=\"elementor elementor-7776\">\n\t\t\t\t<div class=\"elementor-element elementor-element-5a9b4d6 e-flex e-con-boxed e-con e-parent\" data-id=\"5a9b4d6\" data-element_type=\"container\" data-e-type=\"container\">\n\t\t\t\t\t<div class=\"e-con-inner\">\n\t\t\t\t<div class=\"elementor-element elementor-element-0dc6563 elementor-widget elementor-widget-heading\" data-id=\"0dc6563\" data-element_type=\"widget\" data-e-type=\"widget\" data-widget_type=\"heading.default\">\n\t\t\t\t<div class=\"elementor-widget-container\">\n\t\t\t\t\t<h2 class=\"elementor-heading-title elementor-size-default\">Libro de Res\u00famenes de la 92\u00aa Reuni\u00f3n de la Asociaci\u00f3n de F\u00edsica Argentina<\/h2>\t\t\t\t<\/div>\n\t\t\t\t<\/div>\n\t\t\t\t\t<\/div>\n\t\t\t\t<\/div>\n\t\t<div class=\"elementor-element elementor-element-f116537 e-flex e-con-boxed e-con e-parent\" data-id=\"f116537\" data-element_type=\"container\" data-e-type=\"container\">\n\t\t\t\t\t<div class=\"e-con-inner\">\n\t\t<div class=\"elementor-element elementor-element-1656914 e-con-full e-flex e-con e-child\" data-id=\"1656914\" data-element_type=\"container\" data-e-type=\"container\">\n\t\t\t\t<div class=\"elementor-element elementor-element-c94f744 elementor-widget elementor-widget-image\" data-id=\"c94f744\" data-element_type=\"widget\" data-e-type=\"widget\" data-widget_type=\"image.default\">\n\t\t\t\t<div class=\"elementor-widget-container\">\n\t\t\t\t\t\t\t\t\t\t\t\t\t\t\t<img decoding=\"async\" width=\"150\" height=\"212\" src=\"https:\/\/feiasofi.net\/wp-content\/uploads\/2025\/04\/cartelafa2007.jpg\" class=\"attachment-large size-large wp-image-7779\" alt=\"\" \/>\t\t\t\t\t\t\t\t\t\t\t\t\t\t\t<\/div>\n\t\t\t\t<\/div>\n\t\t\t\t<\/div>\n\t\t<div class=\"elementor-element elementor-element-f97d3e3 e-con-full e-flex e-con e-child\" data-id=\"f97d3e3\" data-element_type=\"container\" data-e-type=\"container\">\n\t\t\t\t<div class=\"elementor-element elementor-element-7fb0275 elementor-widget elementor-widget-text-editor\" data-id=\"7fb0275\" data-element_type=\"widget\" data-e-type=\"widget\" data-widget_type=\"text-editor.default\">\n\t\t\t\t<div class=\"elementor-widget-container\">\n\t\t\t\t\t\t\t\t\t<p><strong>24 al 28 de setiembre de 2007<\/strong><\/p><p align=\"\\&quot;left\\&quot;\">SALTA<br \/><strong>Asociaci\u00f3n F\u00edsica Argentina<\/strong><br \/><strong>Filial Tucum\u00e1n<\/strong><\/p><p align=\"\\&quot;left\\&quot;\"><strong><a href=\"https:\/\/www.feiasofi.net\/images\/PDF\/resumenes91reunionafa.pdf\" target=\"_blank\" rel=\"noopener\">Haz clic aqu\u00ed para descargar el libro de res\u00famenes de la 92\u00aa Reuni\u00f3n de la Asociaci\u00f3n de F\u00edsica Argentina<br \/>Formato PDF (4 MB)<\/a><\/strong><\/p><hr \/><p align=\"\\&quot;left\\&quot;\"><strong>Actividades<\/strong><\/p><ul><li style=\"list-style-type: none;\"><ul><li><div align=\"\\&quot;left\\&quot;\">Conferencias Plenarias<\/div><\/li><li><div align=\"\\&quot;left\\&quot;\">Conferencias Semiplenarias<\/div><\/li><li><div align=\"\\&quot;left\\&quot;\">Reuniones de Divisi\u00f3n<\/div><\/li><li><div align=\"\\&quot;left\\&quot;\">Exhibici\u00f3n y Discusi\u00f3n de murales<\/div><\/li><li><div align=\"\\&quot;left\\&quot;\">Asamblea Anual Ordinaria<\/div><\/li><li><div align=\"\\&quot;left\\&quot;\">Paneles y Mesas redondas<\/div><\/li><li><div align=\"\\&quot;left\\&quot;\">Actividades de Divulgaci\u00f3n<\/div><\/li><\/ul><\/li><\/ul><p align=\"\\&quot;left\\&quot;\"><strong>T\u00f3picos<\/strong><\/p><ul><li>Ense\u00f1anza, Historia y Filosof\u00eda de la F\u00edsica<\/li><li>F\u00edsica Estad\u00edstica y Termodin\u00e1mica<\/li><li>F\u00edsica Nuclear<\/li><li>F\u00edsica At\u00f3mica y Molecular<\/li><li>Part\u00edculas y Campos. Astrof\u00edsica<\/li><li>\u00d3ptica y Fotof\u00edsica<\/li><li>Fluidos y Plasmas<\/li><li>Materia Condensada<\/li><li>Materia Condensada Blanda<\/li><li>F\u00edsica Aplicada. Instrumentos<\/li><li>Biof\u00edsica y F\u00edsica M\u00e9dica<\/li><li>Materiales<\/li><li>Diel\u00e9ctricos<\/li><li>Geof\u00edsica<\/li><li>F\u00edsica General<\/li><li>Otros<\/li><\/ul><div align=\"\\&quot;left\\&quot;\"><strong>Comit\u00e9 Organizador<\/strong><\/div><p>TUCUMAN SALTA<\/p><ul><li style=\"list-style-type: none;\"><ul><li><div align=\"\\&quot;left\\&quot;\">Tirado, M\u00f3nica Romero, Graciela<\/div><\/li><li><div align=\"\\&quot;left\\&quot;\">Comedi, David Passamai, V\u00edctor<\/div><\/li><li><div align=\"\\&quot;left\\&quot;\">Colombo, Elisa Alanis, Elvio<\/div><\/li><li><div align=\"\\&quot;left\\&quot;\">Perez, Silvia Alvarez, Liliana<\/div><\/li><li><div align=\"\\&quot;left\\&quot;\">Grosse,Constantino Martinez,Carlos<\/div><\/li><li><div align=\"\\&quot;left\\&quot;\">G\u00f3mez Marigliano, Ana Moya, M\u00f3nica<\/div><\/li><\/ul><\/li><\/ul><p align=\"\\&quot;left\\&quot;\"><strong>Comit\u00e9 Cient\u00edfico<\/strong><\/p><ul><li style=\"list-style-type: none;\"><ul><li><div align=\"\\&quot;left\\&quot;\">Grosse, Constantino (Tucum\u00e1n)<\/div><\/li><li><div align=\"\\&quot;left\\&quot;\">Benegas, Julio (San Luis)<\/div><\/li><li><div align=\"\\&quot;left\\&quot;\">Kreiner, Andr\u00e9s (Buenos Aires)<\/div><\/li><li><div align=\"\\&quot;left\\&quot;\">Piacentini, Ruben (Rosario)<\/div><\/li><li><div align=\"\\&quot;left\\&quot;\">Alanis, Elvio (Salta)<\/div><\/li><li><div align=\"\\&quot;left\\&quot;\">Balseiro, Carlos (Bariloche)<\/div><\/li><li><div align=\"\\&quot;left\\&quot;\">Condat, Carlos (C\u00f3rdoba)<\/div><\/li><li><div align=\"\\&quot;left\\&quot;\">Naon, Carlos (La Plata)<\/div><\/li><li><div align=\"\\&quot;left\\&quot;\">Hnilo, Alejandro (Buenos Aires)<\/div><\/li><\/ul><\/li><\/ul><p align=\"\\&quot;left\\&quot;\"><strong>INFORMACION<\/strong><\/p><p align=\"\\&quot;left\\&quot;\"><strong>Dra. M\u00f3nica Tirado<\/strong><\/p><p align=\"\\&quot;left\\&quot;\">Comit\u00e9 Organizador 92\u00aa RNF 2007<br \/>Facultad de Ciencias Exactas y Tecnolog\u00eda<br \/>Universidad Nacional de Tucum\u00e1n<br \/>Av. Independencia 1800 (4000) Tucum\u00e1n \u2013 Argentina<br \/><span id=\"cloak764cd622cdc270b3ed3952b4d940b97a\"><a href=\"mailto:mtirado@herrera.unet.edu.ar\">mtirado@herrera.unet.edu.ar<\/a><\/span>\u00a0&#8211; Tel\u00e9fono: +549-3814123181<br \/><span id=\"cloakce6da2439a0d4ff059f72a8d91a9812a\"><a href=\"mailto:marigra@unsa.edu.ar\">marigra@unsa.edu.ar<\/a><\/span>\u00a0<\/p>\t\t\t\t\t\t\t\t<\/div>\n\t\t\t\t<\/div>\n\t\t\t\t<\/div>\n\t\t\t\t\t<\/div>\n\t\t\t\t<\/div>\n\t\t\t\t<\/div>\n\t\t","protected":false},"excerpt":{"rendered":"<p>Libro de Res\u00famenes de la 92\u00aa Reuni\u00f3n de la Asociaci\u00f3n de F\u00edsica Argentina 24 al 28 de setiembre de 2007 SALTAAsociaci\u00f3n F\u00edsica ArgentinaFilial Tucum\u00e1n Haz clic aqu\u00ed para descargar el libro de res\u00famenes de la 92\u00aa Reuni\u00f3n de la Asociaci\u00f3n de F\u00edsica ArgentinaFormato PDF (4 MB) Actividades Conferencias Plenarias Conferencias Semiplenarias Reuniones de Divisi\u00f3n Exhibici\u00f3n [&hellip;]<\/p>\n","protected":false},"author":1,"featured_media":0,"parent":0,"menu_order":0,"comment_status":"closed","ping_status":"closed","template":"elementor_header_footer","meta":{"footnotes":""},"class_list":["post-7776","page","type-page","status-publish","hentry"],"yoast_head":"<!-- This site is optimized with the Yoast SEO plugin v27.1.1 - https:\/\/yoast.com\/product\/yoast-seo-wordpress\/ -->\n<title>Libro de Res\u00famenes de la 92\u00aa Reuni\u00f3n de la Asociaci\u00f3n de F\u00edsica Argentina - Feiasofi<\/title>\n<meta name=\"robots\" content=\"index, follow, max-snippet:-1, max-image-preview:large, max-video-preview:-1\" \/>\n<link rel=\"canonical\" href=\"https:\/\/feiasofi.net\/?page_id=7776\" \/>\n<meta property=\"og:locale\" content=\"es_ES\" \/>\n<meta property=\"og:type\" content=\"article\" \/>\n<meta property=\"og:title\" content=\"Libro de Res\u00famenes de la 92\u00aa Reuni\u00f3n de la Asociaci\u00f3n de F\u00edsica Argentina - Feiasofi\" \/>\n<meta property=\"og:description\" content=\"Libro de Res\u00famenes de la 92\u00aa Reuni\u00f3n de la Asociaci\u00f3n de F\u00edsica Argentina 24 al 28 de setiembre de 2007 SALTAAsociaci\u00f3n F\u00edsica ArgentinaFilial Tucum\u00e1n Haz clic aqu\u00ed para descargar el libro de res\u00famenes de la 92\u00aa Reuni\u00f3n de la Asociaci\u00f3n de F\u00edsica ArgentinaFormato PDF (4 MB) Actividades Conferencias Plenarias Conferencias Semiplenarias Reuniones de Divisi\u00f3n Exhibici\u00f3n [&hellip;]\" \/>\n<meta property=\"og:url\" content=\"https:\/\/feiasofi.net\/?page_id=7776\" \/>\n<meta property=\"og:site_name\" content=\"Feiasofi\" \/>\n<meta property=\"article:modified_time\" content=\"2025-04-23T11:07:11+00:00\" \/>\n<meta property=\"og:image\" content=\"https:\/\/feiasofi.net\/wp-content\/uploads\/2025\/04\/cartelafa2007.jpg\" \/>\n\t<meta property=\"og:image:width\" content=\"150\" \/>\n\t<meta property=\"og:image:height\" content=\"212\" \/>\n\t<meta property=\"og:image:type\" content=\"image\/jpeg\" \/>\n<meta name=\"twitter:card\" content=\"summary_large_image\" \/>\n<meta name=\"twitter:label1\" content=\"Tiempo de lectura\" \/>\n\t<meta name=\"twitter:data1\" content=\"2 minutos\" \/>\n<script type=\"application\/ld+json\" class=\"yoast-schema-graph\">{\"@context\":\"https:\/\/schema.org\",\"@graph\":[{\"@type\":\"WebPage\",\"@id\":\"https:\/\/feiasofi.net\/?page_id=7776\",\"url\":\"https:\/\/feiasofi.net\/?page_id=7776\",\"name\":\"Libro de Res\u00famenes de la 92\u00aa Reuni\u00f3n de la Asociaci\u00f3n de F\u00edsica Argentina - Feiasofi\",\"isPartOf\":{\"@id\":\"https:\/\/feiasofi.net\/#website\"},\"primaryImageOfPage\":{\"@id\":\"https:\/\/feiasofi.net\/?page_id=7776#primaryimage\"},\"image\":{\"@id\":\"https:\/\/feiasofi.net\/?page_id=7776#primaryimage\"},\"thumbnailUrl\":\"https:\/\/feiasofi.net\/wp-content\/uploads\/2025\/04\/cartelafa2007.jpg\",\"datePublished\":\"2025-04-23T11:03:51+00:00\",\"dateModified\":\"2025-04-23T11:07:11+00:00\",\"breadcrumb\":{\"@id\":\"https:\/\/feiasofi.net\/?page_id=7776#breadcrumb\"},\"inLanguage\":\"es\",\"potentialAction\":[{\"@type\":\"ReadAction\",\"target\":[\"https:\/\/feiasofi.net\/?page_id=7776\"]}]},{\"@type\":\"ImageObject\",\"inLanguage\":\"es\",\"@id\":\"https:\/\/feiasofi.net\/?page_id=7776#primaryimage\",\"url\":\"https:\/\/feiasofi.net\/wp-content\/uploads\/2025\/04\/cartelafa2007.jpg\",\"contentUrl\":\"https:\/\/feiasofi.net\/wp-content\/uploads\/2025\/04\/cartelafa2007.jpg\",\"width\":150,\"height\":212},{\"@type\":\"BreadcrumbList\",\"@id\":\"https:\/\/feiasofi.net\/?page_id=7776#breadcrumb\",\"itemListElement\":[{\"@type\":\"ListItem\",\"position\":1,\"name\":\"Portada\",\"item\":\"https:\/\/feiasofi.net\/\"},{\"@type\":\"ListItem\",\"position\":2,\"name\":\"Libro de Res\u00famenes de la 92\u00aa Reuni\u00f3n de la Asociaci\u00f3n de F\u00edsica Argentina\"}]},{\"@type\":\"WebSite\",\"@id\":\"https:\/\/feiasofi.net\/#website\",\"url\":\"https:\/\/feiasofi.net\/\",\"name\":\"Feiasofi\",\"description\":\"\",\"potentialAction\":[{\"@type\":\"SearchAction\",\"target\":{\"@type\":\"EntryPoint\",\"urlTemplate\":\"https:\/\/feiasofi.net\/?s={search_term_string}\"},\"query-input\":{\"@type\":\"PropertyValueSpecification\",\"valueRequired\":true,\"valueName\":\"search_term_string\"}}],\"inLanguage\":\"es\"}]}<\/script>\n<!-- \/ Yoast SEO plugin. -->","yoast_head_json":{"title":"Libro de Res\u00famenes de la 92\u00aa Reuni\u00f3n de la Asociaci\u00f3n de F\u00edsica Argentina - Feiasofi","robots":{"index":"index","follow":"follow","max-snippet":"max-snippet:-1","max-image-preview":"max-image-preview:large","max-video-preview":"max-video-preview:-1"},"canonical":"https:\/\/feiasofi.net\/?page_id=7776","og_locale":"es_ES","og_type":"article","og_title":"Libro de Res\u00famenes de la 92\u00aa Reuni\u00f3n de la Asociaci\u00f3n de F\u00edsica Argentina - Feiasofi","og_description":"Libro de Res\u00famenes de la 92\u00aa Reuni\u00f3n de la Asociaci\u00f3n de F\u00edsica Argentina 24 al 28 de setiembre de 2007 SALTAAsociaci\u00f3n F\u00edsica ArgentinaFilial Tucum\u00e1n Haz clic aqu\u00ed para descargar el libro de res\u00famenes de la 92\u00aa Reuni\u00f3n de la Asociaci\u00f3n de F\u00edsica ArgentinaFormato PDF (4 MB) Actividades Conferencias Plenarias Conferencias Semiplenarias Reuniones de Divisi\u00f3n Exhibici\u00f3n [&hellip;]","og_url":"https:\/\/feiasofi.net\/?page_id=7776","og_site_name":"Feiasofi","article_modified_time":"2025-04-23T11:07:11+00:00","og_image":[{"width":150,"height":212,"url":"https:\/\/feiasofi.net\/wp-content\/uploads\/2025\/04\/cartelafa2007.jpg","type":"image\/jpeg"}],"twitter_card":"summary_large_image","twitter_misc":{"Tiempo de lectura":"2 minutos"},"schema":{"@context":"https:\/\/schema.org","@graph":[{"@type":"WebPage","@id":"https:\/\/feiasofi.net\/?page_id=7776","url":"https:\/\/feiasofi.net\/?page_id=7776","name":"Libro de Res\u00famenes de la 92\u00aa Reuni\u00f3n de la Asociaci\u00f3n de F\u00edsica Argentina - Feiasofi","isPartOf":{"@id":"https:\/\/feiasofi.net\/#website"},"primaryImageOfPage":{"@id":"https:\/\/feiasofi.net\/?page_id=7776#primaryimage"},"image":{"@id":"https:\/\/feiasofi.net\/?page_id=7776#primaryimage"},"thumbnailUrl":"https:\/\/feiasofi.net\/wp-content\/uploads\/2025\/04\/cartelafa2007.jpg","datePublished":"2025-04-23T11:03:51+00:00","dateModified":"2025-04-23T11:07:11+00:00","breadcrumb":{"@id":"https:\/\/feiasofi.net\/?page_id=7776#breadcrumb"},"inLanguage":"es","potentialAction":[{"@type":"ReadAction","target":["https:\/\/feiasofi.net\/?page_id=7776"]}]},{"@type":"ImageObject","inLanguage":"es","@id":"https:\/\/feiasofi.net\/?page_id=7776#primaryimage","url":"https:\/\/feiasofi.net\/wp-content\/uploads\/2025\/04\/cartelafa2007.jpg","contentUrl":"https:\/\/feiasofi.net\/wp-content\/uploads\/2025\/04\/cartelafa2007.jpg","width":150,"height":212},{"@type":"BreadcrumbList","@id":"https:\/\/feiasofi.net\/?page_id=7776#breadcrumb","itemListElement":[{"@type":"ListItem","position":1,"name":"Portada","item":"https:\/\/feiasofi.net\/"},{"@type":"ListItem","position":2,"name":"Libro de Res\u00famenes de la 92\u00aa Reuni\u00f3n de la Asociaci\u00f3n de F\u00edsica Argentina"}]},{"@type":"WebSite","@id":"https:\/\/feiasofi.net\/#website","url":"https:\/\/feiasofi.net\/","name":"Feiasofi","description":"","potentialAction":[{"@type":"SearchAction","target":{"@type":"EntryPoint","urlTemplate":"https:\/\/feiasofi.net\/?s={search_term_string}"},"query-input":{"@type":"PropertyValueSpecification","valueRequired":true,"valueName":"search_term_string"}}],"inLanguage":"es"}]}},"_links":{"self":[{"href":"https:\/\/feiasofi.net\/index.php?rest_route=\/wp\/v2\/pages\/7776","targetHints":{"allow":["GET"]}}],"collection":[{"href":"https:\/\/feiasofi.net\/index.php?rest_route=\/wp\/v2\/pages"}],"about":[{"href":"https:\/\/feiasofi.net\/index.php?rest_route=\/wp\/v2\/types\/page"}],"author":[{"embeddable":true,"href":"https:\/\/feiasofi.net\/index.php?rest_route=\/wp\/v2\/users\/1"}],"replies":[{"embeddable":true,"href":"https:\/\/feiasofi.net\/index.php?rest_route=%2Fwp%2Fv2%2Fcomments&post=7776"}],"version-history":[{"count":7,"href":"https:\/\/feiasofi.net\/index.php?rest_route=\/wp\/v2\/pages\/7776\/revisions"}],"predecessor-version":[{"id":7786,"href":"https:\/\/feiasofi.net\/index.php?rest_route=\/wp\/v2\/pages\/7776\/revisions\/7786"}],"wp:attachment":[{"href":"https:\/\/feiasofi.net\/index.php?rest_route=%2Fwp%2Fv2%2Fmedia&parent=7776"}],"curies":[{"name":"wp","href":"https:\/\/api.w.org\/{rel}","templated":true}]}}