{"id":8033,"date":"2025-04-30T09:02:34","date_gmt":"2025-04-30T09:02:34","guid":{"rendered":"https:\/\/feiasofi.net\/?page_id=8033"},"modified":"2025-11-10T17:19:42","modified_gmt":"2025-11-10T17:19:42","slug":"sociedades-de-fisica-miembros-de-la-feiasofi","status":"publish","type":"page","link":"https:\/\/feiasofi.net\/?page_id=8033","title":{"rendered":"Sociedades de F\u00edsica miembros de la FEIASOFI"},"content":{"rendered":"\t\t<div data-elementor-type=\"wp-page\" data-elementor-id=\"8033\" class=\"elementor elementor-8033\">\n\t\t\t\t<div class=\"elementor-element elementor-element-0027dc4 e-con-full e-flex e-con e-parent\" data-id=\"0027dc4\" data-element_type=\"container\" data-e-type=\"container\">\n\t\t\t\t<div class=\"elementor-element elementor-element-20b682e elementor-widget elementor-widget-text-editor\" data-id=\"20b682e\" data-element_type=\"widget\" data-e-type=\"widget\" data-widget_type=\"text-editor.default\">\n\t\t\t\t<div class=\"elementor-widget-container\">\n\t\t\t\t\t\t\t\t\t<h2 style=\"text-align: center;\">Sociedades de F\u00edsica miembros de la FEIASOFI<\/h2><p style=\"text-align: center;\"><a href=\"http:\/\/200.7.160.189\/sobofi\/index.html\">Sociedad Boliviana de F\u00edsica<\/a><\/p><p style=\"text-align: center;\"><a href=\"https:\/\/cf-cr.com\/\">Colegio de F\u00edsicos de Costa Rica<\/a><\/p><p style=\"text-align: center;\"><a href=\"https:\/\/www.facebook.com\/agtfisica\/?locale=es_ES\">Asociaci\u00f3n Guatemalteca de F\u00edsica<\/a><\/p><p style=\"text-align: center;\"><a href=\"https:\/\/www.fisica.org.ar\/\">Asociaci\u00f3n de F\u00edsica Argentina<\/a><\/p><p style=\"text-align: center;\"><a href=\"https:\/\/rsef.es\/\">Real Sociedad Espa\u00f1ola de F\u00edsica<\/a><\/p><p style=\"text-align: center;\"><a href=\"https:\/\/sccf.com.co\/\">Sociedad Colombiana de F\u00edsica<\/a><\/p><p style=\"text-align: center;\"><a href=\"https:\/\/fisica.uh.cu\/scf\/\">Sociedad Cubana de F\u00edsica<\/a><\/p><p style=\"text-align: center;\"><a href=\"https:\/\/fisicachile.wordpress.com\/inscripciones\/\">Sociedad Chilena de F\u00edsica<\/a><\/p><p style=\"text-align: center;\"><a href=\"https:\/\/www.feiasofi.net\/index.php\/enlaces?task=weblink.go&amp;id=18\">Sociedad Hondure\u00f1a de F\u00edsica<\/a><\/p><p style=\"text-align: center;\"><a href=\"https:\/\/smf.mx\/\">Sociedad Mexicana de F\u00edsica<\/a><\/p><p style=\"text-align: center;\"><a href=\"http:\/\/www.panamaspf.org\/\">Sociedad Paname\u00f1a de F\u00edsica<\/a><\/p><p style=\"text-align: center;\"><a href=\"https:\/\/www.facebook.com\/soperfi\/?locale=es_LA\">Sociedad Peruana de F\u00edsica<\/a><\/p><p style=\"text-align: center;\"><a href=\"https:\/\/www.spf.pt\/\">Sociedad Portuguesa de F\u00edsica<\/a><\/p><p style=\"text-align: center;\"><a href=\"https:\/\/s-u-f.blogspot.com\/\">Sociedad Uruguaya de F\u00edsica<\/a><\/p><p style=\"text-align: center;\"><a href=\"https:\/\/fisica.ciens.ucv.ve\/svf\/\">Sociedad Venezolana de F\u00edsica<\/a><\/p><p style=\"text-align: center;\"><a href=\"https:\/\/www.sbfisica.org.br\/v1\/sbf\/\">Sociedad Brasilera de F\u00edsica<\/a><\/p><p style=\"text-align: center;\"><a href=\"https:\/\/www.sef.ec\/\">Sociedad Ecuatoriana de F\u00edsica<\/a><\/p>\t\t\t\t\t\t\t\t<\/div>\n\t\t\t\t<\/div>\n\t\t\t\t<\/div>\n\t\t\t\t<\/div>\n\t\t","protected":false},"excerpt":{"rendered":"<p>Sociedades de F\u00edsica miembros de la FEIASOFI Sociedad Boliviana de F\u00edsica Colegio de F\u00edsicos de Costa Rica Asociaci\u00f3n Guatemalteca de F\u00edsica Asociaci\u00f3n de F\u00edsica Argentina Real Sociedad Espa\u00f1ola de F\u00edsica Sociedad Colombiana de F\u00edsica Sociedad Cubana de F\u00edsica Sociedad Chilena de F\u00edsica Sociedad Hondure\u00f1a de F\u00edsica Sociedad Mexicana de F\u00edsica Sociedad Paname\u00f1a de F\u00edsica Sociedad [&hellip;]<\/p>\n","protected":false},"author":1,"featured_media":0,"parent":0,"menu_order":0,"comment_status":"closed","ping_status":"closed","template":"elementor_header_footer","meta":{"footnotes":""},"class_list":["post-8033","page","type-page","status-publish","hentry"],"yoast_head":"<!-- This site is optimized with the Yoast SEO plugin v27.1.1 - https:\/\/yoast.com\/product\/yoast-seo-wordpress\/ -->\n<title>Sociedades de F\u00edsica miembros de la FEIASOFI - Feiasofi<\/title>\n<meta name=\"robots\" content=\"index, follow, max-snippet:-1, max-image-preview:large, max-video-preview:-1\" \/>\n<link rel=\"canonical\" href=\"https:\/\/feiasofi.net\/?page_id=8033\" \/>\n<meta property=\"og:locale\" content=\"es_ES\" \/>\n<meta property=\"og:type\" content=\"article\" \/>\n<meta property=\"og:title\" content=\"Sociedades de F\u00edsica miembros de la FEIASOFI - Feiasofi\" \/>\n<meta property=\"og:description\" content=\"Sociedades de F\u00edsica miembros de la FEIASOFI Sociedad Boliviana de F\u00edsica Colegio de F\u00edsicos de Costa Rica Asociaci\u00f3n Guatemalteca de F\u00edsica Asociaci\u00f3n de F\u00edsica Argentina Real Sociedad Espa\u00f1ola de F\u00edsica Sociedad Colombiana de F\u00edsica Sociedad Cubana de F\u00edsica Sociedad Chilena de F\u00edsica Sociedad Hondure\u00f1a de F\u00edsica Sociedad Mexicana de F\u00edsica Sociedad Paname\u00f1a de F\u00edsica Sociedad [&hellip;]\" \/>\n<meta property=\"og:url\" content=\"https:\/\/feiasofi.net\/?page_id=8033\" \/>\n<meta property=\"og:site_name\" content=\"Feiasofi\" \/>\n<meta property=\"article:modified_time\" content=\"2025-11-10T17:19:42+00:00\" \/>\n<meta name=\"twitter:card\" content=\"summary_large_image\" \/>\n<meta name=\"twitter:label1\" content=\"Tiempo de lectura\" \/>\n\t<meta name=\"twitter:data1\" content=\"1 minuto\" \/>\n<script type=\"application\/ld+json\" class=\"yoast-schema-graph\">{\"@context\":\"https:\/\/schema.org\",\"@graph\":[{\"@type\":\"WebPage\",\"@id\":\"https:\/\/feiasofi.net\/?page_id=8033\",\"url\":\"https:\/\/feiasofi.net\/?page_id=8033\",\"name\":\"Sociedades de F\u00edsica miembros de la FEIASOFI - Feiasofi\",\"isPartOf\":{\"@id\":\"https:\/\/feiasofi.net\/#website\"},\"datePublished\":\"2025-04-30T09:02:34+00:00\",\"dateModified\":\"2025-11-10T17:19:42+00:00\",\"breadcrumb\":{\"@id\":\"https:\/\/feiasofi.net\/?page_id=8033#breadcrumb\"},\"inLanguage\":\"es\",\"potentialAction\":[{\"@type\":\"ReadAction\",\"target\":[\"https:\/\/feiasofi.net\/?page_id=8033\"]}]},{\"@type\":\"BreadcrumbList\",\"@id\":\"https:\/\/feiasofi.net\/?page_id=8033#breadcrumb\",\"itemListElement\":[{\"@type\":\"ListItem\",\"position\":1,\"name\":\"Portada\",\"item\":\"https:\/\/feiasofi.net\/\"},{\"@type\":\"ListItem\",\"position\":2,\"name\":\"Sociedades de F\u00edsica miembros de la FEIASOFI\"}]},{\"@type\":\"WebSite\",\"@id\":\"https:\/\/feiasofi.net\/#website\",\"url\":\"https:\/\/feiasofi.net\/\",\"name\":\"Feiasofi\",\"description\":\"\",\"potentialAction\":[{\"@type\":\"SearchAction\",\"target\":{\"@type\":\"EntryPoint\",\"urlTemplate\":\"https:\/\/feiasofi.net\/?s={search_term_string}\"},\"query-input\":{\"@type\":\"PropertyValueSpecification\",\"valueRequired\":true,\"valueName\":\"search_term_string\"}}],\"inLanguage\":\"es\"}]}<\/script>\n<!-- \/ Yoast SEO plugin. -->","yoast_head_json":{"title":"Sociedades de F\u00edsica miembros de la FEIASOFI - Feiasofi","robots":{"index":"index","follow":"follow","max-snippet":"max-snippet:-1","max-image-preview":"max-image-preview:large","max-video-preview":"max-video-preview:-1"},"canonical":"https:\/\/feiasofi.net\/?page_id=8033","og_locale":"es_ES","og_type":"article","og_title":"Sociedades de F\u00edsica miembros de la FEIASOFI - Feiasofi","og_description":"Sociedades de F\u00edsica miembros de la FEIASOFI Sociedad Boliviana de F\u00edsica Colegio de F\u00edsicos de Costa Rica Asociaci\u00f3n Guatemalteca de F\u00edsica Asociaci\u00f3n de F\u00edsica Argentina Real Sociedad Espa\u00f1ola de F\u00edsica Sociedad Colombiana de F\u00edsica Sociedad Cubana de F\u00edsica Sociedad Chilena de F\u00edsica Sociedad Hondure\u00f1a de F\u00edsica Sociedad Mexicana de F\u00edsica Sociedad Paname\u00f1a de F\u00edsica Sociedad [&hellip;]","og_url":"https:\/\/feiasofi.net\/?page_id=8033","og_site_name":"Feiasofi","article_modified_time":"2025-11-10T17:19:42+00:00","twitter_card":"summary_large_image","twitter_misc":{"Tiempo de lectura":"1 minuto"},"schema":{"@context":"https:\/\/schema.org","@graph":[{"@type":"WebPage","@id":"https:\/\/feiasofi.net\/?page_id=8033","url":"https:\/\/feiasofi.net\/?page_id=8033","name":"Sociedades de F\u00edsica miembros de la FEIASOFI - Feiasofi","isPartOf":{"@id":"https:\/\/feiasofi.net\/#website"},"datePublished":"2025-04-30T09:02:34+00:00","dateModified":"2025-11-10T17:19:42+00:00","breadcrumb":{"@id":"https:\/\/feiasofi.net\/?page_id=8033#breadcrumb"},"inLanguage":"es","potentialAction":[{"@type":"ReadAction","target":["https:\/\/feiasofi.net\/?page_id=8033"]}]},{"@type":"BreadcrumbList","@id":"https:\/\/feiasofi.net\/?page_id=8033#breadcrumb","itemListElement":[{"@type":"ListItem","position":1,"name":"Portada","item":"https:\/\/feiasofi.net\/"},{"@type":"ListItem","position":2,"name":"Sociedades de F\u00edsica miembros de la FEIASOFI"}]},{"@type":"WebSite","@id":"https:\/\/feiasofi.net\/#website","url":"https:\/\/feiasofi.net\/","name":"Feiasofi","description":"","potentialAction":[{"@type":"SearchAction","target":{"@type":"EntryPoint","urlTemplate":"https:\/\/feiasofi.net\/?s={search_term_string}"},"query-input":{"@type":"PropertyValueSpecification","valueRequired":true,"valueName":"search_term_string"}}],"inLanguage":"es"}]}},"_links":{"self":[{"href":"https:\/\/feiasofi.net\/index.php?rest_route=\/wp\/v2\/pages\/8033","targetHints":{"allow":["GET"]}}],"collection":[{"href":"https:\/\/feiasofi.net\/index.php?rest_route=\/wp\/v2\/pages"}],"about":[{"href":"https:\/\/feiasofi.net\/index.php?rest_route=\/wp\/v2\/types\/page"}],"author":[{"embeddable":true,"href":"https:\/\/feiasofi.net\/index.php?rest_route=\/wp\/v2\/users\/1"}],"replies":[{"embeddable":true,"href":"https:\/\/feiasofi.net\/index.php?rest_route=%2Fwp%2Fv2%2Fcomments&post=8033"}],"version-history":[{"count":16,"href":"https:\/\/feiasofi.net\/index.php?rest_route=\/wp\/v2\/pages\/8033\/revisions"}],"predecessor-version":[{"id":9029,"href":"https:\/\/feiasofi.net\/index.php?rest_route=\/wp\/v2\/pages\/8033\/revisions\/9029"}],"wp:attachment":[{"href":"https:\/\/feiasofi.net\/index.php?rest_route=%2Fwp%2Fv2%2Fmedia&parent=8033"}],"curies":[{"name":"wp","href":"https:\/\/api.w.org\/{rel}","templated":true}]}}