{"id":8138,"date":"2025-05-05T15:19:57","date_gmt":"2025-05-05T15:19:57","guid":{"rendered":"https:\/\/feiasofi.net\/?page_id=8138"},"modified":"2025-05-05T15:21:20","modified_gmt":"2025-05-05T15:21:20","slug":"publicaciones-completas-en-internet-sobre-fisica","status":"publish","type":"page","link":"https:\/\/feiasofi.net\/?page_id=8138","title":{"rendered":"Publicaciones completas en Internet sobre F\u00edsica"},"content":{"rendered":"\t\t<div data-elementor-type=\"wp-page\" data-elementor-id=\"8138\" class=\"elementor elementor-8138\">\n\t\t\t\t<div class=\"elementor-element elementor-element-e8af2aa e-flex e-con-boxed e-con e-parent\" data-id=\"e8af2aa\" data-element_type=\"container\" data-e-type=\"container\">\n\t\t\t\t\t<div class=\"e-con-inner\">\n\t\t\t\t<div class=\"elementor-element elementor-element-e38f117 elementor-widget elementor-widget-heading\" data-id=\"e38f117\" data-element_type=\"widget\" data-e-type=\"widget\" data-widget_type=\"heading.default\">\n\t\t\t\t<div class=\"elementor-widget-container\">\n\t\t\t\t\t<h2 class=\"elementor-heading-title elementor-size-default\">Publicaciones completas en internet sobre F\u00edsica<\/h2>\t\t\t\t<\/div>\n\t\t\t\t<\/div>\n\t\t\t\t\t<\/div>\n\t\t\t\t<\/div>\n\t\t<div class=\"elementor-element elementor-element-4495053 e-flex e-con-boxed e-con e-parent\" data-id=\"4495053\" data-element_type=\"container\" data-e-type=\"container\">\n\t\t\t\t\t<div class=\"e-con-inner\">\n\t\t\t\t<div class=\"elementor-element elementor-element-4623b61 elementor-widget elementor-widget-text-editor\" data-id=\"4623b61\" data-element_type=\"widget\" data-e-type=\"widget\" data-widget_type=\"text-editor.default\">\n\t\t\t\t<div class=\"elementor-widget-container\">\n\t\t\t\t\t\t\t\t\t<p style=\"text-align: center;\"><a href=\"https:\/\/www.feiasofi.net\/index.php\/enlaces?task=weblink.go&amp;id=38\">The AIP Bulletin of Physics News<\/a><\/p><p style=\"text-align: center;\"><a href=\"https:\/\/www.feiasofi.net\/index.php\/enlaces?task=weblink.go&amp;id=39\">Physics News Graphics<\/a><\/p><p style=\"text-align: center;\"><a href=\"https:\/\/www.feiasofi.net\/index.php\/enlaces?task=weblink.go&amp;id=91\">FreeScience<\/a><\/p><p style=\"text-align: center;\"><a href=\"https:\/\/www.feiasofi.net\/index.php\/enlaces?task=weblink.go&amp;id=92\">Computational Physics &#8211; 3rd\/4th Year Option<\/a><\/p><p style=\"text-align: center;\"><a href=\"https:\/\/www.feiasofi.net\/index.php\/enlaces?task=weblink.go&amp;id=93\">Atomic Structure and Angular Momentum &#8211; Final Year Undergraduate\/Graduate Course<\/a><\/p><p style=\"text-align: center;\"><a href=\"https:\/\/www.feiasofi.net\/index.php\/enlaces?task=weblink.go&amp;id=94\">lanl.arXiv.org &#8211; Open access to 419,488 e-prints in Physics, Mathematics, Computer Science and Quantitative Biology<\/a><\/p><p style=\"text-align: center;\"><a href=\"https:\/\/www.feiasofi.net\/index.php\/enlaces?task=weblink.go&amp;id=95\">Scitation &#8211; American Institute of Physics<\/a><\/p><p style=\"text-align: center;\"><a href=\"https:\/\/www.feiasofi.net\/index.php\/enlaces?task=weblink.go&amp;id=96\">Le\u00e7ons du Coll\u00e8ge de France &#8211; Chaire de physique atomique et mol\u00e9culaire<\/a><\/p><p style=\"text-align: center;\"><a href=\"https:\/\/www.feiasofi.net\/index.php\/enlaces?task=weblink.go&amp;id=110\">Latin-American Journal of Physics Education<\/a><\/p>\t\t\t\t\t\t\t\t<\/div>\n\t\t\t\t<\/div>\n\t\t\t\t\t<\/div>\n\t\t\t\t<\/div>\n\t\t\t\t<\/div>\n\t\t","protected":false},"excerpt":{"rendered":"<p>Publicaciones completas en internet sobre F\u00edsica The AIP Bulletin of Physics News Physics News Graphics FreeScience Computational Physics &#8211; 3rd\/4th Year Option Atomic Structure and Angular Momentum &#8211; Final Year Undergraduate\/Graduate Course lanl.arXiv.org &#8211; Open access to 419,488 e-prints in Physics, Mathematics, Computer Science and Quantitative Biology Scitation &#8211; American Institute of Physics Le\u00e7ons du [&hellip;]<\/p>\n","protected":false},"author":1,"featured_media":0,"parent":0,"menu_order":0,"comment_status":"closed","ping_status":"closed","template":"elementor_header_footer","meta":{"footnotes":""},"class_list":["post-8138","page","type-page","status-publish","hentry"],"yoast_head":"<!-- This site is optimized with the Yoast SEO plugin v27.1.1 - https:\/\/yoast.com\/product\/yoast-seo-wordpress\/ -->\n<title>Publicaciones completas en Internet sobre F\u00edsica - Feiasofi<\/title>\n<meta name=\"robots\" content=\"index, follow, max-snippet:-1, max-image-preview:large, max-video-preview:-1\" \/>\n<link rel=\"canonical\" href=\"https:\/\/feiasofi.net\/?page_id=8138\" \/>\n<meta property=\"og:locale\" content=\"es_ES\" \/>\n<meta property=\"og:type\" content=\"article\" \/>\n<meta property=\"og:title\" content=\"Publicaciones completas en Internet sobre F\u00edsica - Feiasofi\" \/>\n<meta property=\"og:description\" content=\"Publicaciones completas en internet sobre F\u00edsica The AIP Bulletin of Physics News Physics News Graphics FreeScience Computational Physics &#8211; 3rd\/4th Year Option Atomic Structure and Angular Momentum &#8211; Final Year Undergraduate\/Graduate Course lanl.arXiv.org &#8211; Open access to 419,488 e-prints in Physics, Mathematics, Computer Science and Quantitative Biology Scitation &#8211; American Institute of Physics Le\u00e7ons du [&hellip;]\" \/>\n<meta property=\"og:url\" content=\"https:\/\/feiasofi.net\/?page_id=8138\" \/>\n<meta property=\"og:site_name\" content=\"Feiasofi\" \/>\n<meta property=\"article:modified_time\" content=\"2025-05-05T15:21:20+00:00\" \/>\n<meta name=\"twitter:card\" content=\"summary_large_image\" \/>\n<meta name=\"twitter:label1\" content=\"Tiempo de lectura\" \/>\n\t<meta name=\"twitter:data1\" content=\"1 minuto\" \/>\n<script type=\"application\/ld+json\" class=\"yoast-schema-graph\">{\"@context\":\"https:\/\/schema.org\",\"@graph\":[{\"@type\":\"WebPage\",\"@id\":\"https:\/\/feiasofi.net\/?page_id=8138\",\"url\":\"https:\/\/feiasofi.net\/?page_id=8138\",\"name\":\"Publicaciones completas en Internet sobre F\u00edsica - Feiasofi\",\"isPartOf\":{\"@id\":\"https:\/\/feiasofi.net\/#website\"},\"datePublished\":\"2025-05-05T15:19:57+00:00\",\"dateModified\":\"2025-05-05T15:21:20+00:00\",\"breadcrumb\":{\"@id\":\"https:\/\/feiasofi.net\/?page_id=8138#breadcrumb\"},\"inLanguage\":\"es\",\"potentialAction\":[{\"@type\":\"ReadAction\",\"target\":[\"https:\/\/feiasofi.net\/?page_id=8138\"]}]},{\"@type\":\"BreadcrumbList\",\"@id\":\"https:\/\/feiasofi.net\/?page_id=8138#breadcrumb\",\"itemListElement\":[{\"@type\":\"ListItem\",\"position\":1,\"name\":\"Portada\",\"item\":\"https:\/\/feiasofi.net\/\"},{\"@type\":\"ListItem\",\"position\":2,\"name\":\"Publicaciones completas en Internet sobre F\u00edsica\"}]},{\"@type\":\"WebSite\",\"@id\":\"https:\/\/feiasofi.net\/#website\",\"url\":\"https:\/\/feiasofi.net\/\",\"name\":\"Feiasofi\",\"description\":\"\",\"potentialAction\":[{\"@type\":\"SearchAction\",\"target\":{\"@type\":\"EntryPoint\",\"urlTemplate\":\"https:\/\/feiasofi.net\/?s={search_term_string}\"},\"query-input\":{\"@type\":\"PropertyValueSpecification\",\"valueRequired\":true,\"valueName\":\"search_term_string\"}}],\"inLanguage\":\"es\"}]}<\/script>\n<!-- \/ Yoast SEO plugin. -->","yoast_head_json":{"title":"Publicaciones completas en Internet sobre F\u00edsica - Feiasofi","robots":{"index":"index","follow":"follow","max-snippet":"max-snippet:-1","max-image-preview":"max-image-preview:large","max-video-preview":"max-video-preview:-1"},"canonical":"https:\/\/feiasofi.net\/?page_id=8138","og_locale":"es_ES","og_type":"article","og_title":"Publicaciones completas en Internet sobre F\u00edsica - Feiasofi","og_description":"Publicaciones completas en internet sobre F\u00edsica The AIP Bulletin of Physics News Physics News Graphics FreeScience Computational Physics &#8211; 3rd\/4th Year Option Atomic Structure and Angular Momentum &#8211; Final Year Undergraduate\/Graduate Course lanl.arXiv.org &#8211; Open access to 419,488 e-prints in Physics, Mathematics, Computer Science and Quantitative Biology Scitation &#8211; American Institute of Physics Le\u00e7ons du [&hellip;]","og_url":"https:\/\/feiasofi.net\/?page_id=8138","og_site_name":"Feiasofi","article_modified_time":"2025-05-05T15:21:20+00:00","twitter_card":"summary_large_image","twitter_misc":{"Tiempo de lectura":"1 minuto"},"schema":{"@context":"https:\/\/schema.org","@graph":[{"@type":"WebPage","@id":"https:\/\/feiasofi.net\/?page_id=8138","url":"https:\/\/feiasofi.net\/?page_id=8138","name":"Publicaciones completas en Internet sobre F\u00edsica - Feiasofi","isPartOf":{"@id":"https:\/\/feiasofi.net\/#website"},"datePublished":"2025-05-05T15:19:57+00:00","dateModified":"2025-05-05T15:21:20+00:00","breadcrumb":{"@id":"https:\/\/feiasofi.net\/?page_id=8138#breadcrumb"},"inLanguage":"es","potentialAction":[{"@type":"ReadAction","target":["https:\/\/feiasofi.net\/?page_id=8138"]}]},{"@type":"BreadcrumbList","@id":"https:\/\/feiasofi.net\/?page_id=8138#breadcrumb","itemListElement":[{"@type":"ListItem","position":1,"name":"Portada","item":"https:\/\/feiasofi.net\/"},{"@type":"ListItem","position":2,"name":"Publicaciones completas en Internet sobre F\u00edsica"}]},{"@type":"WebSite","@id":"https:\/\/feiasofi.net\/#website","url":"https:\/\/feiasofi.net\/","name":"Feiasofi","description":"","potentialAction":[{"@type":"SearchAction","target":{"@type":"EntryPoint","urlTemplate":"https:\/\/feiasofi.net\/?s={search_term_string}"},"query-input":{"@type":"PropertyValueSpecification","valueRequired":true,"valueName":"search_term_string"}}],"inLanguage":"es"}]}},"_links":{"self":[{"href":"https:\/\/feiasofi.net\/index.php?rest_route=\/wp\/v2\/pages\/8138","targetHints":{"allow":["GET"]}}],"collection":[{"href":"https:\/\/feiasofi.net\/index.php?rest_route=\/wp\/v2\/pages"}],"about":[{"href":"https:\/\/feiasofi.net\/index.php?rest_route=\/wp\/v2\/types\/page"}],"author":[{"embeddable":true,"href":"https:\/\/feiasofi.net\/index.php?rest_route=\/wp\/v2\/users\/1"}],"replies":[{"embeddable":true,"href":"https:\/\/feiasofi.net\/index.php?rest_route=%2Fwp%2Fv2%2Fcomments&post=8138"}],"version-history":[{"count":7,"href":"https:\/\/feiasofi.net\/index.php?rest_route=\/wp\/v2\/pages\/8138\/revisions"}],"predecessor-version":[{"id":8146,"href":"https:\/\/feiasofi.net\/index.php?rest_route=\/wp\/v2\/pages\/8138\/revisions\/8146"}],"wp:attachment":[{"href":"https:\/\/feiasofi.net\/index.php?rest_route=%2Fwp%2Fv2%2Fmedia&parent=8138"}],"curies":[{"name":"wp","href":"https:\/\/api.w.org\/{rel}","templated":true}]}}