{"id":8613,"date":"2025-05-12T13:18:15","date_gmt":"2025-05-12T13:18:15","guid":{"rendered":"https:\/\/feiasofi.net\/?page_id=8613"},"modified":"2025-11-26T16:17:12","modified_gmt":"2025-11-26T16:17:12","slug":"sociedad-mexicana-de-fisica-2","status":"publish","type":"page","link":"https:\/\/feiasofi.net\/?page_id=8613","title":{"rendered":"Sociedad Mexicana de F\u00edsica"},"content":{"rendered":"\t\t<div data-elementor-type=\"wp-page\" data-elementor-id=\"8613\" class=\"elementor elementor-8613\">\n\t\t\t\t<div class=\"elementor-element elementor-element-0a5921c e-flex e-con-boxed e-con e-parent\" data-id=\"0a5921c\" data-element_type=\"container\" data-e-type=\"container\">\n\t\t\t\t\t<div class=\"e-con-inner\">\n\t\t\t\t<div class=\"elementor-element elementor-element-c3dbe24 elementor-widget elementor-widget-heading\" data-id=\"c3dbe24\" data-element_type=\"widget\" data-e-type=\"widget\" data-widget_type=\"heading.default\">\n\t\t\t\t<div class=\"elementor-widget-container\">\n\t\t\t\t\t<h2 class=\"elementor-heading-title elementor-size-default\">Sociedad Mexicana de F\u00edsica<\/h2>\t\t\t\t<\/div>\n\t\t\t\t<\/div>\n\t\t\t\t\t<\/div>\n\t\t\t\t<\/div>\n\t\t<div class=\"elementor-element elementor-element-44e70b1 e-flex e-con-boxed e-con e-parent\" data-id=\"44e70b1\" data-element_type=\"container\" data-e-type=\"container\">\n\t\t\t\t\t<div class=\"e-con-inner\">\n\t\t<div class=\"elementor-element elementor-element-93689bb e-con-full e-flex e-con e-child\" data-id=\"93689bb\" data-element_type=\"container\" data-e-type=\"container\">\n\t\t\t\t<div class=\"elementor-element elementor-element-5048f0f elementor-widget elementor-widget-image\" data-id=\"5048f0f\" data-element_type=\"widget\" data-e-type=\"widget\" data-widget_type=\"image.default\">\n\t\t\t\t<div class=\"elementor-widget-container\">\n\t\t\t\t\t\t\t\t\t\t\t\t\t\t\t<img decoding=\"async\" width=\"105\" height=\"60\" src=\"https:\/\/feiasofi.net\/wp-content\/uploads\/2025\/05\/flag_mexico.gif\" class=\"attachment-large size-large wp-image-8605\" alt=\"\" \/>\t\t\t\t\t\t\t\t\t\t\t\t\t\t\t<\/div>\n\t\t\t\t<\/div>\n\t\t\t\t<\/div>\n\t\t<div class=\"elementor-element elementor-element-bfc342d e-con-full e-flex e-con e-child\" data-id=\"bfc342d\" data-element_type=\"container\" data-e-type=\"container\">\n\t\t\t\t<div class=\"elementor-element elementor-element-4d9be79 elementor-widget elementor-widget-text-editor\" data-id=\"4d9be79\" data-element_type=\"widget\" data-e-type=\"widget\" data-widget_type=\"text-editor.default\">\n\t\t\t\t<div class=\"elementor-widget-container\">\n\t\t\t\t\t\t\t\t\t<p><strong>Presidente<\/strong>:\u00a0\u00a0Dr. Oracio Navarro<br \/><strong>email<\/strong>:\u00a0<span id=\"cloakfd2af2b595bc25d1a2236103742234dc\"><a href=\"mailto:smf@ciencias.unam.mx\">smf at ciencias dot unam dot mx<\/a><\/span><br \/><strong>Web<\/strong>:\u00a0<a href=\"http:\/\/www.smf.mx\/\">http:\/\/www.smf.mx<\/a><\/p>\t\t\t\t\t\t\t\t<\/div>\n\t\t\t\t<\/div>\n\t\t\t\t<\/div>\n\t\t\t\t\t<\/div>\n\t\t\t\t<\/div>\n\t\t<div class=\"elementor-element elementor-element-f77d3a8 e-flex e-con-boxed e-con e-parent\" data-id=\"f77d3a8\" data-element_type=\"container\" data-e-type=\"container\">\n\t\t\t\t\t<div class=\"e-con-inner\">\n\t\t\t\t<div class=\"elementor-element elementor-element-c56e134 elementor-widget elementor-widget-text-editor\" data-id=\"c56e134\" data-element_type=\"widget\" data-e-type=\"widget\" data-widget_type=\"text-editor.default\">\n\t\t\t\t<div class=\"elementor-widget-container\">\n\t\t\t\t\t\t\t\t\t<p class=\"&quot;msonormal&quot;\" align=\"&quot;justify&quot;\">Las finalidades y objetivos de la SMF, sin que persiga f\u00ednes de lucro son:<\/p><ul><li><div class=\"&quot;msonormal&quot;\" align=\"&quot;justify&quot;\">Promover las actividades de investigaci\u00f3n, ense\u00f1anza, difusi\u00f3n y divulgaci\u00f3n de la f\u00edsica y sus aplicaciones.<\/div><\/li><li><div class=\"&quot;msonormal&quot;\" align=\"&quot;justify&quot;\">Elevar la cultura y el inter\u00e9s general por la ciencia y en especial por la f\u00edsica.<\/div><\/li><li><div class=\"&quot;msonormal&quot;\" align=\"&quot;justify&quot;\">Buscar la ampliaci\u00f3n de los canales por medio de los cuales la actividad profesional de la f\u00edsica en M\u00e9xico encuentre una mayor y mejor repercusi\u00f3n econ\u00f3mica, social y cultural.<\/div><\/li><li><div class=\"&quot;msonormal&quot;\" align=\"&quot;justify&quot;\">Fomentar la actividad cient\u00edfica y la ense\u00f1anza de las ciencias en todos los niveles, as\u00ed como las relaciones entre la ciencia y la sociedad en su conjunto.<\/div><\/li><li><div class=\"&quot;msonormal&quot;\" align=\"&quot;justify&quot;\">Servir como centro de convergencia de los interesados en el desarrollo de las ciencias f\u00edsicas y sus aplicaciones en M\u00e9xico.<\/div><\/li><li><div class=\"&quot;msonormal&quot;\" align=\"&quot;justify&quot;\">Establecer relaciones con instituciones y sociedades afines, tanto nacionales como internacionales.<\/div><\/li><\/ul>\t\t\t\t\t\t\t\t<\/div>\n\t\t\t\t<\/div>\n\t\t\t\t\t<\/div>\n\t\t\t\t<\/div>\n\t\t\t\t<\/div>\n\t\t","protected":false},"excerpt":{"rendered":"<p>Sociedad Mexicana de F\u00edsica Presidente:\u00a0\u00a0Dr. Oracio Navarroemail:\u00a0smf at ciencias dot unam dot mxWeb:\u00a0http:\/\/www.smf.mx Las finalidades y objetivos de la SMF, sin que persiga f\u00ednes de lucro son: Promover las actividades de investigaci\u00f3n, ense\u00f1anza, difusi\u00f3n y divulgaci\u00f3n de la f\u00edsica y sus aplicaciones. Elevar la cultura y el inter\u00e9s general por la ciencia y en especial [&hellip;]<\/p>\n","protected":false},"author":1,"featured_media":0,"parent":0,"menu_order":0,"comment_status":"closed","ping_status":"closed","template":"elementor_header_footer","meta":{"footnotes":""},"class_list":["post-8613","page","type-page","status-publish","hentry"],"yoast_head":"<!-- This site is optimized with the Yoast SEO plugin v27.1.1 - https:\/\/yoast.com\/product\/yoast-seo-wordpress\/ -->\n<title>Sociedad Mexicana de F\u00edsica - Feiasofi<\/title>\n<meta name=\"robots\" content=\"index, follow, max-snippet:-1, max-image-preview:large, max-video-preview:-1\" \/>\n<link rel=\"canonical\" href=\"https:\/\/feiasofi.net\/?page_id=8613\" \/>\n<meta property=\"og:locale\" content=\"es_ES\" \/>\n<meta property=\"og:type\" content=\"article\" \/>\n<meta property=\"og:title\" content=\"Sociedad Mexicana de F\u00edsica - Feiasofi\" \/>\n<meta property=\"og:description\" content=\"Sociedad Mexicana de F\u00edsica Presidente:\u00a0\u00a0Dr. Oracio Navarroemail:\u00a0smf at ciencias dot unam dot mxWeb:\u00a0http:\/\/www.smf.mx Las finalidades y objetivos de la SMF, sin que persiga f\u00ednes de lucro son: Promover las actividades de investigaci\u00f3n, ense\u00f1anza, difusi\u00f3n y divulgaci\u00f3n de la f\u00edsica y sus aplicaciones. Elevar la cultura y el inter\u00e9s general por la ciencia y en especial [&hellip;]\" \/>\n<meta property=\"og:url\" content=\"https:\/\/feiasofi.net\/?page_id=8613\" \/>\n<meta property=\"og:site_name\" content=\"Feiasofi\" \/>\n<meta property=\"article:modified_time\" content=\"2025-11-26T16:17:12+00:00\" \/>\n<meta property=\"og:image\" content=\"https:\/\/feiasofi.net\/wp-content\/uploads\/2025\/05\/flag_mexico.gif\" \/>\n\t<meta property=\"og:image:width\" content=\"105\" \/>\n\t<meta property=\"og:image:height\" content=\"60\" \/>\n\t<meta property=\"og:image:type\" content=\"image\/gif\" \/>\n<meta name=\"twitter:card\" content=\"summary_large_image\" \/>\n<meta name=\"twitter:label1\" content=\"Tiempo de lectura\" \/>\n\t<meta name=\"twitter:data1\" content=\"1 minuto\" \/>\n<script type=\"application\/ld+json\" class=\"yoast-schema-graph\">{\"@context\":\"https:\/\/schema.org\",\"@graph\":[{\"@type\":\"WebPage\",\"@id\":\"https:\/\/feiasofi.net\/?page_id=8613\",\"url\":\"https:\/\/feiasofi.net\/?page_id=8613\",\"name\":\"Sociedad Mexicana de F\u00edsica - Feiasofi\",\"isPartOf\":{\"@id\":\"https:\/\/feiasofi.net\/#website\"},\"primaryImageOfPage\":{\"@id\":\"https:\/\/feiasofi.net\/?page_id=8613#primaryimage\"},\"image\":{\"@id\":\"https:\/\/feiasofi.net\/?page_id=8613#primaryimage\"},\"thumbnailUrl\":\"https:\/\/feiasofi.net\/wp-content\/uploads\/2025\/05\/flag_mexico.gif\",\"datePublished\":\"2025-05-12T13:18:15+00:00\",\"dateModified\":\"2025-11-26T16:17:12+00:00\",\"breadcrumb\":{\"@id\":\"https:\/\/feiasofi.net\/?page_id=8613#breadcrumb\"},\"inLanguage\":\"es\",\"potentialAction\":[{\"@type\":\"ReadAction\",\"target\":[\"https:\/\/feiasofi.net\/?page_id=8613\"]}]},{\"@type\":\"ImageObject\",\"inLanguage\":\"es\",\"@id\":\"https:\/\/feiasofi.net\/?page_id=8613#primaryimage\",\"url\":\"https:\/\/feiasofi.net\/wp-content\/uploads\/2025\/05\/flag_mexico.gif\",\"contentUrl\":\"https:\/\/feiasofi.net\/wp-content\/uploads\/2025\/05\/flag_mexico.gif\",\"width\":105,\"height\":60},{\"@type\":\"BreadcrumbList\",\"@id\":\"https:\/\/feiasofi.net\/?page_id=8613#breadcrumb\",\"itemListElement\":[{\"@type\":\"ListItem\",\"position\":1,\"name\":\"Portada\",\"item\":\"https:\/\/feiasofi.net\/\"},{\"@type\":\"ListItem\",\"position\":2,\"name\":\"Sociedad Mexicana de F\u00edsica\"}]},{\"@type\":\"WebSite\",\"@id\":\"https:\/\/feiasofi.net\/#website\",\"url\":\"https:\/\/feiasofi.net\/\",\"name\":\"Feiasofi\",\"description\":\"\",\"potentialAction\":[{\"@type\":\"SearchAction\",\"target\":{\"@type\":\"EntryPoint\",\"urlTemplate\":\"https:\/\/feiasofi.net\/?s={search_term_string}\"},\"query-input\":{\"@type\":\"PropertyValueSpecification\",\"valueRequired\":true,\"valueName\":\"search_term_string\"}}],\"inLanguage\":\"es\"}]}<\/script>\n<!-- \/ Yoast SEO plugin. -->","yoast_head_json":{"title":"Sociedad Mexicana de F\u00edsica - Feiasofi","robots":{"index":"index","follow":"follow","max-snippet":"max-snippet:-1","max-image-preview":"max-image-preview:large","max-video-preview":"max-video-preview:-1"},"canonical":"https:\/\/feiasofi.net\/?page_id=8613","og_locale":"es_ES","og_type":"article","og_title":"Sociedad Mexicana de F\u00edsica - Feiasofi","og_description":"Sociedad Mexicana de F\u00edsica Presidente:\u00a0\u00a0Dr. Oracio Navarroemail:\u00a0smf at ciencias dot unam dot mxWeb:\u00a0http:\/\/www.smf.mx Las finalidades y objetivos de la SMF, sin que persiga f\u00ednes de lucro son: Promover las actividades de investigaci\u00f3n, ense\u00f1anza, difusi\u00f3n y divulgaci\u00f3n de la f\u00edsica y sus aplicaciones. Elevar la cultura y el inter\u00e9s general por la ciencia y en especial [&hellip;]","og_url":"https:\/\/feiasofi.net\/?page_id=8613","og_site_name":"Feiasofi","article_modified_time":"2025-11-26T16:17:12+00:00","og_image":[{"width":105,"height":60,"url":"https:\/\/feiasofi.net\/wp-content\/uploads\/2025\/05\/flag_mexico.gif","type":"image\/gif"}],"twitter_card":"summary_large_image","twitter_misc":{"Tiempo de lectura":"1 minuto"},"schema":{"@context":"https:\/\/schema.org","@graph":[{"@type":"WebPage","@id":"https:\/\/feiasofi.net\/?page_id=8613","url":"https:\/\/feiasofi.net\/?page_id=8613","name":"Sociedad Mexicana de F\u00edsica - Feiasofi","isPartOf":{"@id":"https:\/\/feiasofi.net\/#website"},"primaryImageOfPage":{"@id":"https:\/\/feiasofi.net\/?page_id=8613#primaryimage"},"image":{"@id":"https:\/\/feiasofi.net\/?page_id=8613#primaryimage"},"thumbnailUrl":"https:\/\/feiasofi.net\/wp-content\/uploads\/2025\/05\/flag_mexico.gif","datePublished":"2025-05-12T13:18:15+00:00","dateModified":"2025-11-26T16:17:12+00:00","breadcrumb":{"@id":"https:\/\/feiasofi.net\/?page_id=8613#breadcrumb"},"inLanguage":"es","potentialAction":[{"@type":"ReadAction","target":["https:\/\/feiasofi.net\/?page_id=8613"]}]},{"@type":"ImageObject","inLanguage":"es","@id":"https:\/\/feiasofi.net\/?page_id=8613#primaryimage","url":"https:\/\/feiasofi.net\/wp-content\/uploads\/2025\/05\/flag_mexico.gif","contentUrl":"https:\/\/feiasofi.net\/wp-content\/uploads\/2025\/05\/flag_mexico.gif","width":105,"height":60},{"@type":"BreadcrumbList","@id":"https:\/\/feiasofi.net\/?page_id=8613#breadcrumb","itemListElement":[{"@type":"ListItem","position":1,"name":"Portada","item":"https:\/\/feiasofi.net\/"},{"@type":"ListItem","position":2,"name":"Sociedad Mexicana de F\u00edsica"}]},{"@type":"WebSite","@id":"https:\/\/feiasofi.net\/#website","url":"https:\/\/feiasofi.net\/","name":"Feiasofi","description":"","potentialAction":[{"@type":"SearchAction","target":{"@type":"EntryPoint","urlTemplate":"https:\/\/feiasofi.net\/?s={search_term_string}"},"query-input":{"@type":"PropertyValueSpecification","valueRequired":true,"valueName":"search_term_string"}}],"inLanguage":"es"}]}},"_links":{"self":[{"href":"https:\/\/feiasofi.net\/index.php?rest_route=\/wp\/v2\/pages\/8613","targetHints":{"allow":["GET"]}}],"collection":[{"href":"https:\/\/feiasofi.net\/index.php?rest_route=\/wp\/v2\/pages"}],"about":[{"href":"https:\/\/feiasofi.net\/index.php?rest_route=\/wp\/v2\/types\/page"}],"author":[{"embeddable":true,"href":"https:\/\/feiasofi.net\/index.php?rest_route=\/wp\/v2\/users\/1"}],"replies":[{"embeddable":true,"href":"https:\/\/feiasofi.net\/index.php?rest_route=%2Fwp%2Fv2%2Fcomments&post=8613"}],"version-history":[{"count":12,"href":"https:\/\/feiasofi.net\/index.php?rest_route=\/wp\/v2\/pages\/8613\/revisions"}],"predecessor-version":[{"id":9105,"href":"https:\/\/feiasofi.net\/index.php?rest_route=\/wp\/v2\/pages\/8613\/revisions\/9105"}],"wp:attachment":[{"href":"https:\/\/feiasofi.net\/index.php?rest_route=%2Fwp%2Fv2%2Fmedia&parent=8613"}],"curies":[{"name":"wp","href":"https:\/\/api.w.org\/{rel}","templated":true}]}}