{"id":8658,"date":"2025-05-12T13:41:35","date_gmt":"2025-05-12T13:41:35","guid":{"rendered":"https:\/\/feiasofi.net\/?page_id=8658"},"modified":"2025-11-26T16:19:53","modified_gmt":"2025-11-26T16:19:53","slug":"sociedad-portuguesa-de-fisica","status":"publish","type":"page","link":"https:\/\/feiasofi.net\/?page_id=8658","title":{"rendered":"Sociedad Portuguesa de F\u00edsica"},"content":{"rendered":"\t\t<div data-elementor-type=\"wp-page\" data-elementor-id=\"8658\" class=\"elementor elementor-8658\">\n\t\t\t\t<div class=\"elementor-element elementor-element-a339cac e-flex e-con-boxed e-con e-parent\" data-id=\"a339cac\" data-element_type=\"container\" data-e-type=\"container\">\n\t\t\t\t\t<div class=\"e-con-inner\">\n\t\t\t\t<div class=\"elementor-element elementor-element-7683c4a elementor-widget elementor-widget-heading\" data-id=\"7683c4a\" data-element_type=\"widget\" data-e-type=\"widget\" data-widget_type=\"heading.default\">\n\t\t\t\t<div class=\"elementor-widget-container\">\n\t\t\t\t\t<h2 class=\"elementor-heading-title elementor-size-default\">Sociedad Portuguesa de F\u00edsica<\/h2>\t\t\t\t<\/div>\n\t\t\t\t<\/div>\n\t\t\t\t\t<\/div>\n\t\t\t\t<\/div>\n\t\t<div class=\"elementor-element elementor-element-dff0ac1 e-flex e-con-boxed e-con e-parent\" data-id=\"dff0ac1\" data-element_type=\"container\" data-e-type=\"container\">\n\t\t\t\t\t<div class=\"e-con-inner\">\n\t\t<div class=\"elementor-element elementor-element-3afcf52 e-con-full e-flex e-con e-child\" data-id=\"3afcf52\" data-element_type=\"container\" data-e-type=\"container\">\n\t\t\t\t<div class=\"elementor-element elementor-element-2b59439 elementor-widget elementor-widget-image\" data-id=\"2b59439\" data-element_type=\"widget\" data-e-type=\"widget\" data-widget_type=\"image.default\">\n\t\t\t\t<div class=\"elementor-widget-container\">\n\t\t\t\t\t\t\t\t\t\t\t\t\t\t\t<img decoding=\"async\" width=\"90\" height=\"60\" src=\"https:\/\/feiasofi.net\/wp-content\/uploads\/2025\/05\/flag_portugal.gif\" class=\"attachment-large size-large wp-image-8663\" alt=\"\" \/>\t\t\t\t\t\t\t\t\t\t\t\t\t\t\t<\/div>\n\t\t\t\t<\/div>\n\t\t\t\t<\/div>\n\t\t<div class=\"elementor-element elementor-element-de191a7 e-con-full e-flex e-con e-child\" data-id=\"de191a7\" data-element_type=\"container\" data-e-type=\"container\">\n\t\t\t\t<div class=\"elementor-element elementor-element-b6e97a2 elementor-widget elementor-widget-text-editor\" data-id=\"b6e97a2\" data-element_type=\"widget\" data-e-type=\"widget\" data-widget_type=\"text-editor.default\">\n\t\t\t\t<div class=\"elementor-widget-container\">\n\t\t\t\t\t\t\t\t\t<p><strong>Presidente<\/strong>: Dr. Pedro Morais Salgueiro Teixeira de Abreu<\/p><p><span style=\"font-weight: bolder;\">e-mail:\u00a0<\/span><a rel=\"noopener\">abreu at lip dot pt<\/a><\/p><p><strong>Web<\/strong>:\u00a0<a href=\"https:\/\/www.spf.pt\/\">Sociedade Portuguesa de F\u00edsica<\/a><\/p><p><strong>Tel\/Fax:<\/strong>\u00a0+351 217993665<br \/><strong>e-mail:\u00a0<\/strong><a href=\"mailto:spf@spf.pt\">spf at spf dot pt<\/a><\/p>\t\t\t\t\t\t\t\t<\/div>\n\t\t\t\t<\/div>\n\t\t\t\t<\/div>\n\t\t\t\t\t<\/div>\n\t\t\t\t<\/div>\n\t\t<div class=\"elementor-element elementor-element-38461df e-flex e-con-boxed e-con e-parent\" data-id=\"38461df\" data-element_type=\"container\" data-e-type=\"container\">\n\t\t\t\t\t<div class=\"e-con-inner\">\n\t\t<div class=\"elementor-element elementor-element-3ef3e6e e-con-full e-flex e-con e-child\" data-id=\"3ef3e6e\" data-element_type=\"container\" data-e-type=\"container\">\n\t\t\t\t<div class=\"elementor-element elementor-element-5dfdd20 elementor-widget-tablet__width-initial elementor-widget elementor-widget-text-editor\" data-id=\"5dfdd20\" data-element_type=\"widget\" data-e-type=\"widget\" data-widget_type=\"text-editor.default\">\n\t\t\t\t<div class=\"elementor-widget-container\">\n\t\t\t\t\t\t\t\t\t<h2>Secretariado Lisboa<\/h2><p>Sociedade Portuguesa de F\u00edsica<br \/>Avenida da Rep\u00fablica N\u00ba45 3\u00baEsq<br \/>1050 &#8211; 187 Lisboa<br \/>Portugal\u00a0<br \/>NIF: 501094628<\/p><p><em>Maria Jos\u00e9 Couceiro da Costa<\/em><br \/>Tel: 351 21 799 36 65\u00a0<\/p><p>.<\/p>\t\t\t\t\t\t\t\t<\/div>\n\t\t\t\t<\/div>\n\t\t\t\t<\/div>\n\t\t<div class=\"elementor-element elementor-element-2fa91a5 e-con-full e-flex e-con e-child\" data-id=\"2fa91a5\" data-element_type=\"container\" data-e-type=\"container\">\n\t\t\t\t<div class=\"elementor-element elementor-element-127dfd4 elementor-widget elementor-widget-text-editor\" data-id=\"127dfd4\" data-element_type=\"widget\" data-e-type=\"widget\" data-widget_type=\"text-editor.default\">\n\t\t\t\t<div class=\"elementor-widget-container\">\n\t\t\t\t\t\t\t\t\t<h2>Secretariado Porto<\/h2><p>Delega\u00e7\u00e3o Regional do Norte da SPF<br \/>Faculdade de Ci\u00eancias da Universidade do Porto<br \/>Departamento de F\u00edsica<br \/>R. do Campo Alegre, 687<br \/>4169-007 Porto<\/p><p>Isabel Alves<br \/>Tel: 351 22 0402442\/362<br \/>Fax: 351 22 0402406<\/p>\t\t\t\t\t\t\t\t<\/div>\n\t\t\t\t<\/div>\n\t\t\t\t<\/div>\n\t\t<div class=\"elementor-element elementor-element-66c638e e-con-full e-flex e-con e-child\" data-id=\"66c638e\" data-element_type=\"container\" data-e-type=\"container\">\n\t\t\t\t<div class=\"elementor-element elementor-element-9dc116f elementor-widget elementor-widget-text-editor\" data-id=\"9dc116f\" data-element_type=\"widget\" data-e-type=\"widget\" data-widget_type=\"text-editor.default\">\n\t\t\t\t<div class=\"elementor-widget-container\">\n\t\t\t\t\t\t\t\t\t<h2>Secretariado Coimbra\u00a0<\/h2><p>Delega\u00e7\u00e3o Regional do Centro da SPF<br \/>Faculdade de Ci\u00eancias e Tecnologia<br \/>Universidade de Coimbra<br \/>Departamento de F\u00edsica<br \/>Rua Larga<br \/>3004-516 Coimbra<\/p><p>Cristina Silva\u00a0<br \/>Tel: 351 239410683<br \/>Fax: 351 239892958<\/p>\t\t\t\t\t\t\t\t<\/div>\n\t\t\t\t<\/div>\n\t\t\t\t<\/div>\n\t\t\t\t\t<\/div>\n\t\t\t\t<\/div>\n\t\t<div class=\"elementor-element elementor-element-9d53be6 e-flex e-con-boxed e-con e-parent\" data-id=\"9d53be6\" data-element_type=\"container\" data-e-type=\"container\">\n\t\t\t\t\t<div class=\"e-con-inner\">\n\t\t\t\t<div class=\"elementor-element elementor-element-45c67b2 elementor-widget elementor-widget-text-editor\" data-id=\"45c67b2\" data-element_type=\"widget\" data-e-type=\"widget\" data-widget_type=\"text-editor.default\">\n\t\t\t\t<div class=\"elementor-widget-container\">\n\t\t\t\t\t\t\t\t\t<div><p>Em 28 de Dezembro de 1911 funda-se, no Porto, uma sociedade cient\u00edfica denominada, Sociedade Portuguesa de Qu\u00edmica (SPQ). Esta iniciativa, intimamente relacionada com a publica\u00e7\u00e3o da Revista de Qu\u00edmica Pura e Aplicada foi levada a cabo por um pequeno grupo de cientistas portugueses, o mais ilustre dos quais ter\u00e1 sido Ferreira da Silva que foi, tamb\u00e9m, o primeiro presidente da Sociedade.<br \/><br \/>Devido \u00e0 crescente import\u00e2ncia da F\u00edsica, em 1926 a SPQ passa a designar-se Sociedade Portuguesa de Qu\u00edmica e F\u00edsica, situa\u00e7\u00e3o que durou at\u00e9 Fevereiro de 1974 quando esta sociedade se dividiu na Sociedade Portuguesa de Qu\u00edmica e na Sociedade Portuguesa de F\u00edsica.<br \/><br \/>Em Outubro de 1946 tem in\u00edcio a publica\u00e7\u00e3o da Gazeta de F\u00edsica, como uma revista de divulga\u00e7\u00e3o da F\u00edsica destinada aos F\u00edsicos e aos professores de F\u00edsica. Apesar dos esfor\u00e7os dos seus Directores nem sempre foi f\u00e1cil garantir a regularidade da sua publica\u00e7\u00e3o. Finalmente, ap\u00f3s a forma\u00e7\u00e3o da SPF, a Gazeta foi integrada na sociedade, constituindo-se como o seu \u00f3rg\u00e3o oficial. Os volumes mais recentes podem ser consultados\u00a0<a href=\"https:\/\/&quot;http\/nautilus.fis.uc.pt\/~gazeta\/%22\" target=\"\\&quot;_blank\\&quot;\"><strong>aqui<\/strong>,<\/a>onde est\u00e3o tamb\u00e9m dispon\u00edveis os \u00edndices de todos os n\u00fameros.<br \/><br \/>Uma outra revista, denominada Portugaliae Physica, dedicada \u00e0 publica\u00e7\u00e3o em ingl\u00eas ou franc\u00eas de trabalhos originais de \u00edndole te\u00f3rica, experimental ou aplicada, foi fundada em 1943 e integrada em 1979 na SPF. Desta revista foram publicados 16 volumes de 4 fasc\u00edculos at\u00e9 \u00e0 sua integra\u00e7\u00e3o, em 1999, no European Physical Journal. Anteriormente, em 1987 a SPF j\u00e1 tinha participado, em colabora\u00e7\u00e3o com a EPS e com outras sociedades de F\u00edsica, na constitui\u00e7\u00e3o da sociedade editora do Europhysics Letters.<br \/><br \/>Em Lisboa, a 23 e 24 de Fevereiro de 1978, teve lugar na Funda\u00e7\u00e3o Calouste Gulbenkian a primeira reuni\u00e3o geral da SPF. Estas reuni\u00f5es tem continuado a ser realizadas cada dois anos. A primeira reuni\u00e3o internacional, com o patroc\u00ednio da EPS, teve tamb\u00e9m lugar em Lisboa em 1981. Tratou-se da reuni\u00e3o da Divis\u00e3o de F\u00edsica de Part\u00edculas e Altas Energias.<br \/><br \/>A 24 de Fevereiro de 1977 \u00e9 inaugurada, em Lisboa, a actual sede da SPF, partilhada com a Sociedade Portuguesa de Qu\u00edmica e com a Sociedade Portuguesa de Matem\u00e1tica.<\/p><\/div>\t\t\t\t\t\t\t\t<\/div>\n\t\t\t\t<\/div>\n\t\t\t\t\t<\/div>\n\t\t\t\t<\/div>\n\t\t\t\t<\/div>\n\t\t","protected":false},"excerpt":{"rendered":"<p>Sociedad Portuguesa de F\u00edsica Presidente: Dr. Pedro Morais Salgueiro Teixeira de Abreu e-mail:\u00a0abreu at lip dot pt Web:\u00a0Sociedade Portuguesa de F\u00edsica Tel\/Fax:\u00a0+351 217993665e-mail:\u00a0spf at spf dot pt Secretariado Lisboa Sociedade Portuguesa de F\u00edsicaAvenida da Rep\u00fablica N\u00ba45 3\u00baEsq1050 &#8211; 187 LisboaPortugal\u00a0NIF: 501094628 Maria Jos\u00e9 Couceiro da CostaTel: 351 21 799 36 65\u00a0 . Secretariado Porto Delega\u00e7\u00e3o [&hellip;]<\/p>\n","protected":false},"author":1,"featured_media":0,"parent":0,"menu_order":0,"comment_status":"closed","ping_status":"closed","template":"elementor_header_footer","meta":{"footnotes":""},"class_list":["post-8658","page","type-page","status-publish","hentry"],"yoast_head":"<!-- This site is optimized with the Yoast SEO plugin v27.1.1 - https:\/\/yoast.com\/product\/yoast-seo-wordpress\/ -->\n<title>Sociedad Portuguesa de F\u00edsica - Feiasofi<\/title>\n<meta name=\"robots\" content=\"index, follow, max-snippet:-1, max-image-preview:large, max-video-preview:-1\" \/>\n<link rel=\"canonical\" href=\"https:\/\/feiasofi.net\/?page_id=8658\" \/>\n<meta property=\"og:locale\" content=\"es_ES\" \/>\n<meta property=\"og:type\" content=\"article\" \/>\n<meta property=\"og:title\" content=\"Sociedad Portuguesa de F\u00edsica - Feiasofi\" \/>\n<meta property=\"og:description\" content=\"Sociedad Portuguesa de F\u00edsica Presidente: Dr. Pedro Morais Salgueiro Teixeira de Abreu e-mail:\u00a0abreu at lip dot pt Web:\u00a0Sociedade Portuguesa de F\u00edsica Tel\/Fax:\u00a0+351 217993665e-mail:\u00a0spf at spf dot pt Secretariado Lisboa Sociedade Portuguesa de F\u00edsicaAvenida da Rep\u00fablica N\u00ba45 3\u00baEsq1050 &#8211; 187 LisboaPortugal\u00a0NIF: 501094628 Maria Jos\u00e9 Couceiro da CostaTel: 351 21 799 36 65\u00a0 . Secretariado Porto Delega\u00e7\u00e3o [&hellip;]\" \/>\n<meta property=\"og:url\" content=\"https:\/\/feiasofi.net\/?page_id=8658\" \/>\n<meta property=\"og:site_name\" content=\"Feiasofi\" \/>\n<meta property=\"article:modified_time\" content=\"2025-11-26T16:19:53+00:00\" \/>\n<meta property=\"og:image\" content=\"https:\/\/feiasofi.net\/wp-content\/uploads\/2025\/05\/flag_portugal.gif\" \/>\n\t<meta property=\"og:image:width\" content=\"90\" \/>\n\t<meta property=\"og:image:height\" content=\"60\" \/>\n\t<meta property=\"og:image:type\" content=\"image\/gif\" \/>\n<meta name=\"twitter:card\" content=\"summary_large_image\" \/>\n<meta name=\"twitter:label1\" content=\"Tiempo de lectura\" \/>\n\t<meta name=\"twitter:data1\" content=\"3 minutos\" \/>\n<script type=\"application\/ld+json\" class=\"yoast-schema-graph\">{\"@context\":\"https:\/\/schema.org\",\"@graph\":[{\"@type\":\"WebPage\",\"@id\":\"https:\/\/feiasofi.net\/?page_id=8658\",\"url\":\"https:\/\/feiasofi.net\/?page_id=8658\",\"name\":\"Sociedad Portuguesa de F\u00edsica - Feiasofi\",\"isPartOf\":{\"@id\":\"https:\/\/feiasofi.net\/#website\"},\"primaryImageOfPage\":{\"@id\":\"https:\/\/feiasofi.net\/?page_id=8658#primaryimage\"},\"image\":{\"@id\":\"https:\/\/feiasofi.net\/?page_id=8658#primaryimage\"},\"thumbnailUrl\":\"https:\/\/feiasofi.net\/wp-content\/uploads\/2025\/05\/flag_portugal.gif\",\"datePublished\":\"2025-05-12T13:41:35+00:00\",\"dateModified\":\"2025-11-26T16:19:53+00:00\",\"breadcrumb\":{\"@id\":\"https:\/\/feiasofi.net\/?page_id=8658#breadcrumb\"},\"inLanguage\":\"es\",\"potentialAction\":[{\"@type\":\"ReadAction\",\"target\":[\"https:\/\/feiasofi.net\/?page_id=8658\"]}]},{\"@type\":\"ImageObject\",\"inLanguage\":\"es\",\"@id\":\"https:\/\/feiasofi.net\/?page_id=8658#primaryimage\",\"url\":\"https:\/\/feiasofi.net\/wp-content\/uploads\/2025\/05\/flag_portugal.gif\",\"contentUrl\":\"https:\/\/feiasofi.net\/wp-content\/uploads\/2025\/05\/flag_portugal.gif\",\"width\":90,\"height\":60},{\"@type\":\"BreadcrumbList\",\"@id\":\"https:\/\/feiasofi.net\/?page_id=8658#breadcrumb\",\"itemListElement\":[{\"@type\":\"ListItem\",\"position\":1,\"name\":\"Portada\",\"item\":\"https:\/\/feiasofi.net\/\"},{\"@type\":\"ListItem\",\"position\":2,\"name\":\"Sociedad Portuguesa de F\u00edsica\"}]},{\"@type\":\"WebSite\",\"@id\":\"https:\/\/feiasofi.net\/#website\",\"url\":\"https:\/\/feiasofi.net\/\",\"name\":\"Feiasofi\",\"description\":\"\",\"potentialAction\":[{\"@type\":\"SearchAction\",\"target\":{\"@type\":\"EntryPoint\",\"urlTemplate\":\"https:\/\/feiasofi.net\/?s={search_term_string}\"},\"query-input\":{\"@type\":\"PropertyValueSpecification\",\"valueRequired\":true,\"valueName\":\"search_term_string\"}}],\"inLanguage\":\"es\"}]}<\/script>\n<!-- \/ Yoast SEO plugin. -->","yoast_head_json":{"title":"Sociedad Portuguesa de F\u00edsica - Feiasofi","robots":{"index":"index","follow":"follow","max-snippet":"max-snippet:-1","max-image-preview":"max-image-preview:large","max-video-preview":"max-video-preview:-1"},"canonical":"https:\/\/feiasofi.net\/?page_id=8658","og_locale":"es_ES","og_type":"article","og_title":"Sociedad Portuguesa de F\u00edsica - Feiasofi","og_description":"Sociedad Portuguesa de F\u00edsica Presidente: Dr. Pedro Morais Salgueiro Teixeira de Abreu e-mail:\u00a0abreu at lip dot pt Web:\u00a0Sociedade Portuguesa de F\u00edsica Tel\/Fax:\u00a0+351 217993665e-mail:\u00a0spf at spf dot pt Secretariado Lisboa Sociedade Portuguesa de F\u00edsicaAvenida da Rep\u00fablica N\u00ba45 3\u00baEsq1050 &#8211; 187 LisboaPortugal\u00a0NIF: 501094628 Maria Jos\u00e9 Couceiro da CostaTel: 351 21 799 36 65\u00a0 . Secretariado Porto Delega\u00e7\u00e3o [&hellip;]","og_url":"https:\/\/feiasofi.net\/?page_id=8658","og_site_name":"Feiasofi","article_modified_time":"2025-11-26T16:19:53+00:00","og_image":[{"width":90,"height":60,"url":"https:\/\/feiasofi.net\/wp-content\/uploads\/2025\/05\/flag_portugal.gif","type":"image\/gif"}],"twitter_card":"summary_large_image","twitter_misc":{"Tiempo de lectura":"3 minutos"},"schema":{"@context":"https:\/\/schema.org","@graph":[{"@type":"WebPage","@id":"https:\/\/feiasofi.net\/?page_id=8658","url":"https:\/\/feiasofi.net\/?page_id=8658","name":"Sociedad Portuguesa de F\u00edsica - Feiasofi","isPartOf":{"@id":"https:\/\/feiasofi.net\/#website"},"primaryImageOfPage":{"@id":"https:\/\/feiasofi.net\/?page_id=8658#primaryimage"},"image":{"@id":"https:\/\/feiasofi.net\/?page_id=8658#primaryimage"},"thumbnailUrl":"https:\/\/feiasofi.net\/wp-content\/uploads\/2025\/05\/flag_portugal.gif","datePublished":"2025-05-12T13:41:35+00:00","dateModified":"2025-11-26T16:19:53+00:00","breadcrumb":{"@id":"https:\/\/feiasofi.net\/?page_id=8658#breadcrumb"},"inLanguage":"es","potentialAction":[{"@type":"ReadAction","target":["https:\/\/feiasofi.net\/?page_id=8658"]}]},{"@type":"ImageObject","inLanguage":"es","@id":"https:\/\/feiasofi.net\/?page_id=8658#primaryimage","url":"https:\/\/feiasofi.net\/wp-content\/uploads\/2025\/05\/flag_portugal.gif","contentUrl":"https:\/\/feiasofi.net\/wp-content\/uploads\/2025\/05\/flag_portugal.gif","width":90,"height":60},{"@type":"BreadcrumbList","@id":"https:\/\/feiasofi.net\/?page_id=8658#breadcrumb","itemListElement":[{"@type":"ListItem","position":1,"name":"Portada","item":"https:\/\/feiasofi.net\/"},{"@type":"ListItem","position":2,"name":"Sociedad Portuguesa de F\u00edsica"}]},{"@type":"WebSite","@id":"https:\/\/feiasofi.net\/#website","url":"https:\/\/feiasofi.net\/","name":"Feiasofi","description":"","potentialAction":[{"@type":"SearchAction","target":{"@type":"EntryPoint","urlTemplate":"https:\/\/feiasofi.net\/?s={search_term_string}"},"query-input":{"@type":"PropertyValueSpecification","valueRequired":true,"valueName":"search_term_string"}}],"inLanguage":"es"}]}},"_links":{"self":[{"href":"https:\/\/feiasofi.net\/index.php?rest_route=\/wp\/v2\/pages\/8658","targetHints":{"allow":["GET"]}}],"collection":[{"href":"https:\/\/feiasofi.net\/index.php?rest_route=\/wp\/v2\/pages"}],"about":[{"href":"https:\/\/feiasofi.net\/index.php?rest_route=\/wp\/v2\/types\/page"}],"author":[{"embeddable":true,"href":"https:\/\/feiasofi.net\/index.php?rest_route=\/wp\/v2\/users\/1"}],"replies":[{"embeddable":true,"href":"https:\/\/feiasofi.net\/index.php?rest_route=%2Fwp%2Fv2%2Fcomments&post=8658"}],"version-history":[{"count":10,"href":"https:\/\/feiasofi.net\/index.php?rest_route=\/wp\/v2\/pages\/8658\/revisions"}],"predecessor-version":[{"id":9117,"href":"https:\/\/feiasofi.net\/index.php?rest_route=\/wp\/v2\/pages\/8658\/revisions\/9117"}],"wp:attachment":[{"href":"https:\/\/feiasofi.net\/index.php?rest_route=%2Fwp%2Fv2%2Fmedia&parent=8658"}],"curies":[{"name":"wp","href":"https:\/\/api.w.org\/{rel}","templated":true}]}}